-- https://www.phpmyadmin.net/
--

START TRANSACTION;



--
-- Database: `sahlapps_sahlapp`
--

-- --------------------------------------------------------

--
-- Table structure for table `accounts`
--

CREATE TABLE `accounts` (
  `id` char(36) COLLATE utf8mb4_unicode_ci NOT NULL,
  `user_id` char(36) COLLATE utf8mb4_unicode_ci DEFAULT NULL,
  `balance_pending` decimal(24,2) NOT NULL DEFAULT '0.00',
  `received_balance` decimal(24,2) NOT NULL DEFAULT '0.00',
  `account_payable` decimal(24,2) NOT NULL DEFAULT '0.00',
  `account_receivable` decimal(24,2) NOT NULL DEFAULT '0.00',
  `total_withdrawn` decimal(24,2) NOT NULL DEFAULT '0.00',
  `total_expense` decimal(24,2) NOT NULL DEFAULT '0.00',
  `created_at` timestamp NULL DEFAULT NULL,
  `updated_at` timestamp NULL DEFAULT NULL
) ENGINE=InnoDB DEFAULT CHARSET=utf8mb4 COLLATE=utf8mb4_unicode_ci;

--
-- Dumping data for table `accounts`
--

INSERT INTO `accounts` (`id`, `user_id`, `balance_pending`, `received_balance`, `account_payable`, `account_receivable`, `total_withdrawn`, `total_expense`, `created_at`, `updated_at`) VALUES
('033f9858-b979-4473-84bd-4e2e0cd092d0', '2ee2adb9-8c94-4792-a685-ee78f9029745', 0.00, 0.00, 0.00, 0.00, 0.00, 0.00, '2025-07-15 09:39:17', '2025-07-15 09:39:17'),
('06776e20-ce46-4554-9dfa-18da6f8f0de5', 'cd1ac870-9db1-4515-bae2-51da50e5a75b', 0.00, 0.00, 0.00, 0.00, 0.00, 0.00, '2025-03-28 11:18:36', '2025-03-28 11:18:36'),
('16070051-c6e5-428c-84f9-a617079bf4e6', '4923f489-707c-4679-99af-5f90c6e66fd2', 0.00, 0.00, 0.00, 0.00, 0.00, 0.00, '2025-03-28 09:56:29', '2025-03-28 09:56:29'),
('2b58bc3d-1083-4fdf-9fdd-337001496329', 'fe775649-8563-4364-9332-a825f006cfec', 0.00, 0.00, 0.00, 0.00, 0.00, 0.00, '2025-03-28 07:21:42', '2025-03-28 07:21:42'),
('337d7f40-b233-43b0-9233-f424438a323d', '9bd64b15-124a-483b-9f73-bffc3d46fe3d', 0.00, 0.00, 0.00, 0.00, 0.00, 0.00, '2025-03-28 09:23:50', '2025-03-28 09:23:50'),
('337e3b16-df05-44fa-80bd-08bac55717a6', 'b0919aeb-c7dd-4a1e-a884-97cf538dde2e', 0.00, 0.00, 0.00, 0.00, 0.00, 0.00, '2025-02-22 13:13:52', '2025-02-22 13:13:52'),
('3538aa94-71c3-40a5-80e7-646d4257e7b3', '87d8b541-bc83-4b2f-8504-7d58d9c7c601', 0.00, 0.00, 0.00, 0.00, 0.00, 0.00, '2025-06-26 08:00:20', '2025-06-26 08:00:20'),
('3e7d1ac5-d27c-4318-a3dc-7a12df993fd9', '1ec98165-1c8f-4dfd-9db7-eb43e45bc801', 0.00, 0.00, 0.00, 0.00, 0.00, 0.00, '2025-03-28 10:24:08', '2025-03-28 10:24:08'),
('401ee103-da0f-4379-88d9-d6d061a565f4', '3efa7baa-a5fb-4a4f-be5b-bc535c7ccdd8', 210.00, 200.00, 0.00, 10.00, 0.00, 0.00, '2025-02-20 03:21:17', '2025-07-23 07:06:17'),
('42ccd7fa-8a5d-47ce-9923-1d246f98c943', 'd4bd0c90-c667-4938-a96c-e8ba6d118312', 0.00, 0.00, 0.00, 0.00, 0.00, 0.00, '2025-04-27 04:13:54', '2025-04-27 04:13:54'),
('4dd8c32a-1c27-4651-a094-7322aea8422b', '2d69016c-ca73-4481-86e6-b504d3c57cb1', 0.00, 218.28, 0.00, 0.00, 0.00, 0.00, '2025-02-21 13:54:11', '2025-02-22 18:33:26'),
('528847dd-41fd-496f-bbb2-af6a7bf0984e', '912faeb6-602f-4d0d-8c48-f99e06bc8f81', 0.00, 0.00, 0.00, 0.00, 0.00, 0.00, '2025-07-15 10:25:50', '2025-07-15 10:25:50'),
('596b0e29-2c65-47e4-acaf-7f643daac3e9', 'e481d139-3705-4e1f-8c28-7a27dfce1de9', 0.00, 0.00, 0.00, 0.00, 0.00, 0.00, '2025-06-26 08:02:52', '2025-06-26 08:02:52'),
('5c74b62b-1d87-4510-8f99-be9133eabcf8', 'c843fff0-ffb6-4047-ae28-d1acd00e9090', 0.00, 0.00, 0.00, 0.00, 0.00, 0.00, '2025-03-24 14:25:33', '2025-03-24 14:25:33'),
('5f1e0bac-2e4f-40a5-ba5e-9439ee4d3eab', '129fbcd5-7d1f-4e04-b3ed-13216a76d0ad', 0.00, 0.00, 0.00, 0.00, 0.00, 0.00, '2025-07-16 05:30:41', '2025-07-16 05:30:41'),
('69f6d24f-bd06-42c3-ab13-e8ba258279b9', '09d6bdaf-9f91-472f-b59d-31d242e2a79f', 0.00, 0.00, 0.00, 0.00, 0.00, 0.00, '2025-03-28 12:06:02', '2025-03-28 12:06:02'),
('72534416-595f-4ed8-ac2d-c49324813b5a', 'c0e6ce6e-44cb-42c4-9504-f41df862db7a', 0.00, 0.00, 0.00, 0.00, 0.00, 0.00, '2025-03-28 10:53:15', '2025-03-28 10:53:15'),
('72634308-78a7-41b4-86b2-bf8d0b7c2ba8', '4b9b27f1-43e4-4d8a-9d70-ee4ba4e0c421', 0.00, 0.00, 0.00, 0.00, 0.00, 0.00, '2025-04-15 22:59:13', '2025-04-15 22:59:13'),
('761aa019-dec9-4abd-975f-f0de7f3dac28', '66fd43e6-4359-42d4-96b9-48442340b696', 0.00, 0.00, 0.00, 0.00, 0.00, 0.00, '2025-03-28 07:10:05', '2025-03-28 07:10:05'),
('7a43d9ef-1bab-42c0-80c9-50fd1706a797', '6de0e1da-d440-4e34-9096-232e3af9fe9b', 0.00, 0.00, 0.00, 0.00, 0.00, 0.00, '2025-07-23 02:07:38', '2025-07-23 02:07:38'),
('82780838-3d36-44d0-ad3d-1689eca5c97c', '063fb92c-e689-436a-be65-0321621ebbf8', 0.00, 0.00, 0.00, 0.00, 0.00, 0.00, '2025-04-14 17:23:17', '2025-04-14 17:23:17'),
('84a31d6b-da2d-4f26-a984-9112a51831b7', 'baa727a8-cc50-4ea6-910e-bc07323909ac', 0.00, 0.00, 0.00, 0.00, 0.00, 0.00, '2025-03-15 09:42:11', '2025-03-15 09:42:11'),
('852c1394-d39b-442a-ac7f-890cfa6214ea', '10a1bb2c-c8f2-4bdd-9d7e-4468fe896a6e', 0.00, 0.00, 0.00, 0.00, 0.00, 0.00, '2025-05-01 16:36:36', '2025-05-01 16:36:36'),
('979ad179-17e6-4345-8902-7f99a61c4ab4', '035cd1b7-105c-47aa-b0a7-852eb35860ea', 0.00, 0.00, 0.00, 0.00, 0.00, 0.00, '2025-02-22 16:05:39', '2025-02-22 16:05:39'),
('9a6688e6-603b-43f9-a334-1e75255194eb', '2fa389c3-af01-4e63-9f17-0510cc8c4850', 0.00, 0.00, 0.00, 0.00, 0.00, 0.00, '2025-04-14 17:07:50', '2025-04-14 17:07:50'),
('a528e015-1e5a-4456-9381-286cb616462d', '51f3abfc-a451-47a5-ba06-6961edb546a3', 0.00, 0.00, 0.00, 0.00, 0.00, 0.00, '2025-02-22 17:24:09', '2025-02-22 17:24:09'),
('abb9c65f-7f85-4d14-a386-21c891ba7c6b', '5b137004-e9f8-4f3b-baf3-7c3d83a282c4', 0.00, 0.00, 0.00, 0.00, 0.00, 0.00, '2025-07-15 08:55:48', '2025-07-15 08:55:48'),
('ae7516a6-98de-4e20-854b-d4eaba2a6e2a', 'e0ff6d41-84be-404f-b2a8-a0a809167a2e', 0.00, 0.00, 0.00, 0.00, 0.00, 0.00, '2025-03-28 07:13:42', '2025-03-28 07:13:42'),
('b07b8c56-1336-4a46-9ede-dc5010497207', '9a797ec3-984a-444a-a4be-b86bd6224d8b', 0.00, 0.00, 0.00, 0.00, 0.00, 0.00, '2025-03-09 19:27:11', '2025-03-09 19:27:11'),
('b83bb0e2-d081-4264-aefd-1526ba0ba0d3', '86c492da-a2ec-45d5-b3f3-efb895dacacc', 0.00, 0.00, 0.00, 0.00, 0.00, 0.00, '2025-06-26 02:49:14', '2025-06-26 02:49:14'),
('ba4e78e0-36fd-4235-b7fa-5477a394bdd1', '03b98442-3ee8-40ee-80ba-23712b14a80f', 0.00, 0.00, 0.00, 0.00, 0.00, 0.00, '2025-07-06 05:53:14', '2025-07-06 05:53:14'),
('ba643912-a0b5-4717-9984-5be4f2ad23bc', '3bfe09c9-152f-456a-9386-a7809a37ffd5', 0.00, 42.50, 10.00, 0.00, 0.00, 0.00, '2025-04-19 01:42:42', '2025-05-17 22:15:17'),
('c11e7755-237a-4f5f-8bf3-7361e3264e62', 'cf5a82c2-59d4-434f-91cc-147743ee3e9a', 0.00, 0.00, 0.00, 0.00, 0.00, 0.00, '2025-02-21 23:07:10', '2025-02-21 23:07:10'),
('c2262fca-5f5f-41da-b14e-b9d2a8f36ca8', '5269f960-4157-4b4c-b517-e930b45e64f9', 0.00, 0.00, 0.00, 0.00, 0.00, 0.00, '2025-04-14 16:51:42', '2025-04-14 16:51:42'),
('c6ad59fe-04b5-421a-94b5-e06ca8c9a97e', '6f34ff1c-8bc8-42c2-a047-60d3fbfbe2c4', 0.00, 0.00, 0.00, 0.00, 0.00, 0.00, '2025-03-27 08:30:12', '2025-03-27 08:30:12'),
('c98976bf-4c0f-4529-aee0-d4923d7a7a29', 'fb74c332-aefc-406a-8358-11c7ab83a5d2', 0.00, 0.00, 0.00, 0.00, 0.00, 0.00, '2025-04-15 22:46:42', '2025-04-15 22:46:42'),
('cd6285e4-f236-4723-8eb5-575df512e6b5', '9c952feb-309d-4efb-8c59-05d7b18a8c6b', 0.00, 0.00, 0.00, 0.00, 0.00, 0.00, '2025-05-15 05:23:22', '2025-05-15 05:23:22'),
('cd8cb8fb-39bf-473b-a4a2-413a5b7ab0ff', 'b7c3e9e6-23ef-487b-aed7-f3018412320b', 0.00, 0.00, 0.00, 0.00, 0.00, 0.00, '2025-07-06 04:20:26', '2025-07-06 04:20:26'),
('ce2f019a-a267-458f-8343-44892ed69115', 'f4fbe3c9-de15-4be6-a0c2-e33ee4cb6024', 0.00, 0.00, 0.00, 0.00, 0.00, 0.00, '2025-03-28 10:02:20', '2025-03-28 10:02:20'),
('d61e8709-7b97-4f87-87f3-5a5859d191b6', '5f9f07b6-3246-470f-b4ca-020daae2d59a', 0.00, 0.00, 0.00, 0.00, 0.00, 0.00, '2025-07-15 10:13:36', '2025-07-15 10:13:36'),
('d796c2f1-82fb-4bbd-8841-bc192a28e30f', '5061a8c2-5e46-43ec-ab67-1465874c2932', 0.00, 0.00, 0.00, 0.00, 0.00, 0.00, '2025-03-15 09:44:21', '2025-03-15 09:44:21'),
('d7ee88e0-e554-4e3c-9d96-ed6cda963c19', '306e1a30-fcbc-4d4a-b64c-f85adcfcec85', 0.00, 0.00, 0.00, 0.00, 0.00, 0.00, '2025-03-28 09:11:27', '2025-03-28 09:11:27'),
('dd357ac3-376d-4f4b-809e-365477813abc', 'c1332b5d-d1b6-47ab-a941-f8b6d98315b6', 0.00, 0.00, 0.00, 0.00, 0.00, 0.00, '2025-04-16 12:06:19', '2025-04-16 12:06:19'),
('e32dd3a2-9fc3-41f0-9898-98d6871fa797', '5c6c683b-3a4b-4d1f-9d94-1ca6b6636446', 0.00, 0.00, 0.00, 0.00, 0.00, 0.00, '2025-03-20 08:29:18', '2025-03-20 08:29:18'),
('e9f36dad-fca4-49b4-b962-bd4c7db66283', '00c20be3-105d-4e1c-a100-6e0e4f2c5df7', 0.00, 0.00, 0.00, 0.00, 0.00, 0.00, '2025-06-26 08:06:29', '2025-06-26 08:06:29'),
('eda9c344-c295-4731-8ca1-bb26080c1113', 'd4e920b1-a074-430c-9139-d925bf2ca005', 0.00, 0.00, 0.00, 0.00, 0.00, 0.00, '2025-07-23 04:51:19', '2025-07-23 04:51:19'),
('efe1c797-0bd4-4daa-9ecf-59913efbc094', '7b2a2e9f-56a7-4576-aafd-5df06b3e0935', 0.00, 0.00, 0.00, 0.00, 0.00, 0.00, '2025-07-23 05:27:33', '2025-07-23 05:27:33');

-- --------------------------------------------------------

--
-- Table structure for table `added_to_carts`
--

CREATE TABLE `added_to_carts` (
  `id` bigint UNSIGNED NOT NULL,
  `user_id` char(36) COLLATE utf8mb4_unicode_ci NOT NULL,
  `service_id` char(36) COLLATE utf8mb4_unicode_ci NOT NULL,
  `count` int NOT NULL DEFAULT '0',
  `created_at` timestamp NULL DEFAULT NULL,
  `updated_at` timestamp NULL DEFAULT NULL,
  `is_guest` tinyint(1) NOT NULL DEFAULT '0'
) ENGINE=InnoDB DEFAULT CHARSET=utf8mb4 COLLATE=utf8mb4_unicode_ci;

--
-- Dumping data for table `added_to_carts`
--

INSERT INTO `added_to_carts` (`id`, `user_id`, `service_id`, `count`, `created_at`, `updated_at`, `is_guest`) VALUES
(1, 'ba1894c0-f014-11ef-b14f-6dddeb97ee26', '58428e58-56ad-4f00-a46c-24f2b303d98e', 1, '2025-02-21 18:45:06', '2025-02-21 18:45:06', 1),
(2, '51f3abfc-a451-47a5-ba06-6961edb546a3', '58428e58-56ad-4f00-a46c-24f2b303d98e', 4, '2025-02-22 17:25:49', '2025-02-22 18:31:16', 0),
(3, 'f0d3c490-f54a-11ef-90da-9f842e684f4c', '58428e58-56ad-4f00-a46c-24f2b303d98e', 11, '2025-03-10 07:24:26', '2025-03-20 09:57:05', 1),
(4, '5061a8c2-5e46-43ec-ab67-1465874c2932', '58428e58-56ad-4f00-a46c-24f2b303d98e', 4, '2025-03-15 09:45:21', '2025-03-15 09:50:42', 0),
(5, '5061a8c2-5e46-43ec-ab67-1465874c2932', '090fdf33-b560-4fa2-9696-5e3324e67f6f', 4, '2025-03-15 09:56:41', '2025-03-15 09:59:37', 0),
(6, 'f0d3c490-f54a-11ef-90da-9f842e684f4c', 'd63f1198-d6e1-4294-b1b4-758dc5f9047a', 2, '2025-03-20 10:05:20', '2025-03-21 06:45:45', 1),
(7, '66fd43e6-4359-42d4-96b9-48442340b696', 'd63f1198-d6e1-4294-b1b4-758dc5f9047a', 2, '2025-03-28 09:12:53', '2025-03-28 09:47:09', 0),
(8, '66fd43e6-4359-42d4-96b9-48442340b696', '58428e58-56ad-4f00-a46c-24f2b303d98e', 2, '2025-03-28 09:24:27', '2025-03-28 10:01:01', 0),
(9, '66fd43e6-4359-42d4-96b9-48442340b696', '090fdf33-b560-4fa2-9696-5e3324e67f6f', 1, '2025-03-28 09:25:25', '2025-03-28 09:25:25', 0),
(10, 'c1332b5d-d1b6-47ab-a941-f8b6d98315b6', 'd63f1198-d6e1-4294-b1b4-758dc5f9047a', 1, '2025-04-16 12:11:22', '2025-04-16 12:11:22', 0),
(11, 'c1332b5d-d1b6-47ab-a941-f8b6d98315b6', 'cbfdf2c8-7a0d-4f42-927f-ed376e2a013f', 1, '2025-05-12 23:04:54', '2025-05-12 23:04:54', 0),
(12, 'c1332b5d-d1b6-47ab-a941-f8b6d98315b6', '77a71d46-ea5c-4917-9ee5-e734819a567b', 1, '2025-05-13 00:38:03', '2025-05-13 00:38:03', 0),
(13, 'c1332b5d-d1b6-47ab-a941-f8b6d98315b6', '0955f250-b0c2-4d6f-af3a-90a8ca523aca', 1, '2025-05-13 04:09:01', '2025-05-13 04:09:01', 0),
(14, 'cff7cb70-538e-11f0-81e8-dd9e6c3f3266', '0955f250-b0c2-4d6f-af3a-90a8ca523aca', 1, '2025-06-28 09:20:05', '2025-06-28 09:20:05', 1),
(15, '00c20be3-105d-4e1c-a100-6e0e4f2c5df7', '0955f250-b0c2-4d6f-af3a-90a8ca523aca', 1, '2025-06-28 09:44:46', '2025-06-28 09:44:46', 0),
(16, 'fbe9b120-539e-11f0-a0cd-3fac7520b8fb', '0955f250-b0c2-4d6f-af3a-90a8ca523aca', 1, '2025-06-28 10:39:42', '2025-06-28 10:39:42', 1),
(17, 'c0e6ce6e-44cb-42c4-9504-f41df862db7a', '0955f250-b0c2-4d6f-af3a-90a8ca523aca', 3, '2025-07-05 09:04:51', '2025-07-05 09:05:09', 0),
(18, '52763500-5911-11f0-9657-898692d494fa', '0955f250-b0c2-4d6f-af3a-90a8ca523aca', 1, '2025-07-05 11:35:13', '2025-07-05 11:35:13', 1),
(19, '03b98442-3ee8-40ee-80ba-23712b14a80f', '0955f250-b0c2-4d6f-af3a-90a8ca523aca', 6, '2025-07-06 08:10:17', '2025-07-10 07:27:23', 0),
(20, 'e481d139-3705-4e1f-8c28-7a27dfce1de9', '0955f250-b0c2-4d6f-af3a-90a8ca523aca', 1, '2025-07-06 10:44:40', '2025-07-06 10:44:40', 0),
(21, '92061390-55c7-11f0-8c9c-dfb7e82f8fbc', '0955f250-b0c2-4d6f-af3a-90a8ca523aca', 1, '2025-07-10 07:10:34', '2025-07-10 07:10:34', 1);

-- --------------------------------------------------------

--
-- Table structure for table `addon_settings`
--

CREATE TABLE `addon_settings` (
  `id` char(36) COLLATE utf8mb4_unicode_ci NOT NULL,
  `key_name` varchar(191) COLLATE utf8mb4_unicode_ci DEFAULT NULL,
  `live_values` longtext COLLATE utf8mb4_unicode_ci,
  `test_values` longtext COLLATE utf8mb4_unicode_ci,
  `settings_type` varchar(255) COLLATE utf8mb4_unicode_ci DEFAULT NULL,
  `mode` varchar(20) COLLATE utf8mb4_unicode_ci NOT NULL DEFAULT 'live',
  `is_active` tinyint(1) NOT NULL DEFAULT '1',
  `created_at` timestamp NULL DEFAULT NULL,
  `updated_at` timestamp NULL DEFAULT NULL,
  `additional_data` longtext CHARACTER SET utf8mb4 COLLATE utf8mb4_bin
) ENGINE=InnoDB DEFAULT CHARSET=utf8mb4 COLLATE=utf8mb4_unicode_ci;

--
-- Dumping data for table `addon_settings`
--

INSERT INTO `addon_settings` (`id`, `key_name`, `live_values`, `test_values`, `settings_type`, `mode`, `is_active`, `created_at`, `updated_at`, `additional_data`) VALUES
('070c6bbd-d777-11ed-96f4-0c7a158e4469', 'twilio', '{\"gateway\":\"twilio\",\"mode\":\"live\",\"status\":\"0\",\"sid\":\"Sahl\",\"messaging_service_sid\":\"Sahl\",\"token\":\"Sahl\",\"from\":\"Sahl\",\"otp_template\":\"Sahl\"}', '{\"gateway\":\"twilio\",\"mode\":\"live\",\"status\":\"0\",\"sid\":\"Sahl\",\"messaging_service_sid\":\"Sahl\",\"token\":\"Sahl\",\"from\":\"Sahl\",\"otp_template\":\"Sahl\"}', 'sms_config', 'live', 0, NULL, '2025-03-28 10:56:05', NULL),
('070c766c-d777-11ed-96f4-0c7a158e4469', '2factor', '{\"gateway\":\"2factor\",\"mode\":\"live\",\"status\":0,\"api_key\":\"data\"}', '{\"gateway\":\"2factor\",\"mode\":\"live\",\"status\":0,\"api_key\":\"data\"}', 'sms_config', 'live', 0, NULL, '2025-03-28 10:54:13', NULL),
('0d8a9308-d6a5-11ed-962c-0c7a158e4469', 'mercadopago', '{\"gateway\":\"mercadopago\",\"mode\":\"test\",\"status\":\"0\",\"access_token\":\"data\",\"public_key\":\"data\"}', '{\"gateway\":\"mercadopago\",\"mode\":\"test\",\"status\":\"0\",\"access_token\":\"data\",\"public_key\":\"data\"}', 'payment_config', 'test', 0, NULL, '2023-08-27 11:57:11', '{\"gateway_title\":null,\"gateway_image\":\"2023-04-12-64367be3b7b6a.png\"}'),
('0d8a9e49-d6a5-11ed-962c-0c7a158e4469', 'liqpay', '{\"gateway\":\"liqpay\",\"mode\":\"test\",\"status\":\"0\",\"private_key\":\"data\",\"public_key\":\"data\"}', '{\"gateway\":\"liqpay\",\"mode\":\"test\",\"status\":\"0\",\"private_key\":\"data\",\"public_key\":\"data\"}', 'payment_config', 'test', 0, NULL, '2023-08-12 06:32:31', '{\"gateway_title\":null,\"gateway_image\":\"\"}'),
('101befdf-d44b-11ed-8564-0c7a158e4469', 'paypal', '{\"gateway\":\"paypal\",\"mode\":\"test\",\"status\":\"0\",\"client_id\":\"data\",\"client_secret\":\"data\"}', '{\"gateway\":\"paypal\",\"mode\":\"test\",\"status\":\"0\",\"client_id\":\"data\",\"client_secret\":\"data\"}', 'payment_config', 'test', 0, NULL, '2023-08-30 03:41:32', '{\"gateway_title\":null,\"gateway_image\":\"\"}'),
('133d9647-cabb-11ed-8fec-0c7a158e4469', 'hyper_pay', '{\"gateway\":\"hyper_pay\",\"mode\":\"test\",\"status\":\"0\",\"entity_id\":\"data\",\"access_code\":\"data\"}', '{\"gateway\":\"hyper_pay\",\"mode\":\"test\",\"status\":\"0\",\"entity_id\":\"data\",\"access_code\":\"data\"}', 'payment_config', 'test', 0, NULL, '2023-08-12 06:32:42', '{\"gateway_title\":null,\"gateway_image\":\"\"}'),
('1821029f-d776-11ed-96f4-0c7a158e4469', 'msg91', '{\"gateway\":\"msg91\",\"mode\":\"live\",\"status\":0,\"template_id\":\"data\",\"auth_key\":\"data\"}', '{\"gateway\":\"msg91\",\"mode\":\"live\",\"status\":0,\"template_id\":\"data\",\"auth_key\":\"data\"}', 'sms_config', 'live', 0, NULL, '2025-03-28 10:54:13', NULL),
('18210f2b-d776-11ed-96f4-0c7a158e4469', 'nexmo', '{\"gateway\":\"nexmo\",\"mode\":\"live\",\"status\":0,\"api_key\":\"\",\"api_secret\":\"\",\"token\":\"\",\"from\":\"\",\"otp_template\":\"\"}', '{\"gateway\":\"nexmo\",\"mode\":\"live\",\"status\":0,\"api_key\":\"\",\"api_secret\":\"\",\"token\":\"\",\"from\":\"\",\"otp_template\":\"\"}', 'sms_config', 'live', 0, NULL, '2025-03-28 10:54:13', NULL),
('18fbb21f-d6ad-11ed-962c-0c7a158e4469', 'foloosi', '{\"gateway\":\"foloosi\",\"mode\":\"test\",\"status\":\"0\",\"merchant_key\":\"data\"}', '{\"gateway\":\"foloosi\",\"mode\":\"test\",\"status\":\"0\",\"merchant_key\":\"data\"}', 'payment_config', 'test', 0, NULL, '2023-08-12 06:34:33', '{\"gateway_title\":null,\"gateway_image\":\"\"}'),
('2767d142-d6a1-11ed-962c-0c7a158e4469', 'paytm', '{\"gateway\":\"paytm\",\"mode\":\"test\",\"status\":\"0\",\"merchant_key\":\"data\",\"merchant_id\":\"data\",\"merchant_website_link\":\"data\"}', '{\"gateway\":\"paytm\",\"mode\":\"test\",\"status\":\"0\",\"merchant_key\":\"data\",\"merchant_id\":\"data\",\"merchant_website_link\":\"data\"}', 'payment_config', 'test', 0, NULL, '2025-02-21 13:58:59', '{\"gateway_title\":null,\"gateway_image\":\"\",\"storage\":\"public\"}'),
('3201d2e6-c937-11ed-a424-0c7a158e4469', 'amazon_pay', '{\"gateway\":\"amazon_pay\",\"mode\":\"test\",\"status\":\"0\",\"pass_phrase\":\"data\",\"access_code\":\"data\",\"merchant_identifier\":\"data\"}', '{\"gateway\":\"amazon_pay\",\"mode\":\"test\",\"status\":\"0\",\"pass_phrase\":\"data\",\"access_code\":\"data\",\"merchant_identifier\":\"data\"}', 'payment_config', 'test', 0, NULL, '2023-08-12 06:36:07', '{\"gateway_title\":null,\"gateway_image\":\"\"}'),
('4593b25c-d6a1-11ed-962c-0c7a158e4469', 'paytabs', '{\"gateway\":\"paytabs\",\"mode\":\"test\",\"status\":\"0\",\"profile_id\":\"data\",\"server_key\":\"data\",\"base_url\":\"data\"}', '{\"gateway\":\"paytabs\",\"mode\":\"test\",\"status\":\"0\",\"profile_id\":\"data\",\"server_key\":\"data\",\"base_url\":\"data\"}', 'payment_config', 'test', 0, NULL, '2023-08-12 06:34:51', '{\"gateway_title\":null,\"gateway_image\":\"\"}'),
('4e9b8dfb-e7d1-11ed-a559-0c7a158e4469', 'bkash', '{\"gateway\":\"bkash\",\"mode\":\"test\",\"status\":\"0\",\"app_key\":\"data\",\"app_secret\":\"data\",\"username\":\"data\",\"password\":\"data\"}', '{\"gateway\":\"bkash\",\"mode\":\"test\",\"status\":\"0\",\"app_key\":\"data\",\"app_secret\":\"data\",\"username\":\"data\",\"password\":\"data\"}', 'payment_config', 'test', 0, NULL, '2023-08-12 06:39:42', '{\"gateway_title\":null,\"gateway_image\":\"\"}'),
('544a24a4-c872-11ed-ac7a-0c7a158e4469', 'fatoorah', '{\"gateway\":\"fatoorah\",\"mode\":\"test\",\"status\":\"0\",\"api_key\":\"data\"}', '{\"gateway\":\"fatoorah\",\"mode\":\"test\",\"status\":\"0\",\"api_key\":\"data\"}', 'payment_config', 'test', 0, NULL, '2023-08-12 06:36:24', '{\"gateway_title\":null,\"gateway_image\":\"\"}'),
('58c1bc8a-d6ac-11ed-962c-0c7a158e4469', 'ccavenue', '{\"gateway\":\"ccavenue\",\"mode\":\"test\",\"status\":\"0\",\"merchant_id\":\"data\",\"working_key\":\"data\",\"access_code\":\"data\"}', '{\"gateway\":\"ccavenue\",\"mode\":\"test\",\"status\":\"0\",\"merchant_id\":\"data\",\"working_key\":\"data\",\"access_code\":\"data\"}', 'payment_config', 'test', 0, NULL, '2023-08-30 03:42:38', '{\"gateway_title\":null,\"gateway_image\":\"2023-04-13-643783f01d386.png\"}'),
('5e2d2ef9-d6ab-11ed-962c-0c7a158e4469', 'thawani', '{\"gateway\":\"thawani\",\"mode\":\"test\",\"status\":\"0\",\"public_key\":\"data\",\"private_key\":\"data\"}', '{\"gateway\":\"thawani\",\"mode\":\"test\",\"status\":\"0\",\"public_key\":\"data\",\"private_key\":\"data\"}', 'payment_config', 'test', 0, NULL, '2023-08-30 04:50:40', '{\"gateway_title\":null,\"gateway_image\":\"2023-04-13-64378f9856f29.png\"}'),
('60cc83cc-d5b9-11ed-b56f-0c7a158e4469', 'sixcash', '{\"gateway\":\"sixcash\",\"mode\":\"test\",\"status\":\"0\",\"public_key\":\"data\",\"secret_key\":\"data\",\"merchant_number\":\"data\",\"base_url\":\"data\"}', '{\"gateway\":\"sixcash\",\"mode\":\"test\",\"status\":\"0\",\"public_key\":\"data\",\"secret_key\":\"data\",\"merchant_number\":\"data\",\"base_url\":\"data\"}', 'payment_config', 'test', 0, NULL, '2023-08-30 04:16:17', '{\"gateway_title\":null,\"gateway_image\":\"2023-04-12-6436774e77ff9.png\"}'),
('68579846-d8e8-11ed-8249-0c7a158e4469', 'alphanet_sms', '{\"gateway\":\"alphanet_sms\",\"mode\":\"live\",\"status\":0,\"api_key\":\"\",\"otp_template\":\"\"}', '{\"gateway\":\"alphanet_sms\",\"mode\":\"live\",\"status\":0,\"api_key\":\"\",\"otp_template\":\"\"}', 'sms_config', 'live', 0, NULL, NULL, NULL),
('6857a2e8-d8e8-11ed-8249-0c7a158e4469', 'sms_to', '{\"gateway\":\"sms_to\",\"mode\":\"live\",\"status\":0,\"api_key\":\"\",\"sender_id\":\"\",\"otp_template\":\"\"}', '{\"gateway\":\"sms_to\",\"mode\":\"live\",\"status\":0,\"api_key\":\"\",\"sender_id\":\"\",\"otp_template\":\"\"}', 'sms_config', 'live', 0, NULL, NULL, NULL),
('74c30c00-d6a6-11ed-962c-0c7a158e4469', 'hubtel', '{\"gateway\":\"hubtel\",\"mode\":\"test\",\"status\":\"0\",\"account_number\":\"data\",\"api_id\":\"data\",\"api_key\":\"data\"}', '{\"gateway\":\"hubtel\",\"mode\":\"test\",\"status\":\"0\",\"account_number\":\"data\",\"api_id\":\"data\",\"api_key\":\"data\"}', 'payment_config', 'test', 0, NULL, '2023-08-12 06:37:43', '{\"gateway_title\":null,\"gateway_image\":\"\"}'),
('74e46b0a-d6aa-11ed-962c-0c7a158e4469', 'tap', '{\"gateway\":\"tap\",\"mode\":\"test\",\"status\":\"0\",\"secret_key\":\"data\"}', '{\"gateway\":\"tap\",\"mode\":\"test\",\"status\":\"0\",\"secret_key\":\"data\"}', 'payment_config', 'test', 0, NULL, '2023-08-30 04:50:09', '{\"gateway_title\":null,\"gateway_image\":\"\"}'),
('761ca96c-d1eb-11ed-87ca-0c7a158e4469', 'swish', '{\"gateway\":\"swish\",\"mode\":\"test\",\"status\":\"0\",\"number\":\"data\"}', '{\"gateway\":\"swish\",\"mode\":\"test\",\"status\":\"0\",\"number\":\"data\"}', 'payment_config', 'test', 0, NULL, '2023-08-30 04:17:02', '{\"gateway_title\":null,\"gateway_image\":\"\"}'),
('7b1c3c5f-d2bd-11ed-b485-0c7a158e4469', 'payfast', '{\"gateway\":\"payfast\",\"mode\":\"test\",\"status\":\"0\",\"merchant_id\":\"data\",\"secured_key\":\"data\"}', '{\"gateway\":\"payfast\",\"mode\":\"test\",\"status\":\"0\",\"merchant_id\":\"data\",\"secured_key\":\"data\"}', 'payment_config', 'test', 0, NULL, '2023-08-30 04:18:13', '{\"gateway_title\":null,\"gateway_image\":\"\"}'),
('8592417b-d1d1-11ed-a984-0c7a158e4469', 'esewa', '{\"gateway\":\"esewa\",\"mode\":\"test\",\"status\":\"0\",\"merchantCode\":\"data\"}', '{\"gateway\":\"esewa\",\"mode\":\"test\",\"status\":\"0\",\"merchantCode\":\"data\"}', 'payment_config', 'test', 0, NULL, '2023-08-30 04:17:38', '{\"gateway_title\":null,\"gateway_image\":\"\"}'),
('9162a1dc-cdf1-11ed-affe-0c7a158e4469', 'viva_wallet', '{\"gateway\":\"viva_wallet\",\"mode\":\"test\",\"status\":\"0\",\"client_id\": \"\",\"client_secret\": \"\"}\n', '{\"gateway\":\"viva_wallet\",\"mode\":\"test\",\"status\":\"0\",\"client_id\": \"\",\"client_secret\": \"\"}', 'payment_config', 'test', 0, NULL, NULL, NULL),
('998ccc62-d6a0-11ed-962c-0c7a158e4469', 'stripe', '{\"gateway\":\"stripe\",\"mode\":\"live\",\"status\":\"1\",\"api_key\":\"data\",\"published_key\":\"data\"}', '{\"gateway\":\"stripe\",\"mode\":\"live\",\"status\":\"1\",\"api_key\":\"data\",\"published_key\":\"data\"}', 'payment_config', 'live', 1, NULL, '2025-02-21 14:12:31', '{\"gateway_title\":\"Stripe\",\"gateway_image\":null,\"storage\":\"public\"}'),
('a3313755-c95d-11ed-b1db-0c7a158e4469', 'iyzi_pay', '{\"gateway\":\"iyzi_pay\",\"mode\":\"test\",\"status\":\"0\",\"api_key\":\"data\",\"secret_key\":\"data\",\"base_url\":\"data\"}', '{\"gateway\":\"iyzi_pay\",\"mode\":\"test\",\"status\":\"0\",\"api_key\":\"data\",\"secret_key\":\"data\",\"base_url\":\"data\"}', 'payment_config', 'test', 0, NULL, '2023-08-30 04:20:02', '{\"gateway_title\":null,\"gateway_image\":\"\"}'),
('a76c8993-d299-11ed-b485-0c7a158e4469', 'momo', '{\"gateway\":\"momo\",\"mode\":\"live\",\"status\":\"0\",\"api_key\":\"data\",\"api_user\":\"data\",\"subscription_key\":\"data\"}', '{\"gateway\":\"momo\",\"mode\":\"live\",\"status\":\"0\",\"api_key\":\"data\",\"api_user\":\"data\",\"subscription_key\":\"data\"}', 'payment_config', 'live', 0, NULL, '2023-08-30 04:19:28', '{\"gateway_title\":null,\"gateway_image\":\"\"}'),
('a8608119-cc76-11ed-9bca-0c7a158e4469', 'moncash', '{\"gateway\":\"moncash\",\"mode\":\"test\",\"status\":\"0\",\"client_id\":\"data\",\"secret_key\":\"data\"}', '{\"gateway\":\"moncash\",\"mode\":\"test\",\"status\":\"0\",\"client_id\":\"data\",\"secret_key\":\"data\"}', 'payment_config', 'test', 0, NULL, '2023-08-30 04:47:34', '{\"gateway_title\":null,\"gateway_image\":\"\"}'),
('ad5af1c1-d6a2-11ed-962c-0c7a158e4469', 'razor_pay', '{\"gateway\":\"razor_pay\",\"mode\":\"live\",\"status\":\"0\",\"api_key\":\"data\",\"api_secret\":\"data\"}', '{\"gateway\":\"razor_pay\",\"mode\":\"live\",\"status\":\"0\",\"api_key\":\"data\",\"api_secret\":\"data\"}', 'payment_config', 'live', 0, NULL, '2025-02-21 13:59:08', '{\"gateway_title\":\"Razor pay\",\"gateway_image\":null,\"storage\":\"public\"}'),
('ad5b02a0-d6a2-11ed-962c-0c7a158e4469', 'senang_pay', '{\"gateway\":\"senang_pay\",\"mode\":\"live\",\"status\":\"0\",\"callback_url\":\"https:\\/\\/url\\/return-senang-pay\",\"secret_key\":\"data\",\"merchant_id\":\"data\"}', '{\"gateway\":\"senang_pay\",\"mode\":\"live\",\"status\":\"0\",\"callback_url\":\"https:\\/\\/url\\/return-senang-pay\",\"secret_key\":\"data\",\"merchant_id\":\"data\"}', 'payment_config', 'test', 0, NULL, '2023-08-27 09:58:57', '{\"gateway_title\":\"Senang pay\",\"gateway_image\":null}'),
('b6c333f6-d8e9-11ed-8249-0c7a158e4469', 'akandit_sms', '{\"gateway\":\"akandit_sms\",\"mode\":\"live\",\"status\":0,\"username\":\"\",\"password\":\"\",\"otp_template\":\"\"}', '{\"gateway\":\"akandit_sms\",\"mode\":\"live\",\"status\":0,\"username\":\"\",\"password\":\"\",\"otp_template\":\"\"}', 'sms_config', 'live', 0, NULL, NULL, NULL),
('b6c33c87-d8e9-11ed-8249-0c7a158e4469', 'global_sms', '{\"gateway\":\"global_sms\",\"mode\":\"live\",\"status\":0,\"user_name\":\"\",\"password\":\"\",\"from\":\"\",\"otp_template\":\"\"}', '{\"gateway\":\"global_sms\",\"mode\":\"live\",\"status\":0,\"user_name\":\"\",\"password\":\"\",\"from\":\"\",\"otp_template\":\"\"}', 'sms_config', 'live', 0, NULL, NULL, NULL),
('b8992bd4-d6a0-11ed-962c-0c7a158e4469', 'paymob_accept', '{\"gateway\":\"paymob_accept\",\"mode\":\"live\",\"status\":\"0\",\"api_key\":\"\",\"iframe_id\":\"\",\"integration_id\":\"\", \"hmac\": \"\"}', '{\"gateway\":\"paymob_accept\",\"mode\":\"test\",\"status\":\"0\",\"api_key\":\"\",\"iframe_id\":\"\",\"integration_id\":\"\", \"hmac\": \"\"}', 'payment_config', 'test', 0, NULL, NULL, NULL),
('c41c0dcd-d119-11ed-9f67-0c7a158e4469', 'maxicash', '{\"gateway\":\"maxicash\",\"mode\":\"test\",\"status\":\"0\",\"merchantId\":\"data\",\"merchantPassword\":\"data\"}', '{\"gateway\":\"maxicash\",\"mode\":\"test\",\"status\":\"0\",\"merchantId\":\"data\",\"merchantPassword\":\"data\"}', 'payment_config', 'test', 0, NULL, '2023-08-30 04:49:15', '{\"gateway_title\":null,\"gateway_image\":\"\"}'),
('c9249d17-cd60-11ed-b879-0c7a158e4469', 'pvit', '{\"gateway\":\"pvit\",\"mode\":\"test\",\"status\":\"0\",\"mc_tel_merchant\": \"\",\"access_token\": \"\", \"mc_merchant_code\": \"\"}', '{\"gateway\":\"pvit\",\"mode\":\"test\",\"status\":\"0\",\"mc_tel_merchant\": \"\",\"access_token\": \"\", \"mc_merchant_code\": \"\"}', 'payment_config', 'test', 0, NULL, NULL, NULL),
('cb0081ce-d775-11ed-96f4-0c7a158e4469', 'releans', '{\"gateway\":\"releans\",\"mode\":\"live\",\"status\":0,\"api_key\":\"\",\"from\":\"\",\"otp_template\":\"\"}', '{\"gateway\":\"releans\",\"mode\":\"live\",\"status\":0,\"api_key\":\"\",\"from\":\"\",\"otp_template\":\"\"}', 'sms_config', 'live', 0, NULL, '2025-03-28 10:54:13', NULL),
('d4f3f5f1-d6a0-11ed-962c-0c7a158e4469', 'flutterwave', '{\"gateway\":\"flutterwave\",\"mode\":\"live\",\"status\":\"0\",\"secret_key\":\"data\",\"public_key\":\"data\",\"hash\":\"data\"}', '{\"gateway\":\"flutterwave\",\"mode\":\"live\",\"status\":\"0\",\"secret_key\":\"data\",\"public_key\":\"data\",\"hash\":\"data\"}', 'payment_config', 'live', 0, NULL, '2025-02-21 13:58:43', '{\"gateway_title\":\"Flutterwave\",\"gateway_image\":null,\"storage\":\"public\"}'),
('d822f1a5-c864-11ed-ac7a-0c7a158e4469', 'paystack', '{\"gateway\":\"paystack\",\"mode\":\"live\",\"status\":\"0\",\"public_key\":\"data\",\"secret_key\":\"data\",\"merchant_email\":\"data\"}', '{\"gateway\":\"paystack\",\"mode\":\"live\",\"status\":\"0\",\"public_key\":\"data\",\"secret_key\":\"data\",\"merchant_email\":\"data\"}', 'payment_config', 'live', 0, NULL, '2025-02-21 13:58:43', '{\"gateway_title\":\"Paystack\",\"gateway_image\":null,\"storage\":\"public\"}'),
('daec8d59-c893-11ed-ac7a-0c7a158e4469', 'xendit', '{\"gateway\":\"xendit\",\"mode\":\"test\",\"status\":\"0\",\"api_key\":\"data\"}', '{\"gateway\":\"xendit\",\"mode\":\"test\",\"status\":\"0\",\"api_key\":\"data\"}', 'payment_config', 'test', 0, NULL, '2023-08-12 06:35:46', '{\"gateway_title\":null,\"gateway_image\":\"\"}'),
('dc0f5fc9-d6a5-11ed-962c-0c7a158e4469', 'worldpay', '{\"gateway\":\"worldpay\",\"mode\":\"test\",\"status\":\"0\",\"OrgUnitId\":\"data\",\"jwt_issuer\":\"data\",\"mac\":\"data\",\"merchantCode\":\"data\",\"xml_password\":\"data\"}', '{\"gateway\":\"worldpay\",\"mode\":\"test\",\"status\":\"0\",\"OrgUnitId\":\"data\",\"jwt_issuer\":\"data\",\"mac\":\"data\",\"merchantCode\":\"data\",\"xml_password\":\"data\"}', 'payment_config', 'test', 0, NULL, '2023-08-12 06:35:26', '{\"gateway_title\":null,\"gateway_image\":\"\"}'),
('e0450278-d8eb-11ed-8249-0c7a158e4469', 'signal_wire', '{\"gateway\":\"signal_wire\",\"mode\":\"live\",\"status\":0,\"project_id\":\"\",\"token\":\"\",\"space_url\":\"\",\"from\":\"\",\"otp_template\":\"\"}', '{\"gateway\":\"signal_wire\",\"mode\":\"live\",\"status\":0,\"project_id\":\"\",\"token\":\"\",\"space_url\":\"\",\"from\":\"\",\"otp_template\":\"\"}', 'sms_config', 'live', 0, NULL, NULL, NULL),
('e0450b40-d8eb-11ed-8249-0c7a158e4469', 'paradox', '{\"gateway\":\"paradox\",\"mode\":\"live\",\"status\":0,\"api_key\":\"\"}', '{\"gateway\":\"paradox\",\"mode\":\"live\",\"status\":0,\"api_key\":\"\"}', 'sms_config', 'live', 0, NULL, NULL, NULL),
('ea346efe-cdda-11ed-affe-0c7a158e4469', 'ssl_commerz', '{\"gateway\":\"ssl_commerz\",\"mode\":\"live\",\"status\":\"0\",\"store_id\":\"data\",\"store_password\":\"data\"}', '{\"gateway\":\"ssl_commerz\",\"mode\":\"live\",\"status\":\"0\",\"store_id\":\"data\",\"store_password\":\"data\"}', 'payment_config', 'live', 0, NULL, '2025-02-21 13:59:16', '{\"gateway_title\":\"Ssl commerz\",\"gateway_image\":null,\"storage\":\"public\"}'),
('eed88336-d8ec-11ed-8249-0c7a158e4469', 'hubtel', '{\"gateway\":\"hubtel\",\"mode\":\"live\",\"status\":0,\"sender_id\":\"\",\"client_id\":\"\",\"client_secret\":\"\",\"otp_template\":\"\"}', '{\"gateway\":\"hubtel\",\"mode\":\"live\",\"status\":0,\"sender_id\":\"\",\"client_id\":\"\",\"client_secret\":\"\",\"otp_template\":\"\"}', 'sms_config', 'live', 0, NULL, NULL, NULL),
('f149c546-d8ea-11ed-8249-0c7a158e4469', 'viatech', '{\"gateway\":\"viatech\",\"mode\":\"live\",\"status\":0,\"api_url\":\"\",\"api_key\":\"\",\"sender_id\":\"\",\"otp_template\":\"\"}', '{\"gateway\":\"viatech\",\"mode\":\"live\",\"status\":0,\"api_url\":\"\",\"api_key\":\"\",\"sender_id\":\"\",\"otp_template\":\"\"}', 'sms_config', 'live', 0, NULL, NULL, NULL),
('f149cd9c-d8ea-11ed-8249-0c7a158e4469', '019_sms', '{\"gateway\":\"019_sms\",\"mode\":\"live\",\"status\":0,\"password\":\"\",\"username\":\"\",\"username_for_token\":\"\",\"sender\":\"\",\"otp_template\":\"\"}', '{\"gateway\":\"019_sms\",\"mode\":\"live\",\"status\":0,\"password\":\"\",\"username\":\"\",\"username_for_token\":\"\",\"sender\":\"\",\"otp_template\":\"\"}', 'sms_config', 'live', 1, NULL, NULL, NULL);

-- --------------------------------------------------------

--
-- Table structure for table `advertisements`
--

CREATE TABLE `advertisements` (
  `id` char(36) COLLATE utf8mb4_unicode_ci NOT NULL,
  `readable_id` varchar(255) COLLATE utf8mb4_unicode_ci DEFAULT NULL,
  `title` varchar(255) COLLATE utf8mb4_unicode_ci DEFAULT NULL,
  `description` varchar(255) COLLATE utf8mb4_unicode_ci DEFAULT NULL,
  `provider_id` char(36) COLLATE utf8mb4_unicode_ci DEFAULT NULL,
  `priority` int DEFAULT NULL,
  `type` varchar(255) COLLATE utf8mb4_unicode_ci DEFAULT NULL COMMENT 'video_promotion, profile_promotion',
  `is_paid` tinyint NOT NULL DEFAULT '0',
  `start_date` datetime NOT NULL DEFAULT '2024-05-20 20:36:19',
  `end_date` datetime NOT NULL DEFAULT '2024-05-20 20:36:19',
  `status` varchar(255) COLLATE utf8mb4_unicode_ci NOT NULL DEFAULT 'pending' COMMENT 'pending, approved, running, expired, denied, paused, canceled',
  `created_at` timestamp NULL DEFAULT NULL,
  `updated_at` timestamp NULL DEFAULT NULL,
  `is_updated` tinyint(1) NOT NULL DEFAULT '0'
) ENGINE=InnoDB DEFAULT CHARSET=utf8mb4 COLLATE=utf8mb4_unicode_ci;

--
-- Dumping data for table `advertisements`
--

INSERT INTO `advertisements` (`id`, `readable_id`, `title`, `description`, `provider_id`, `priority`, `type`, `is_paid`, `start_date`, `end_date`, `status`, `created_at`, `updated_at`, `is_updated`) VALUES
('113bd411-fa2a-4a34-9422-dc994239c587', '5560123422', 'Tess', 'Ffggf', 'f9268c0e-0d77-4a17-a471-7809ede9d80a', NULL, 'profile_promotion', 0, '2025-02-22 00:00:00', '2025-02-28 23:59:59', 'approved', '2025-02-21 14:06:30', '2025-03-15 10:15:47', 0),
('54f9bfc6-c4ff-42f1-9e84-45978769b3cd', '9931961679', 'KHAT EL EHTERAF', 'web site & Apss', 'f9268c0e-0d77-4a17-a471-7809ede9d80a', 2, 'profile_promotion', 1, '2025-03-15 00:00:00', '2025-03-29 23:59:59', 'approved', '2025-02-22 18:45:38', '2025-03-15 10:19:06', 0),
('571827e7-32fd-4b71-bc04-ab89d0bb2b6d', '-241349031', 'خط الاحتراف', 'خط الاحتراف لتصميم المواقع', 'b566cec2-9b57-40a7-a8c9-eea1a68c84dd', 1, 'profile_promotion', 1, '2025-03-15 00:00:00', '2025-03-29 23:59:59', 'approved', '2025-03-15 10:19:06', '2025-03-15 10:19:48', 0),
('d2137dfb-8213-459e-8aa2-d1e08de2577a', '893097247', 'Test', 'Teets', 'f9268c0e-0d77-4a17-a471-7809ede9d80a', NULL, 'profile_promotion', 0, '2025-03-15 00:00:00', '2025-03-16 23:59:59', 'approved', '2025-03-15 09:54:19', '2025-03-15 10:16:18', 0),
('efe7bd9b-5f82-454a-87d3-dab792d1fed6', '5279765864', 'test', 'test', 'f9268c0e-0d77-4a17-a471-7809ede9d80a', NULL, 'profile_promotion', 0, '2025-02-21 00:00:00', '2025-03-21 23:59:59', 'pending', '2025-02-21 14:26:39', '2025-02-21 14:26:39', 0);

-- --------------------------------------------------------

--
-- Table structure for table `advertisement_attachments`
--

CREATE TABLE `advertisement_attachments` (
  `id` char(36) COLLATE utf8mb4_unicode_ci NOT NULL,
  `advertisement_id` char(36) COLLATE utf8mb4_unicode_ci DEFAULT NULL,
  `file_extension_type` varchar(255) COLLATE utf8mb4_unicode_ci DEFAULT NULL,
  `file_name` varchar(255) COLLATE utf8mb4_unicode_ci DEFAULT NULL,
  `type` varchar(255) COLLATE utf8mb4_unicode_ci DEFAULT NULL COMMENT 'promotional_video, provider_profile_image, provider_cover_image',
  `created_at` timestamp NULL DEFAULT NULL,
  `updated_at` timestamp NULL DEFAULT NULL
) ENGINE=InnoDB DEFAULT CHARSET=utf8mb4 COLLATE=utf8mb4_unicode_ci;

--
-- Dumping data for table `advertisement_attachments`
--

INSERT INTO `advertisement_attachments` (`id`, `advertisement_id`, `file_extension_type`, `file_name`, `type`, `created_at`, `updated_at`) VALUES
('2633eef9-8113-44fd-8475-0bc42230bde7', 'efe7bd9b-5f82-454a-87d3-dab792d1fed6', 'jpg', '2025-02-21-67b7d6519a2ab.jpg', 'provider_cover_image', '2025-02-21 14:26:43', '2025-02-21 14:26:43'),
('308b59c9-95e6-4642-93c4-af544e976aa2', '571827e7-32fd-4b71-bc04-ab89d0bb2b6d', 'png', '2025-03-15-67d49d4a1bb62.png', 'provider_profile_image', '2025-03-15 10:19:06', '2025-03-15 10:19:06'),
('328681bd-e646-43d4-ab5e-1e1db3d75298', '54f9bfc6-c4ff-42f1-9e84-45978769b3cd', 'jpg', '2025-02-22-67b96482d07e1.jpg', 'provider_cover_image', '2025-02-22 18:45:38', '2025-02-22 18:45:38'),
('3704535e-ab99-4dbe-9735-6f7b756ee228', '571827e7-32fd-4b71-bc04-ab89d0bb2b6d', 'jpg', '2025-03-15-67d49d4a1dea0.jpg', 'provider_cover_image', '2025-03-15 10:19:06', '2025-03-15 10:19:06'),
('549ff76e-613c-4648-ae29-504bf8bfd783', 'd2137dfb-8213-459e-8aa2-d1e08de2577a', 'jpg', '2025-03-15-67d4977be6524.jpg', 'provider_profile_image', '2025-03-15 09:54:19', '2025-03-15 09:54:19'),
('829c682d-21b5-44a2-941c-cee5160a7e8e', '113bd411-fa2a-4a34-9422-dc994239c587', 'jpg', '2025-02-21-67b7d19640583.jpg', 'provider_profile_image', '2025-02-21 14:06:30', '2025-02-21 14:06:30'),
('8a7d3761-7f1f-4383-ba5e-6643e4e65a3b', '113bd411-fa2a-4a34-9422-dc994239c587', 'jpg', '2025-02-21-67b7d19643544.jpg', 'provider_cover_image', '2025-02-21 14:06:30', '2025-02-21 14:06:30'),
('c89bcc1d-98ab-436f-aad4-f3ba9dfa9967', 'efe7bd9b-5f82-454a-87d3-dab792d1fed6', 'jpg', '2025-02-21-67b7d64f9f710.jpg', 'provider_profile_image', '2025-02-21 14:26:41', '2025-02-21 14:26:41'),
('c9b6436c-04ad-4684-ac09-d41a8b905c23', '54f9bfc6-c4ff-42f1-9e84-45978769b3cd', 'png', '2025-02-22-67b96482cdd60.png', 'provider_profile_image', '2025-02-22 18:45:38', '2025-02-22 18:45:38'),
('f586008e-e9c9-44c9-8842-cafddd06f9ed', 'd2137dfb-8213-459e-8aa2-d1e08de2577a', 'jpg', '2025-03-15-67d4977be98c3.jpg', 'provider_cover_image', '2025-03-15 09:54:19', '2025-03-15 09:54:19');

-- --------------------------------------------------------

--
-- Table structure for table `advertisement_notes`
--

CREATE TABLE `advertisement_notes` (
  `id` char(36) COLLATE utf8mb4_unicode_ci NOT NULL,
  `advertisement_id` char(36) COLLATE utf8mb4_unicode_ci DEFAULT NULL,
  `type` varchar(255) COLLATE utf8mb4_unicode_ci DEFAULT NULL COMMENT 'paused, denied',
  `note` text COLLATE utf8mb4_unicode_ci,
  `created_at` timestamp NULL DEFAULT NULL,
  `updated_at` timestamp NULL DEFAULT NULL
) ENGINE=InnoDB DEFAULT CHARSET=utf8mb4 COLLATE=utf8mb4_unicode_ci;

-- --------------------------------------------------------

--
-- Table structure for table `bank_details`
--

CREATE TABLE `bank_details` (
  `id` char(36) COLLATE utf8mb4_unicode_ci NOT NULL,
  `provider_id` char(36) COLLATE utf8mb4_unicode_ci NOT NULL,
  `bank_name` varchar(191) COLLATE utf8mb4_unicode_ci DEFAULT NULL,
  `branch_name` varchar(191) COLLATE utf8mb4_unicode_ci DEFAULT NULL,
  `acc_no` varchar(191) COLLATE utf8mb4_unicode_ci DEFAULT NULL,
  `acc_holder_name` varchar(191) COLLATE utf8mb4_unicode_ci DEFAULT NULL,
  `created_at` timestamp NULL DEFAULT NULL,
  `updated_at` timestamp NULL DEFAULT NULL,
  `routing_number` varchar(191) COLLATE utf8mb4_unicode_ci DEFAULT NULL
) ENGINE=InnoDB DEFAULT CHARSET=utf8mb4 COLLATE=utf8mb4_unicode_ci;

-- --------------------------------------------------------

--
-- Table structure for table `banners`
--

CREATE TABLE `banners` (
  `id` char(36) COLLATE utf8mb4_unicode_ci NOT NULL,
  `banner_title` varchar(191) COLLATE utf8mb4_unicode_ci DEFAULT NULL,
  `resource_type` varchar(191) COLLATE utf8mb4_unicode_ci DEFAULT NULL,
  `resource_id` char(36) COLLATE utf8mb4_unicode_ci DEFAULT NULL,
  `redirect_link` varchar(191) COLLATE utf8mb4_unicode_ci DEFAULT NULL,
  `banner_image` varchar(255) COLLATE utf8mb4_unicode_ci NOT NULL DEFAULT 'def.png',
  `is_active` tinyint(1) NOT NULL DEFAULT '0',
  `created_at` timestamp NULL DEFAULT NULL,
  `updated_at` timestamp NULL DEFAULT NULL
) ENGINE=InnoDB DEFAULT CHARSET=utf8mb4 COLLATE=utf8mb4_unicode_ci;

--
-- Dumping data for table `banners`
--

INSERT INTO `banners` (`id`, `banner_title`, `resource_type`, `resource_id`, `redirect_link`, `banner_image`, `is_active`, `created_at`, `updated_at`) VALUES
('1acbcab1-f92b-4c2e-afdc-996f2f2453fb', 'خط الإحتراف', 'service', '19c739d4-6ef6-454e-a899-43f2831118a6', NULL, '2025-06-30-686186878ff37.png', 1, '2025-06-28 08:59:29', '2025-06-30 07:31:35'),
('d0a7c6ce-fad7-4185-8ccc-c8178598f045', 'خاصة بالتجريب', 'service', '19c739d4-6ef6-454e-a899-43f2831118a6', NULL, '2025-06-28-685f204561a9a.png', 0, '2025-06-28 11:50:45', '2025-06-30 07:32:00'),
('d7181955-8485-4319-8029-83b676c705f0', 'خدمات جديدة', 'category', 'c759f79b-d091-4d9f-932c-21a0eba76e5a', NULL, '2025-06-28-685ef7850011f.png', 0, '2025-06-28 08:56:53', '2025-06-30 07:32:02');

-- --------------------------------------------------------

--
-- Table structure for table `bonuses`
--

CREATE TABLE `bonuses` (
  `id` char(36) COLLATE utf8mb4_unicode_ci NOT NULL,
  `bonus_title` varchar(255) COLLATE utf8mb4_unicode_ci NOT NULL,
  `short_description` text COLLATE utf8mb4_unicode_ci NOT NULL,
  `bonus_amount_type` varchar(255) COLLATE utf8mb4_unicode_ci NOT NULL,
  `bonus_amount` decimal(24,3) NOT NULL DEFAULT '0.000',
  `minimum_add_amount` decimal(24,3) NOT NULL DEFAULT '0.000',
  `maximum_bonus_amount` decimal(24,3) NOT NULL DEFAULT '0.000',
  `start_date` date NOT NULL,
  `end_date` date NOT NULL,
  `is_active` tinyint(1) NOT NULL DEFAULT '1',
  `created_at` timestamp NULL DEFAULT NULL,
  `updated_at` timestamp NULL DEFAULT NULL
) ENGINE=InnoDB DEFAULT CHARSET=utf8mb4 COLLATE=utf8mb4_unicode_ci;

-- --------------------------------------------------------

--
-- Table structure for table `booking_details`
--

CREATE TABLE `booking_details` (
  `id` bigint UNSIGNED NOT NULL,
  `booking_id` char(36) COLLATE utf8mb4_unicode_ci DEFAULT NULL,
  `service_id` char(36) COLLATE utf8mb4_unicode_ci DEFAULT NULL,
  `service_name` varchar(255) COLLATE utf8mb4_unicode_ci DEFAULT NULL,
  `variant_key` varchar(255) COLLATE utf8mb4_unicode_ci DEFAULT NULL,
  `service_cost` decimal(24,3) NOT NULL DEFAULT '0.000',
  `quantity` int NOT NULL DEFAULT '1',
  `discount_amount` decimal(24,3) NOT NULL DEFAULT '0.000',
  `tax_amount` decimal(24,3) NOT NULL DEFAULT '0.000',
  `total_cost` decimal(24,3) NOT NULL DEFAULT '0.000',
  `created_at` timestamp NULL DEFAULT NULL,
  `updated_at` timestamp NULL DEFAULT NULL,
  `campaign_discount_amount` decimal(24,3) NOT NULL DEFAULT '0.000',
  `overall_coupon_discount_amount` decimal(24,3) NOT NULL DEFAULT '0.000'
) ENGINE=InnoDB DEFAULT CHARSET=utf8mb4 COLLATE=utf8mb4_unicode_ci;

--
-- Dumping data for table `booking_details`
--

INSERT INTO `booking_details` (`id`, `booking_id`, `service_id`, `service_name`, `variant_key`, `service_cost`, `quantity`, `discount_amount`, `tax_amount`, `total_cost`, `created_at`, `updated_at`, `campaign_discount_amount`, `overall_coupon_discount_amount`) VALUES
(1, '85e31932-26a1-411d-b40a-3bb7e988ff69', '58428e58-56ad-4f00-a46c-24f2b303d98e', 'اسم خدمة لسيرفسس', 'اضافة-بديل', 20.000, 1, 0.000, 0.000, 20.000, '2025-02-22 17:26:19', '2025-02-22 17:26:19', 0.000, 0.000),
(2, '85e31932-26a1-411d-b40a-3bb7e988ff69', '58428e58-56ad-4f00-a46c-24f2b303d98e', 'اسم خدمة لسيرفسس', 'اضافة-2', 4.000, 13, 0.000, 0.000, 52.000, '2025-02-22 17:26:19', '2025-02-22 17:29:48', 0.000, 0.000),
(3, '84e7f389-6554-4621-be7f-deb8ea1f5216', '58428e58-56ad-4f00-a46c-24f2b303d98e', 'Regular Water Car Wash', 'غسيل-بالبخار', 150.000, 1, 0.000, 3.000, 153.000, '2025-02-22 18:27:03', '2025-02-22 18:27:03', 0.000, 0.000),
(4, '1cd87478-ff7d-421a-aeca-1406212fc78d', '58428e58-56ad-4f00-a46c-24f2b303d98e', 'الغسيل  العادي', 'غسيل-بالبخار', 150.000, 1, 0.000, 3.000, 153.000, '2025-02-22 18:31:42', '2025-02-22 18:31:42', 0.000, 0.000),
(5, '1cd87478-ff7d-421a-aeca-1406212fc78d', '58428e58-56ad-4f00-a46c-24f2b303d98e', 'Regular Water Car Wash', 'غسيل-خارجي', 64.000, 1, 0.000, 1.280, 65.280, '2025-02-22 18:33:14', '2025-02-22 18:33:14', 0.000, 0.000),
(6, '6914ad19-ab08-4128-88f2-c9a148021c1a', '58428e58-56ad-4f00-a46c-24f2b303d98e', 'الغسيل  العادي', 'غسيل-داخلي', 45.000, 1, 0.000, 0.900, 45.900, '2025-03-15 09:51:52', '2025-03-15 09:51:52', 0.000, 0.000),
(7, '6914ad19-ab08-4128-88f2-c9a148021c1a', '58428e58-56ad-4f00-a46c-24f2b303d98e', 'الغسيل  العادي', 'غسيل-بالبخار', 150.000, 2, 0.000, 6.000, 306.000, '2025-03-15 09:51:52', '2025-03-15 09:51:52', 0.000, 0.000),
(8, 'c162d9af-f0b1-4f05-a3be-97ccabbf8e27', '090fdf33-b560-4fa2-9696-5e3324e67f6f', 'كوي الملابس', 'كوي-بخار', 3.000, 3, 0.000, 0.270, 9.270, '2025-03-15 09:56:50', '2025-03-15 09:56:50', 0.000, 0.000),
(9, '27ac8078-633d-4bfb-86be-225426541355', '090fdf33-b560-4fa2-9696-5e3324e67f6f', 'كوي الملابس', 'كوي-بخار', 3.000, 1, 0.000, 0.090, 3.090, '2025-03-15 09:58:20', '2025-03-15 09:58:20', 0.000, 0.000),
(10, 'e3afc60e-4d2d-46e9-91bb-f060bf453df2', '090fdf33-b560-4fa2-9696-5e3324e67f6f', 'كوي الملابس', 'كوي-مستعجل', 5.000, 1, 0.000, 0.150, 5.150, '2025-03-15 09:59:57', '2025-03-15 09:59:57', 0.000, 0.000),
(11, 'e3afc60e-4d2d-46e9-91bb-f060bf453df2', '090fdf33-b560-4fa2-9696-5e3324e67f6f', 'كوي الملابس', 'كوي-بخار', 3.000, 1, 0.000, 0.090, 3.090, '2025-03-15 09:59:57', '2025-03-15 09:59:57', 0.000, 0.000),
(12, 'e8632c13-219f-4332-8664-f475190ef1f3', '58428e58-56ad-4f00-a46c-24f2b303d98e', 'الغسيل  العادي', 'غسيل-خارجي', 64.000, 1, 0.000, 1.280, 65.280, '2025-03-20 09:58:07', '2025-03-20 09:58:07', 0.000, 0.000),
(13, 'e8632c13-219f-4332-8664-f475190ef1f3', '58428e58-56ad-4f00-a46c-24f2b303d98e', 'الغسيل  العادي', 'غسيل-بالبخار', 150.000, 1, 0.000, 3.000, 153.000, '2025-03-20 09:58:07', '2025-03-20 09:58:07', 0.000, 0.000),
(14, '82cb9618-82fc-424c-a540-8abf72d440ab', 'd63f1198-d6e1-4294-b1b4-758dc5f9047a', 'caaaaaar', '1', 10.000, 2, 0.000, 1.000, 21.000, '2025-03-20 10:05:31', '2025-03-20 10:05:31', 0.000, 0.000),
(15, '6d3afdd5-98f4-49b8-b99d-a0abcde79e92', 'd63f1198-d6e1-4294-b1b4-758dc5f9047a', 'caaaaaar', '1', 10.000, 1, 0.000, 0.500, 10.500, '2025-03-21 06:46:34', '2025-03-21 06:46:34', 0.000, 0.000),
(16, 'e267638b-afb3-4c44-b18e-cf449425acf0', 'd63f1198-d6e1-4294-b1b4-758dc5f9047a', 'caaaaaar', '1', 10.000, 1, 0.000, 0.500, 10.500, '2025-03-28 09:13:03', '2025-03-28 09:13:03', 0.000, 0.000),
(17, '9f5b9dd7-ebcb-4538-a04d-a4cf3fd707f0', '58428e58-56ad-4f00-a46c-24f2b303d98e', 'الغسيل  العادي', 'غسيل-بالبخار', 150.000, 1, 0.000, 3.000, 153.000, '2025-03-28 09:24:47', '2025-03-28 09:24:47', 0.000, 0.000),
(18, '4868df60-1bfc-4d36-a84b-e97cf52476d6', '090fdf33-b560-4fa2-9696-5e3324e67f6f', 'كوي الملابس', 'كوي-بخار', 3.000, 1, 0.000, 0.090, 3.090, '2025-03-28 09:25:35', '2025-03-28 09:25:35', 0.000, 0.000),
(19, 'a3994d81-8e49-492d-944a-c6d8b47efd91', 'd63f1198-d6e1-4294-b1b4-758dc5f9047a', 'caaaaaar', '1', 10.000, 1, 0.000, 0.500, 10.500, '2025-03-28 09:48:26', '2025-03-28 09:48:26', 0.000, 0.000),
(20, '1b78b62e-95bd-4310-b185-60dbef9fb887', '58428e58-56ad-4f00-a46c-24f2b303d98e', 'الغسيل  العادي', 'غسيل-بالبخار', 150.000, 1, 0.000, 3.000, 153.000, '2025-03-28 10:01:12', '2025-03-28 10:01:12', 0.000, 0.000),
(21, '626558e8-25f3-4211-a109-5fb3aec32110', 'cbfdf2c8-7a0d-4f42-927f-ed376e2a013f', 'Be Tst', 'variation', 80.000, 1, 0.000, 4.000, 84.000, '2025-05-12 23:06:01', '2025-05-12 23:06:01', 0.000, 0.000),
(22, '52100c37-3440-4036-8fe4-941ca1f0a1b8', '77a71d46-ea5c-4917-9ee5-e734819a567b', 'car wash image', 'variation', 85.000, 1, 0.000, 2.550, 87.550, '2025-05-13 00:38:16', '2025-05-13 00:38:16', 0.000, 0.000),
(23, '3f455af4-fd78-4949-acb7-e89b2aecf5a5', '0955f250-b0c2-4d6f-af3a-90a8ca523aca', 'خدمة تجريبية للسيارات', 'variation1', 50.000, 1, 0.000, 2.500, 52.500, '2025-05-13 04:09:15', '2025-05-13 04:09:15', 0.000, 0.000),
(24, 'f76a6ec4-edfe-4678-9c90-b20acca3cfbb', '0955f250-b0c2-4d6f-af3a-90a8ca523aca', 'خدمة تجريبية للسيارات', 'variation1', 100.000, 1, 0.000, 5.000, 105.000, '2025-06-28 11:55:19', '2025-06-28 11:55:19', 0.000, 0.000),
(25, '08726a37-86f7-46ef-b10b-d8af37db767a', '0955f250-b0c2-4d6f-af3a-90a8ca523aca', 'خدمة تجريبية للسيارات', 'variation1', 100.000, 1, 0.000, 5.000, 105.000, '2025-06-28 12:28:09', '2025-06-28 12:28:09', 0.000, 0.000),
(26, 'f00ddafa-bc71-452e-99da-a392a25c780e', '0955f250-b0c2-4d6f-af3a-90a8ca523aca', 'خدمة تجريبية للسيارات', 'variation1', 100.000, 2, 0.000, 10.000, 210.000, '2025-07-06 09:15:44', '2025-07-06 09:15:44', 0.000, 0.000),
(27, '5ffee318-8801-4838-b12c-d6b1afb3009e', '0955f250-b0c2-4d6f-af3a-90a8ca523aca', 'خدمة تجريبية للسيارات', 'variation1', 100.000, 1, 0.000, 5.000, 105.000, '2025-07-06 11:03:37', '2025-07-06 11:03:37', 0.000, 0.000),
(28, '8312997a-77af-4f77-af1d-f3769e775f12', '0955f250-b0c2-4d6f-af3a-90a8ca523aca', 'خدمة تجريبية للسيارات', 'variation1', 100.000, 1, 0.000, 5.000, 105.000, '2025-07-06 11:42:41', '2025-07-06 11:42:41', 0.000, 0.000),
(29, 'ac5ddd7c-5d9d-4d84-9e4b-4dba265cc5b6', '0955f250-b0c2-4d6f-af3a-90a8ca523aca', 'خدمة تجريبية للسيارات', 'variation1', 100.000, 1, 0.000, 5.000, 105.000, '2025-07-06 11:53:11', '2025-07-06 11:53:11', 0.000, 0.000),
(30, '66e5880b-53b7-4f76-88dc-aaec1bda8097', '0955f250-b0c2-4d6f-af3a-90a8ca523aca', 'خدمة تجريبية للسيارات', 'variation1', 100.000, 1, 0.000, 5.000, 105.000, '2025-07-06 12:28:43', '2025-07-06 12:28:43', 0.000, 0.000),
(31, '4cba1db9-c48a-454f-bb8d-ed975d7e6869', '0955f250-b0c2-4d6f-af3a-90a8ca523aca', 'خدمة تجريبية للسيارات', 'variation1', 100.000, 1, 0.000, 5.000, 105.000, '2025-07-23 07:06:16', '2025-07-23 07:06:16', 0.000, 0.000);

-- --------------------------------------------------------

--
-- Table structure for table `booking_details_amounts`
--

CREATE TABLE `booking_details_amounts` (
  `id` char(36) COLLATE utf8mb4_unicode_ci NOT NULL,
  `booking_details_id` char(36) COLLATE utf8mb4_unicode_ci NOT NULL,
  `booking_id` char(36) COLLATE utf8mb4_unicode_ci NOT NULL,
  `service_unit_cost` decimal(24,2) NOT NULL DEFAULT '0.00',
  `service_quantity` int NOT NULL DEFAULT '0',
  `service_tax` decimal(24,2) NOT NULL DEFAULT '0.00',
  `discount_by_admin` decimal(24,2) NOT NULL DEFAULT '0.00',
  `discount_by_provider` decimal(24,2) NOT NULL DEFAULT '0.00',
  `coupon_discount_by_admin` decimal(24,2) NOT NULL DEFAULT '0.00',
  `coupon_discount_by_provider` decimal(24,2) NOT NULL DEFAULT '0.00',
  `campaign_discount_by_admin` decimal(24,2) NOT NULL DEFAULT '0.00',
  `campaign_discount_by_provider` decimal(24,2) NOT NULL DEFAULT '0.00',
  `admin_commission` decimal(24,2) NOT NULL DEFAULT '0.00',
  `provider_earning` decimal(24,2) NOT NULL DEFAULT '0.00',
  `created_at` timestamp NULL DEFAULT NULL,
  `updated_at` timestamp NULL DEFAULT NULL,
  `booking_repeat_id` char(36) COLLATE utf8mb4_unicode_ci DEFAULT NULL,
  `booking_repeat_details_id` char(36) COLLATE utf8mb4_unicode_ci DEFAULT NULL
) ENGINE=InnoDB DEFAULT CHARSET=utf8mb4 COLLATE=utf8mb4_unicode_ci;

--
-- Dumping data for table `booking_details_amounts`
--

INSERT INTO `booking_details_amounts` (`id`, `booking_details_id`, `booking_id`, `service_unit_cost`, `service_quantity`, `service_tax`, `discount_by_admin`, `discount_by_provider`, `coupon_discount_by_admin`, `coupon_discount_by_provider`, `campaign_discount_by_admin`, `campaign_discount_by_provider`, `admin_commission`, `provider_earning`, `created_at`, `updated_at`, `booking_repeat_id`, `booking_repeat_details_id`) VALUES
('063ba2dc-ed08-45d8-b31c-57ba8707cbf0', '29', 'ac5ddd7c-5d9d-4d84-9e4b-4dba265cc5b6', 100.00, 1, 5.00, 0.00, 0.00, 0.00, 0.00, 0.00, 0.00, 0.00, 0.00, '2025-07-06 11:53:11', '2025-07-06 11:53:11', NULL, NULL),
('1255ae3a-c6dc-4d1d-97f5-7f5bff02f4cc', '10', 'e3afc60e-4d2d-46e9-91bb-f060bf453df2', 5.00, 1, 0.15, 0.00, 0.00, 0.00, 0.00, 0.00, 0.00, 0.00, 0.00, '2025-03-15 09:59:57', '2025-03-15 09:59:57', NULL, NULL),
('29271a27-3930-426f-b489-b1177ed59791', '21', '626558e8-25f3-4211-a109-5fb3aec32110', 80.00, 1, 4.00, 0.00, 0.00, 0.00, 0.00, 0.00, 0.00, 0.00, 0.00, '2025-05-12 23:06:01', '2025-05-12 23:06:01', NULL, NULL),
('2a8e1327-9fd0-44b7-9f92-df8f3e9a5af1', '2', '85e31932-26a1-411d-b40a-3bb7e988ff69', 4.00, 13, 0.00, 0.00, 0.00, 0.00, 0.00, 0.00, 0.00, 0.00, 0.00, '2025-02-22 17:26:19', '2025-02-22 17:29:48', NULL, NULL),
('2b825478-2ab3-4b69-9678-78d4dbdcd854', '19', 'a3994d81-8e49-492d-944a-c6d8b47efd91', 10.00, 1, 0.50, 0.00, 0.00, 0.00, 0.00, 0.00, 0.00, 0.00, 0.00, '2025-03-28 09:48:26', '2025-03-28 09:48:26', NULL, NULL),
('2d4a523a-413a-4943-9587-27e1745f8408', '18', '4868df60-1bfc-4d36-a84b-e97cf52476d6', 3.00, 1, 0.09, 0.00, 0.00, 0.00, 0.00, 0.00, 0.00, 0.00, 0.00, '2025-03-28 09:25:35', '2025-03-28 09:25:35', NULL, NULL),
('2f54c7ea-4393-4f21-9fc6-e46520a79027', '7', '6914ad19-ab08-4128-88f2-c9a148021c1a', 150.00, 2, 6.00, 0.00, 0.00, 0.00, 0.00, 0.00, 0.00, 0.00, 0.00, '2025-03-15 09:51:52', '2025-03-15 09:51:52', NULL, NULL),
('2f5ed59a-7bcb-42a6-8612-f62c6539f69f', '12', 'e8632c13-219f-4332-8664-f475190ef1f3', 64.00, 1, 1.28, 0.00, 0.00, 0.00, 0.00, 0.00, 0.00, 0.00, 0.00, '2025-03-20 09:58:07', '2025-03-20 09:58:07', NULL, NULL),
('39a77dea-eca2-4435-9f57-9666fe02c5d2', '8', 'c162d9af-f0b1-4f05-a3be-97ccabbf8e27', 3.00, 3, 0.27, 0.00, 0.00, 0.00, 0.00, 0.00, 0.00, 0.00, 0.00, '2025-03-15 09:56:50', '2025-03-15 09:56:50', NULL, NULL),
('40045b0e-0b8c-4c8f-8b69-a6e29507aa8c', '15', '6d3afdd5-98f4-49b8-b99d-a0abcde79e92', 10.00, 1, 0.50, 0.00, 0.00, 0.00, 0.00, 0.00, 0.00, 0.00, 0.00, '2025-03-21 06:46:34', '2025-03-21 06:46:34', NULL, NULL),
('48f20bb2-35a0-42c3-a30c-c57c9ad3a6ef', '9', '27ac8078-633d-4bfb-86be-225426541355', 3.00, 1, 0.09, 0.00, 0.00, 0.00, 0.00, 0.00, 0.00, 0.00, 0.00, '2025-03-15 09:58:20', '2025-03-15 09:58:20', NULL, NULL),
('56096b07-b710-41ca-b758-ea58d3a5f9ce', '6', '6914ad19-ab08-4128-88f2-c9a148021c1a', 45.00, 1, 0.90, 0.00, 0.00, 0.00, 0.00, 0.00, 0.00, 0.00, 0.00, '2025-03-15 09:51:52', '2025-03-15 09:51:52', NULL, NULL),
('5cc13682-2763-4146-96da-86cf1f57c549', '4', '1cd87478-ff7d-421a-aeca-1406212fc78d', 150.00, 1, 3.00, 0.00, 0.00, 0.00, 0.00, 0.00, 0.00, 0.00, 218.28, '2025-02-22 18:31:42', '2025-02-22 18:33:26', NULL, NULL),
('5d5eb1e0-63ec-4d1d-b673-c6dcecbd3bb4', '30', '66e5880b-53b7-4f76-88dc-aaec1bda8097', 100.00, 1, 5.00, 0.00, 0.00, 0.00, 0.00, 0.00, 0.00, 0.00, 0.00, '2025-07-06 12:28:43', '2025-07-06 12:28:43', NULL, NULL),
('6a771963-f39d-41a8-bf48-28ed94977be2', '23', '3f455af4-fd78-4949-acb7-e89b2aecf5a5', 50.00, 1, 2.50, 0.00, 0.00, 0.00, 0.00, 0.00, 0.00, 10.00, 42.50, '2025-05-13 04:09:15', '2025-05-17 22:15:16', NULL, NULL),
('6b4deee5-8830-4ed6-a0a1-06b718165c07', '16', 'e267638b-afb3-4c44-b18e-cf449425acf0', 10.00, 1, 0.50, 0.00, 0.00, 0.00, 0.00, 0.00, 0.00, 0.00, 0.00, '2025-03-28 09:13:03', '2025-03-28 09:13:03', NULL, NULL),
('6ca27280-e209-41ca-94a7-9543835db2dc', '17', '9f5b9dd7-ebcb-4538-a04d-a4cf3fd707f0', 150.00, 1, 3.00, 0.00, 0.00, 0.00, 0.00, 0.00, 0.00, 0.00, 0.00, '2025-03-28 09:24:47', '2025-03-28 09:24:47', NULL, NULL),
('76afd114-88ed-4194-9519-d4038d3d7fe6', '14', '82cb9618-82fc-424c-a540-8abf72d440ab', 10.00, 2, 1.00, 0.00, 0.00, 0.00, 0.00, 0.00, 0.00, 0.00, 0.00, '2025-03-20 10:05:31', '2025-03-20 10:05:31', NULL, NULL),
('8479546b-9adc-461e-ac16-20551bae3e3a', '25', '08726a37-86f7-46ef-b10b-d8af37db767a', 100.00, 1, 5.00, 0.00, 0.00, 0.00, 0.00, 0.00, 0.00, 0.00, 0.00, '2025-06-28 12:28:09', '2025-06-28 12:28:09', NULL, NULL),
('85ec7138-d077-4c14-998a-72991f54731d', '5', '1cd87478-ff7d-421a-aeca-1406212fc78d', 64.00, 1, 1.28, 0.00, 0.00, 0.00, 0.00, 0.00, 0.00, 0.00, 0.00, '2025-02-22 18:33:14', '2025-02-22 18:33:14', NULL, NULL),
('8d368215-fa5a-408d-9af9-6ceb5044abbc', '27', '5ffee318-8801-4838-b12c-d6b1afb3009e', 100.00, 1, 5.00, 0.00, 0.00, 0.00, 0.00, 0.00, 0.00, 0.00, 0.00, '2025-07-06 11:03:37', '2025-07-06 11:03:37', NULL, NULL),
('97143701-2841-4084-a786-5019d2ca90e5', '22', '52100c37-3440-4036-8fe4-941ca1f0a1b8', 85.00, 1, 2.55, 0.00, 0.00, 0.00, 0.00, 0.00, 0.00, 0.00, 0.00, '2025-05-13 00:38:16', '2025-05-13 00:38:16', NULL, NULL),
('9ece2d91-f33b-4ab9-afd4-6f39da7b8ef7', '31', '4cba1db9-c48a-454f-bb8d-ed975d7e6869', 100.00, 1, 5.00, 0.00, 0.00, 0.00, 0.00, 0.00, 0.00, 0.00, 0.00, '2025-07-23 07:06:16', '2025-07-23 07:06:16', NULL, NULL),
('a9b80c9b-46c4-4f49-98f2-f46afbd68ca9', '20', '1b78b62e-95bd-4310-b185-60dbef9fb887', 150.00, 1, 3.00, 0.00, 0.00, 0.00, 0.00, 0.00, 0.00, 0.00, 0.00, '2025-03-28 10:01:12', '2025-03-28 10:01:12', NULL, NULL),
('d0c5d1f9-d46b-43e8-aaa4-751f9c561e3f', '1', '85e31932-26a1-411d-b40a-3bb7e988ff69', 20.00, 1, 0.00, 0.00, 0.00, 0.00, 0.00, 0.00, 0.00, 0.00, 0.00, '2025-02-22 17:26:19', '2025-02-22 17:26:19', NULL, NULL),
('dcdf2ede-08af-4dda-bd81-22f57beaa49d', '13', 'e8632c13-219f-4332-8664-f475190ef1f3', 150.00, 1, 3.00, 0.00, 0.00, 0.00, 0.00, 0.00, 0.00, 0.00, 0.00, '2025-03-20 09:58:07', '2025-03-20 09:58:07', NULL, NULL),
('dd0dc5eb-e672-4b14-885f-b1710536978d', '26', 'f00ddafa-bc71-452e-99da-a392a25c780e', 100.00, 2, 10.00, 0.00, 0.00, 0.00, 0.00, 0.00, 0.00, 0.00, 0.00, '2025-07-06 09:15:44', '2025-07-06 09:15:44', NULL, NULL),
('e314e92b-de66-4dba-907a-36748a04fde2', '28', '8312997a-77af-4f77-af1d-f3769e775f12', 100.00, 1, 5.00, 0.00, 0.00, 0.00, 0.00, 0.00, 0.00, 0.00, 0.00, '2025-07-06 11:42:41', '2025-07-06 11:42:41', NULL, NULL),
('eab1b567-cd25-49e2-b7ef-8191c35cb2c9', '3', '84e7f389-6554-4621-be7f-deb8ea1f5216', 150.00, 1, 3.00, 0.00, 0.00, 0.00, 0.00, 0.00, 0.00, 0.00, 0.00, '2025-02-22 18:27:03', '2025-02-22 18:27:03', NULL, NULL),
('fb530a7b-cb9a-4889-a2c3-8003d9a1015e', '11', 'e3afc60e-4d2d-46e9-91bb-f060bf453df2', 3.00, 1, 0.09, 0.00, 0.00, 0.00, 0.00, 0.00, 0.00, 0.00, 0.00, '2025-03-15 09:59:57', '2025-03-15 09:59:57', NULL, NULL),
('ff1d0b53-0012-4cdc-8955-8230516d0897', '24', 'f76a6ec4-edfe-4678-9c90-b20acca3cfbb', 100.00, 1, 5.00, 0.00, 0.00, 0.00, 0.00, 0.00, 0.00, 0.00, 0.00, '2025-06-28 11:55:19', '2025-06-28 11:55:19', NULL, NULL);

-- --------------------------------------------------------

--
-- Table structure for table `booking_ignores`
--

CREATE TABLE `booking_ignores` (
  `id` bigint UNSIGNED NOT NULL,
  `booking_id` char(36) COLLATE utf8mb4_unicode_ci DEFAULT NULL,
  `provider_id` char(36) COLLATE utf8mb4_unicode_ci DEFAULT NULL,
  `created_at` timestamp NULL DEFAULT NULL,
  `updated_at` timestamp NULL DEFAULT NULL
) ENGINE=InnoDB DEFAULT CHARSET=utf8mb4 COLLATE=utf8mb4_unicode_ci;

-- --------------------------------------------------------

--
-- Table structure for table `booking_offline_payments`
--

CREATE TABLE `booking_offline_payments` (
  `id` char(36) COLLATE utf8mb4_unicode_ci NOT NULL,
  `booking_id` char(36) COLLATE utf8mb4_unicode_ci NOT NULL,
  `method_name` text COLLATE utf8mb4_unicode_ci,
  `customer_information` longtext CHARACTER SET utf8mb4 COLLATE utf8mb4_bin NOT NULL,
  `created_at` timestamp NULL DEFAULT NULL,
  `updated_at` timestamp NULL DEFAULT NULL
) ENGINE=InnoDB DEFAULT CHARSET=utf8mb4 COLLATE=utf8mb4_unicode_ci;

-- --------------------------------------------------------

--
-- Table structure for table `booking_partial_payments`
--

CREATE TABLE `booking_partial_payments` (
  `id` char(36) COLLATE utf8mb4_unicode_ci NOT NULL,
  `booking_id` varchar(255) COLLATE utf8mb4_unicode_ci NOT NULL,
  `paid_with` varchar(255) COLLATE utf8mb4_unicode_ci NOT NULL,
  `paid_amount` decimal(24,3) NOT NULL DEFAULT '0.000',
  `due_amount` decimal(24,3) NOT NULL DEFAULT '0.000',
  `created_at` timestamp NULL DEFAULT NULL,
  `updated_at` timestamp NULL DEFAULT NULL
) ENGINE=InnoDB DEFAULT CHARSET=utf8mb4 COLLATE=utf8mb4_unicode_ci;

-- --------------------------------------------------------

--
-- Table structure for table `booking_repeat_details`
--

CREATE TABLE `booking_repeat_details` (
  `id` char(36) COLLATE utf8mb4_unicode_ci NOT NULL,
  `booking_repeat_id` char(36) COLLATE utf8mb4_unicode_ci DEFAULT NULL,
  `booking_id` char(36) COLLATE utf8mb4_unicode_ci DEFAULT NULL,
  `booking_details_id` char(36) COLLATE utf8mb4_unicode_ci DEFAULT NULL,
  `service_id` char(36) COLLATE utf8mb4_unicode_ci DEFAULT NULL,
  `variant_key` varchar(255) COLLATE utf8mb4_unicode_ci DEFAULT NULL,
  `service_name` varchar(255) COLLATE utf8mb4_unicode_ci DEFAULT NULL,
  `service_cost` decimal(24,3) NOT NULL DEFAULT '0.000',
  `quantity` int NOT NULL DEFAULT '1',
  `discount_amount` decimal(24,3) NOT NULL DEFAULT '0.000',
  `tax_amount` decimal(24,3) NOT NULL DEFAULT '0.000',
  `total_cost` decimal(24,3) NOT NULL DEFAULT '0.000',
  `campaign_discount_amount` decimal(24,3) NOT NULL DEFAULT '0.000',
  `overall_coupon_discount_amount` decimal(24,3) NOT NULL DEFAULT '0.000',
  `created_at` timestamp NULL DEFAULT NULL,
  `updated_at` timestamp NULL DEFAULT NULL
) ENGINE=InnoDB DEFAULT CHARSET=utf8mb4 COLLATE=utf8mb4_unicode_ci;

-- --------------------------------------------------------

--
-- Table structure for table `booking_repeat_histories`
--

CREATE TABLE `booking_repeat_histories` (
  `id` bigint UNSIGNED NOT NULL,
  `booking_id` char(36) COLLATE utf8mb4_unicode_ci DEFAULT NULL,
  `booking_repeat_id` char(36) COLLATE utf8mb4_unicode_ci DEFAULT NULL,
  `booking_repeat_details_id` char(36) COLLATE utf8mb4_unicode_ci DEFAULT NULL,
  `readable_id` varchar(255) COLLATE utf8mb4_unicode_ci DEFAULT NULL,
  `old_quantity` int DEFAULT NULL,
  `new_quantity` int DEFAULT NULL,
  `is_multiple` tinyint NOT NULL DEFAULT '0',
  `total_booking_amount` decimal(24,3) NOT NULL DEFAULT '0.000',
  `total_tax_amount` decimal(24,3) NOT NULL DEFAULT '0.000',
  `total_discount_amount` decimal(24,3) NOT NULL DEFAULT '0.000',
  `extra_fee` decimal(24,3) NOT NULL DEFAULT '0.000',
  `total_referral_discount_amount` decimal(24,3) NOT NULL DEFAULT '0.000',
  `log_details` longtext CHARACTER SET utf8mb4 COLLATE utf8mb4_bin,
  `created_at` timestamp NULL DEFAULT NULL,
  `updated_at` timestamp NULL DEFAULT NULL
) ;

-- --------------------------------------------------------

--
-- Table structure for table `booking_schedule_histories`
--

CREATE TABLE `booking_schedule_histories` (
  `id` bigint UNSIGNED NOT NULL,
  `booking_id` char(36) COLLATE utf8mb4_unicode_ci NOT NULL,
  `changed_by` char(36) COLLATE utf8mb4_unicode_ci NOT NULL,
  `schedule` datetime NOT NULL,
  `created_at` timestamp NULL DEFAULT NULL,
  `updated_at` timestamp NULL DEFAULT NULL,
  `is_guest` tinyint(1) NOT NULL DEFAULT '0',
  `booking_repeat_id` char(36) COLLATE utf8mb4_unicode_ci DEFAULT NULL
) ENGINE=InnoDB DEFAULT CHARSET=utf8mb4 COLLATE=utf8mb4_unicode_ci;

--
-- Dumping data for table `booking_schedule_histories`
--

INSERT INTO `booking_schedule_histories` (`id`, `booking_id`, `changed_by`, `schedule`, `created_at`, `updated_at`, `is_guest`, `booking_repeat_id`) VALUES
(1, '85e31932-26a1-411d-b40a-3bb7e988ff69', '51f3abfc-a451-47a5-ba06-6961edb546a3', '2025-02-22 08:28:00', '2025-02-22 17:26:19', '2025-02-22 17:26:19', 0, NULL),
(2, '84e7f389-6554-4621-be7f-deb8ea1f5216', '51f3abfc-a451-47a5-ba06-6961edb546a3', '2025-02-22 09:28:32', '2025-02-22 18:27:03', '2025-02-22 18:27:03', 0, NULL),
(3, '1cd87478-ff7d-421a-aeca-1406212fc78d', '51f3abfc-a451-47a5-ba06-6961edb546a3', '2025-02-22 09:33:28', '2025-02-22 18:31:42', '2025-02-22 18:31:42', 0, NULL),
(4, '6914ad19-ab08-4128-88f2-c9a148021c1a', '5061a8c2-5e46-43ec-ab67-1465874c2932', '2025-03-15 00:52:48', '2025-03-15 09:51:52', '2025-03-15 09:51:52', 0, NULL),
(5, 'c162d9af-f0b1-4f05-a3be-97ccabbf8e27', '5061a8c2-5e46-43ec-ab67-1465874c2932', '2025-03-15 00:58:45', '2025-03-15 09:56:50', '2025-03-15 09:56:50', 0, NULL),
(6, '27ac8078-633d-4bfb-86be-225426541355', '5061a8c2-5e46-43ec-ab67-1465874c2932', '2025-03-15 01:00:16', '2025-03-15 09:58:20', '2025-03-15 09:58:20', 0, NULL),
(7, 'e3afc60e-4d2d-46e9-91bb-f060bf453df2', '5061a8c2-5e46-43ec-ab67-1465874c2932', '2025-03-15 01:01:49', '2025-03-15 09:59:57', '2025-03-15 09:59:57', 0, NULL),
(8, 'e8632c13-219f-4332-8664-f475190ef1f3', 'f0d3c490-f54a-11ef-90da-9f842e684f4c', '2025-03-20 00:59:09', '2025-03-20 09:58:07', '2025-03-20 09:58:07', 1, NULL),
(9, '82cb9618-82fc-424c-a540-8abf72d440ab', 'f0d3c490-f54a-11ef-90da-9f842e684f4c', '2025-03-20 01:07:24', '2025-03-20 10:05:31', '2025-03-20 10:05:31', 1, NULL),
(10, '6d3afdd5-98f4-49b8-b99d-a0abcde79e92', 'f0d3c490-f54a-11ef-90da-9f842e684f4c', '2025-03-20 21:47:56', '2025-03-21 06:46:34', '2025-03-21 06:46:34', 1, NULL),
(11, 'e267638b-afb3-4c44-b18e-cf449425acf0', '66fd43e6-4359-42d4-96b9-48442340b696', '2025-03-28 00:14:57', '2025-03-28 09:13:03', '2025-03-28 09:13:03', 0, NULL),
(12, '9f5b9dd7-ebcb-4538-a04d-a4cf3fd707f0', '66fd43e6-4359-42d4-96b9-48442340b696', '2025-03-28 00:26:41', '2025-03-28 09:24:47', '2025-03-28 09:24:47', 0, NULL),
(13, '4868df60-1bfc-4d36-a84b-e97cf52476d6', '66fd43e6-4359-42d4-96b9-48442340b696', '2025-03-28 00:27:29', '2025-03-28 09:25:35', '2025-03-28 09:25:35', 0, NULL),
(14, 'a3994d81-8e49-492d-944a-c6d8b47efd91', '66fd43e6-4359-42d4-96b9-48442340b696', '2025-03-28 00:50:19', '2025-03-28 09:48:26', '2025-03-28 09:48:26', 0, NULL),
(15, '1b78b62e-95bd-4310-b185-60dbef9fb887', '66fd43e6-4359-42d4-96b9-48442340b696', '2025-03-28 01:03:06', '2025-03-28 10:01:12', '2025-03-28 10:01:12', 0, NULL),
(16, '626558e8-25f3-4211-a109-5fb3aec32110', 'c1332b5d-d1b6-47ab-a941-f8b6d98315b6', '2025-05-12 13:07:07', '2025-05-12 23:06:01', '2025-05-12 23:06:01', 0, NULL),
(17, '52100c37-3440-4036-8fe4-941ca1f0a1b8', 'c1332b5d-d1b6-47ab-a941-f8b6d98315b6', '2025-05-12 14:40:08', '2025-05-13 00:38:16', '2025-05-13 00:38:16', 0, NULL),
(18, '3f455af4-fd78-4949-acb7-e89b2aecf5a5', 'c1332b5d-d1b6-47ab-a941-f8b6d98315b6', '2025-05-12 18:11:06', '2025-05-13 04:09:15', '2025-05-13 04:09:15', 0, NULL),
(19, 'f76a6ec4-edfe-4678-9c90-b20acca3cfbb', 'e481d139-3705-4e1f-8c28-7a27dfce1de9', '2025-06-27 22:57:02', '2025-06-28 11:55:19', '2025-06-28 11:55:19', 0, NULL),
(20, '08726a37-86f7-46ef-b10b-d8af37db767a', '00c20be3-105d-4e1c-a100-6e0e4f2c5df7', '2025-06-28 02:29:58', '2025-06-28 12:28:09', '2025-06-28 12:28:09', 0, NULL),
(21, 'f00ddafa-bc71-452e-99da-a392a25c780e', '03b98442-3ee8-40ee-80ba-23712b14a80f', '2025-07-15 23:17:00', '2025-07-06 09:15:44', '2025-07-06 09:15:44', 0, NULL),
(22, '5ffee318-8801-4838-b12c-d6b1afb3009e', '03b98442-3ee8-40ee-80ba-23712b14a80f', '2025-07-06 00:54:54', '2025-07-06 11:03:37', '2025-07-06 11:03:37', 0, NULL),
(23, '8312997a-77af-4f77-af1d-f3769e775f12', '03b98442-3ee8-40ee-80ba-23712b14a80f', '2025-07-06 01:44:02', '2025-07-06 11:42:41', '2025-07-06 11:42:41', 0, NULL),
(24, 'ac5ddd7c-5d9d-4d84-9e4b-4dba265cc5b6', '03b98442-3ee8-40ee-80ba-23712b14a80f', '2025-07-06 01:54:53', '2025-07-06 11:53:11', '2025-07-06 11:53:11', 0, NULL),
(25, '66e5880b-53b7-4f76-88dc-aaec1bda8097', '03b98442-3ee8-40ee-80ba-23712b14a80f', '2025-07-06 02:30:15', '2025-07-06 12:28:43', '2025-07-06 12:28:43', 0, NULL),
(26, '4cba1db9-c48a-454f-bb8d-ed975d7e6869', 'e481d139-3705-4e1f-8c28-7a27dfce1de9', '2025-07-22 18:07:34', '2025-07-23 07:06:16', '2025-07-23 07:06:16', 0, NULL);

-- --------------------------------------------------------

--
-- Table structure for table `booking_status_histories`
--

CREATE TABLE `booking_status_histories` (
  `id` bigint UNSIGNED NOT NULL,
  `booking_id` char(36) COLLATE utf8mb4_unicode_ci NOT NULL,
  `changed_by` char(36) COLLATE utf8mb4_unicode_ci NOT NULL,
  `booking_status` varchar(255) COLLATE utf8mb4_unicode_ci NOT NULL,
  `created_at` timestamp NULL DEFAULT NULL,
  `updated_at` timestamp NULL DEFAULT NULL,
  `is_guest` tinyint(1) NOT NULL DEFAULT '0',
  `booking_repeat_id` char(36) COLLATE utf8mb4_unicode_ci DEFAULT NULL
) ENGINE=InnoDB DEFAULT CHARSET=utf8mb4 COLLATE=utf8mb4_unicode_ci;

--
-- Dumping data for table `booking_status_histories`
--

INSERT INTO `booking_status_histories` (`id`, `booking_id`, `changed_by`, `booking_status`, `created_at`, `updated_at`, `is_guest`, `booking_repeat_id`) VALUES
(1, '51f3abfc-a451-47a5-ba06-6961edb546a3', '85e31932-26a1-411d-b40a-3bb7e988ff69', 'pending', '2025-02-22 17:26:19', '2025-02-22 17:26:19', 0, NULL),
(2, '85e31932-26a1-411d-b40a-3bb7e988ff69', '2d69016c-ca73-4481-86e6-b504d3c57cb1', 'accepted', '2025-02-22 17:27:29', '2025-02-22 17:27:29', 0, NULL),
(3, '85e31932-26a1-411d-b40a-3bb7e988ff69', '2d69016c-ca73-4481-86e6-b504d3c57cb1', 'ongoing', '2025-02-22 17:28:24', '2025-02-22 17:28:24', 0, NULL),
(4, '51f3abfc-a451-47a5-ba06-6961edb546a3', '84e7f389-6554-4621-be7f-deb8ea1f5216', 'pending', '2025-02-22 18:27:03', '2025-02-22 18:27:03', 0, NULL),
(5, '51f3abfc-a451-47a5-ba06-6961edb546a3', '1cd87478-ff7d-421a-aeca-1406212fc78d', 'pending', '2025-02-22 18:31:42', '2025-02-22 18:31:42', 0, NULL),
(6, '1cd87478-ff7d-421a-aeca-1406212fc78d', '2d69016c-ca73-4481-86e6-b504d3c57cb1', 'accepted', '2025-02-22 18:32:19', '2025-02-22 18:32:19', 0, NULL),
(7, '5061a8c2-5e46-43ec-ab67-1465874c2932', '6914ad19-ab08-4128-88f2-c9a148021c1a', 'pending', '2025-03-15 09:51:52', '2025-03-15 09:51:52', 0, NULL),
(8, '5061a8c2-5e46-43ec-ab67-1465874c2932', 'c162d9af-f0b1-4f05-a3be-97ccabbf8e27', 'pending', '2025-03-15 09:56:50', '2025-03-15 09:56:50', 0, NULL),
(9, '5061a8c2-5e46-43ec-ab67-1465874c2932', '27ac8078-633d-4bfb-86be-225426541355', 'pending', '2025-03-15 09:58:20', '2025-03-15 09:58:20', 0, NULL),
(10, '5061a8c2-5e46-43ec-ab67-1465874c2932', 'e3afc60e-4d2d-46e9-91bb-f060bf453df2', 'pending', '2025-03-15 09:59:57', '2025-03-15 09:59:57', 0, NULL),
(11, '84e7f389-6554-4621-be7f-deb8ea1f5216', '2d69016c-ca73-4481-86e6-b504d3c57cb1', 'accepted', '2025-03-15 10:41:51', '2025-03-15 10:41:51', 0, NULL),
(12, 'f0d3c490-f54a-11ef-90da-9f842e684f4c', 'e8632c13-219f-4332-8664-f475190ef1f3', 'pending', '2025-03-20 09:58:07', '2025-03-20 09:58:07', 1, NULL),
(13, 'f0d3c490-f54a-11ef-90da-9f842e684f4c', '82cb9618-82fc-424c-a540-8abf72d440ab', 'pending', '2025-03-20 10:05:31', '2025-03-20 10:05:31', 1, NULL),
(14, 'f0d3c490-f54a-11ef-90da-9f842e684f4c', '6d3afdd5-98f4-49b8-b99d-a0abcde79e92', 'pending', '2025-03-21 06:46:34', '2025-03-21 06:46:34', 1, NULL),
(15, '66fd43e6-4359-42d4-96b9-48442340b696', 'e267638b-afb3-4c44-b18e-cf449425acf0', 'pending', '2025-03-28 09:13:03', '2025-03-28 09:13:03', 0, NULL),
(16, '66fd43e6-4359-42d4-96b9-48442340b696', '9f5b9dd7-ebcb-4538-a04d-a4cf3fd707f0', 'pending', '2025-03-28 09:24:47', '2025-03-28 09:24:47', 0, NULL),
(17, '66fd43e6-4359-42d4-96b9-48442340b696', '4868df60-1bfc-4d36-a84b-e97cf52476d6', 'pending', '2025-03-28 09:25:35', '2025-03-28 09:25:35', 0, NULL),
(18, '66fd43e6-4359-42d4-96b9-48442340b696', 'a3994d81-8e49-492d-944a-c6d8b47efd91', 'pending', '2025-03-28 09:48:26', '2025-03-28 09:48:26', 0, NULL),
(19, '66fd43e6-4359-42d4-96b9-48442340b696', '1b78b62e-95bd-4310-b185-60dbef9fb887', 'pending', '2025-03-28 10:01:12', '2025-03-28 10:01:12', 0, NULL),
(20, 'c1332b5d-d1b6-47ab-a941-f8b6d98315b6', '626558e8-25f3-4211-a109-5fb3aec32110', 'pending', '2025-05-12 23:06:01', '2025-05-12 23:06:01', 0, NULL),
(21, 'c1332b5d-d1b6-47ab-a941-f8b6d98315b6', '52100c37-3440-4036-8fe4-941ca1f0a1b8', 'pending', '2025-05-13 00:38:16', '2025-05-13 00:38:16', 0, NULL),
(22, 'c1332b5d-d1b6-47ab-a941-f8b6d98315b6', '3f455af4-fd78-4949-acb7-e89b2aecf5a5', 'pending', '2025-05-13 04:09:15', '2025-05-13 04:09:15', 0, NULL),
(23, '3f455af4-fd78-4949-acb7-e89b2aecf5a5', '3bfe09c9-152f-456a-9386-a7809a37ffd5', 'accepted', '2025-05-13 11:54:28', '2025-05-13 11:54:28', 0, NULL),
(24, '52100c37-3440-4036-8fe4-941ca1f0a1b8', '3bfe09c9-152f-456a-9386-a7809a37ffd5', 'accepted', '2025-05-15 04:17:46', '2025-05-15 04:17:46', 0, NULL),
(25, '626558e8-25f3-4211-a109-5fb3aec32110', '3bfe09c9-152f-456a-9386-a7809a37ffd5', 'accepted', '2025-05-15 04:20:28', '2025-05-15 04:20:28', 0, NULL),
(26, '3f455af4-fd78-4949-acb7-e89b2aecf5a5', '10a1bb2c-c8f2-4bdd-9d7e-4468fe896a6e', 'completed', '2025-05-17 22:15:17', '2025-05-17 22:15:17', 0, NULL),
(27, '52100c37-3440-4036-8fe4-941ca1f0a1b8', '10a1bb2c-c8f2-4bdd-9d7e-4468fe896a6e', 'ongoing', '2025-05-17 22:16:04', '2025-05-17 22:16:04', 0, NULL),
(28, '1b78b62e-95bd-4310-b185-60dbef9fb887', '10a1bb2c-c8f2-4bdd-9d7e-4468fe896a6e', 'accepted', '2025-05-17 22:32:59', '2025-05-17 22:32:59', 0, NULL),
(29, 'e481d139-3705-4e1f-8c28-7a27dfce1de9', 'f76a6ec4-edfe-4678-9c90-b20acca3cfbb', 'accepted', '2025-06-28 11:55:19', '2025-06-28 11:55:19', 0, NULL),
(30, '00c20be3-105d-4e1c-a100-6e0e4f2c5df7', '08726a37-86f7-46ef-b10b-d8af37db767a', 'accepted', '2025-06-28 12:28:09', '2025-06-28 12:28:09', 0, NULL),
(31, '03b98442-3ee8-40ee-80ba-23712b14a80f', 'f00ddafa-bc71-452e-99da-a392a25c780e', 'accepted', '2025-07-06 09:15:44', '2025-07-06 09:15:44', 0, NULL),
(32, '03b98442-3ee8-40ee-80ba-23712b14a80f', '5ffee318-8801-4838-b12c-d6b1afb3009e', 'accepted', '2025-07-06 11:03:37', '2025-07-06 11:03:37', 0, NULL),
(33, '03b98442-3ee8-40ee-80ba-23712b14a80f', '8312997a-77af-4f77-af1d-f3769e775f12', 'accepted', '2025-07-06 11:42:41', '2025-07-06 11:42:41', 0, NULL),
(34, '03b98442-3ee8-40ee-80ba-23712b14a80f', 'ac5ddd7c-5d9d-4d84-9e4b-4dba265cc5b6', 'accepted', '2025-07-06 11:53:11', '2025-07-06 11:53:11', 0, NULL),
(35, '03b98442-3ee8-40ee-80ba-23712b14a80f', '66e5880b-53b7-4f76-88dc-aaec1bda8097', 'accepted', '2025-07-06 12:28:43', '2025-07-06 12:28:43', 0, NULL),
(36, 'e481d139-3705-4e1f-8c28-7a27dfce1de9', '4cba1db9-c48a-454f-bb8d-ed975d7e6869', 'accepted', '2025-07-23 07:06:16', '2025-07-23 07:06:16', 0, NULL);

-- --------------------------------------------------------

--
-- Table structure for table `business_settings`
--

CREATE TABLE `business_settings` (
  `id` char(36) COLLATE utf8mb4_unicode_ci NOT NULL COMMENT '(DC2Type:guid)',
  `key_name` varchar(191) COLLATE utf8mb4_unicode_ci DEFAULT NULL,
  `live_values` longtext COLLATE utf8mb4_unicode_ci,
  `test_values` longtext COLLATE utf8mb4_unicode_ci,
  `settings_type` varchar(255) COLLATE utf8mb4_unicode_ci DEFAULT NULL,
  `mode` varchar(20) COLLATE utf8mb4_unicode_ci NOT NULL DEFAULT 'live',
  `is_active` tinyint(1) NOT NULL DEFAULT '1',
  `created_at` timestamp NULL DEFAULT NULL,
  `updated_at` timestamp NULL DEFAULT NULL
) ENGINE=InnoDB DEFAULT CHARSET=utf8mb4 COLLATE=utf8mb4_unicode_ci;

--
-- Dumping data for table `business_settings`
--

INSERT INTO `business_settings` (`id`, `key_name`, `live_values`, `test_values`, `settings_type`, `mode`, `is_active`, `created_at`, `updated_at`) VALUES
('0098459d-9115-4c58-a6f8-becc65d3cb97', 'service_section_image', '\"2025-02-21-67b84afe6cac8.png\"', '\"2025-02-21-67b84afe6cac8.png\"', 'landing_images', 'live', 0, '2022-10-03 17:37:21', '2025-02-21 22:44:30'),
('01b2c108-18fe-4ad0-8693-04be1bfa59aa', 'cancellation_policy', '\"<p>Demo cancellation policy<\\/p>\"', NULL, 'pages_setup', 'live', 1, '2022-08-06 03:54:38', '2024-10-08 12:42:37'),
('03840466-ae1f-429f-90f1-6b724953f4e4', 'referral_discount_validity', '0', '0', 'customer_config', 'live', 1, '2024-05-20 14:36:21', '2024-05-20 14:36:21'),
('053c7a7b-75f0-4e01-9961-5e81fdd001f6', 'email_verification', '1', '1', 'service_setup', 'live', 1, '2022-07-21 11:59:22', '2022-08-13 07:35:03'),
('078c60ff-a05f-4386-88c4-9b48e98dc7dd', 'releans', '{\"gateway\":\"releans\",\"mode\":\"live\",\"status\":\"1\",\"api_key\":\"data\",\"from\":\"data\",\"otp_template\":\"data\"}', '{\"gateway\":\"releans\",\"mode\":\"live\",\"status\":\"1\",\"api_key\":\"data\",\"from\":\"data\",\"otp_template\":\"data\"}', 'sms_config', 'live', 1, '2022-06-08 06:44:58', '2022-10-04 16:26:11'),
('08aa2f9f-e830-4190-87a0-1d57267ab023', 'booking_edit_service_quantity_increase', '{\"booking_edit_service_quantity_increase_status\":\"1\",\"booking_edit_service_quantity_increase_message\":\"Booking Edit Service Quantity Increase\"}', '{\"booking_edit_service_quantity_increase_status\":\"1\",\"booking_edit_service_quantity_increase_message\":\"Booking Edit Service Quantity Increase\"}', 'serviceman_notification', 'live', 1, '2023-11-28 15:33:21', '2023-11-28 15:33:21'),
('0a2e5ef2-4e4e-40b1-8ea6-9455a3549891', 'forget_password_verification_method', '\"email\"', '\"email\"', 'business_information', 'live', 1, '2023-05-29 16:22:38', '2023-05-29 16:22:38'),
('0b0ac068-a661-4e13-ab25-858b9f9bab9d', 'currency_code', '\"AED\"', '\"AED\"', 'business_information', 'live', 1, '2022-06-14 09:39:24', '2025-02-22 18:29:50'),
('0bb540c9-9ec6-4977-9284-be250d5b2fc5', 'maintenance_message_setup', '{\"business_number\":1,\"business_email\":1,\"maintenance_message\":\"We are Cooking Up Something Special!\",\"message_body\":\"Sorry for the inconvenience! We are currently undergoing scheduled maintenance to improve our services. We will be back shortly. Thank you for your patience.\"}', NULL, 'maintenance_mode', 'live', 1, '2024-08-25 14:24:01', '2024-08-25 14:24:01'),
('0c1bcdd4-d93e-4b4a-9ef9-4b5a15153bdb', 'bidding_post_validity', '0', '0', 'bidding_system', 'live', 1, '2023-08-30 13:09:23', '2023-08-30 13:09:23'),
('0d08217a-f52d-4ce2-a63c-88cd1445193f', 'provider_can_cancel_booking', '1', '1', 'provider_config', 'live', 1, '2022-07-20 06:04:17', '2025-02-21 21:10:56'),
('0d4fea8e-aafd-4fc1-8698-0069e2005b72', 'booking_notification_type', '\"manual\"', '\"manual\"', 'business_information', 'live', 1, '2024-10-08 12:42:37', '2025-02-21 13:00:30'),
('0d9bcbac-b423-4052-914a-ede9e7a19197', 'booking_notification', '\"1\"', '\"1\"', 'business_information', 'live', 1, '2024-10-08 12:42:37', '2025-02-21 13:00:30'),
('0e2d1635-6f80-4ea0-876b-11f09f16abb8', 'referral_earning', '{\"referral_earning_status\":\"1\",\"referral_earning_message\":\"Refferal Earning\"}', '{\"referral_earning_status\":\"1\",\"referral_earning_message\":\"Refferal Earning\"}', 'customer_notification', 'live', 1, '2023-11-28 15:33:21', '2023-11-28 15:33:21'),
('0f993fad-b7ba-4fdc-b394-5c34fd37ed68', 'widthdraw_request_deny', '{\"widthdraw_request_deny_status\":\"1\",\"widthdraw_request_deny_message\":\"Withdraw Request Deny\"}', '{\"widthdraw_request_deny_status\":\"1\",\"widthdraw_request_deny_message\":\"Withdraw Request Deny\"}', 'provider_notification', 'live', 1, '2023-11-28 15:33:21', '2023-11-28 15:33:21'),
('11c73e6c-f776-49f5-8857-f46fd08f5bcd', 'additional_charge_fee_amount', '0', '0', 'booking_setup', 'live', 1, '2023-08-30 13:09:23', '2023-08-30 13:09:23'),
('11d4f10d-2881-4c7d-baa6-e00ff603bc4b', 'social_media', '[{\"id\":\"c96083cd-cbb0-415b-a215-b77da4c293c9\",\"media\":\"facebook\",\"link\":\"https:\\/\\/www.facebook.com\"},{\"id\":\"8cc641e5-019d-4760-b912-efa39d937635\",\"media\":\"instagram\",\"link\":\"https:\\/\\/www.instagram.com\"},{\"id\":\"0f104f7c-f0cb-4933-b35b-c04f829a682d\",\"media\":\"linkedin\",\"link\":\"https:\\/\\/www.linkedin.com\"},{\"id\":\"793d22b1-aa6a-48c3-a654-47dc799532a7\",\"media\":\"youtube\",\"link\":\"https:\\/\\/www.youtube.com\"}]', '[{\"id\":\"c96083cd-cbb0-415b-a215-b77da4c293c9\",\"media\":\"facebook\",\"link\":\"https:\\/\\/www.facebook.com\"},{\"id\":\"8cc641e5-019d-4760-b912-efa39d937635\",\"media\":\"instagram\",\"link\":\"https:\\/\\/www.instagram.com\"},{\"id\":\"0f104f7c-f0cb-4933-b35b-c04f829a682d\",\"media\":\"linkedin\",\"link\":\"https:\\/\\/www.linkedin.com\"},{\"id\":\"793d22b1-aa6a-48c3-a654-47dc799532a7\",\"media\":\"youtube\",\"link\":\"https:\\/\\/www.youtube.com\"}]', 'landing_social_media', 'live', 0, '2023-08-30 19:27:38', '2023-08-30 19:28:46'),
('11dddc2e-2b89-4bcc-9d48-1d3071dc37d6', 'booking_complete', '{\"booking_complete_status\":\"1\",\"booking_complete_message\":\"Booking Complete\"}', '{\"booking_complete_status\":\"1\",\"booking_complete_message\":\"Booking Complete\"}', 'customer_notification', 'live', 1, '2023-11-28 15:33:21', '2023-11-28 15:33:21'),
('14290db3-1876-44a3-a70d-1410d753d673', 'campaign_cost_bearer', '{\"bearer\":\"provider\",\"admin_percentage\":0,\"provider_percentage\":100,\"type\":\"campaign\"}', '{\"bearer\":\"provider\",\"admin_percentage\":0,\"provider_percentage\":100,\"type\":\"campaign\"}', 'promotional_setup', 'live', 1, '2023-01-22 17:33:48', '2023-01-22 17:33:48'),
('14eaf75b-68f2-412b-8062-189cff9582cc', 'app_url_appstore', '\"\\/\"', '\"\\/\"', 'landing_button_and_links', 'live', 1, '2022-10-03 16:00:01', '2022-10-04 16:22:24'),
('16212625-a1cb-428e-b201-1975495a32cc', 'provider_self_registration', '1', '1', 'provider_config', 'live', 1, '2022-07-21 11:59:22', '2025-02-21 21:10:56'),
('16ee9973-8d7f-4984-9357-3490fdb8fe04', 'otp', '{\"otp_status\":\"1\",\"otp_message\":\"Confirmation OTP\"}', '{\"otp_status\":\"1\",\"otp_message\":\"Confirmation OTP\"}', 'customer_notification', 'live', 1, '2023-11-28 15:33:21', '2023-11-28 15:33:21'),
('18ff5091-1416-4b68-8a11-4a4db54d94bc', 'rating_review', '{\"push_notification_rating_review\":\"1\",\"email_rating_review\":\"1\"}', '{\"push_notification_rating_review\":\"1\",\"email_rating_review\":\"1\"}', 'notification_settings', 'live', 1, '2022-06-06 12:41:28', '2022-08-16 07:43:35'),
('193e005b-a715-4f6f-97cc-2554377b1f28', 'app_url_playstore', '\"\\/\"', '\"\\/\"', 'landing_button_and_links', 'live', 1, '2022-10-03 16:00:01', '2022-10-04 16:22:24'),
('1a4ff5aa-2956-458d-96e6-e0847635910c', 'referral_earning_first_booking', '{\"referral_earning_first_booking_status\":\"1\",\"referral_earning_first_booking_message\":\"Referral Earning First Booking\"}', '{\"referral_earning_first_booking_status\":\"1\",\"referral_earning_first_booking_message\":\"Referral Earning First Booking\"}', 'customer_notification', 'live', 1, '2024-05-20 14:36:21', '2024-05-20 14:36:21'),
('1acfd678-38f4-4aab-8431-7f066e8de7f2', 'phone_verification', '0', '0', 'service_setup', 'live', 1, '2023-05-29 16:22:38', '2023-05-29 16:22:38'),
('1bb8c72b-20b2-4b89-82d3-c2ead7cf0675', 'serviceman_can_edit_booking', '0', '0', 'serviceman_config', 'live', 1, '2023-08-30 13:09:23', '2023-08-30 13:09:23'),
('1bc292a4-4244-4eb2-8760-5c0bd4d5e236', 'default_commission', '\"20\"', '\"20\"', 'business_information', 'live', 1, '2022-08-18 09:14:58', '2022-08-24 02:53:43'),
('1bfbbb5c-5786-491e-89ed-d366b2a84e30', 'customer_notification_for_provider_bid_withdraw', '{\"customer_notification_for_provider_bid_withdraw_status\":\"1\",\"customer_notification_for_provider_bid_withdraw_message\":\"Customer notification for provider bid withdraw\"}', '{\"customer_notification_for_provider_bid_withdraw_status\":\"1\",\"customer_notification_for_provider_bid_withdraw_message\":\"Customer notification for provider bid withdraw\"}', 'customer_notification', 'live', 1, '2024-05-20 14:36:21', '2024-05-20 14:36:21'),
('1c7e7c69-dd9d-4e7b-9379-b5314bb6ec58', 'testimonial', '[{\"id\":\"94f7a473-e9fb-48ec-8bd3-46a0229b3aef\",\"name\":\"Mike\",\"designation\":\"Designer\",\"review\":\"Thank you! That was very helpful! The Service men were very professionals & very caution about safety\",\"image\":\"2023-08-31-64ef36f7190ba.png\"}]', '[{\"id\":\"94f7a473-e9fb-48ec-8bd3-46a0229b3aef\",\"name\":\"Mike\",\"designation\":\"Designer\",\"review\":\"Thank you! That was very helpful! The Service men were very professionals & very caution about safety\",\"image\":\"2023-08-31-64ef36f7190ba.png\"}]', 'landing_testimonial', 'live', 1, '2022-10-03 16:54:42', '2023-08-30 19:33:13'),
('1cbe46a3-9f79-47e1-af47-0868c3da2727', 'booking_edit_service_quantity_decrease', '{\"booking_edit_service_quantity_decrease_status\":\"1\",\"booking_edit_service_quantity_decrease_message\":\"Booking Edit Service Quantity Decrease\"}', '{\"booking_edit_service_quantity_decrease_status\":\"1\",\"booking_edit_service_quantity_decrease_message\":\"Booking Edit Service Quantity Decrease\"}', 'provider_notification', 'live', 1, '2023-11-28 15:33:21', '2023-11-28 15:33:21'),
('1e8316f2-660a-44c5-b24c-97320ae212d0', 'booking_service_complete', '{\"booking_service_complete_status\":\"1\",\"booking_service_complete_message\":\"Booking Service successfully complete done\"}', '{\"booking_service_complete_status\":\"1\",\"booking_service_complete_message\":\"Booking Service successfully complete done\"}', 'notification_messages', 'live', 1, '2022-06-06 12:41:28', '2022-09-14 17:44:04'),
('26b9dcd8-b8cd-4cc0-9ab4-2705993c31a4', 'booking_cancel', '{\"booking_cancel_status\":\"1\",\"booking_cancel_message\":\"Booking Cancel\"}', '{\"booking_cancel_status\":\"1\",\"booking_cancel_message\":\"Booking Cancel\"}', 'serviceman_notification', 'live', 1, '2023-11-28 15:33:21', '2023-11-28 15:33:21'),
('27663114-d661-4eab-9eb5-6852bb3b7c7c', 'booking_edit_service_remove', '{\"booking_edit_service_remove_status\":\"1\",\"booking_edit_service_remove_message\":\"Booking Edit Service Remove\"}', '{\"booking_edit_service_remove_status\":\"1\",\"booking_edit_service_remove_message\":\"Booking Edit Service Remove\"}', 'provider_notification', 'live', 1, '2023-11-28 15:33:21', '2023-11-28 15:33:21'),
('2b0ce7e1-ba62-437c-9f5b-cd9ccd12ea1d', 'booking_accepted', '{\"booking_accepted_status\":\"1\",\"booking_accepted_message\":\"Booking Accepted\"}', '{\"booking_accepted_status\":\"1\",\"booking_accepted_message\":\"Booking Accepted\"}', 'provider_notification', 'live', 1, '2023-11-28 15:33:21', '2023-11-28 15:33:21'),
('2c0c6614-1990-4f6f-9c2d-c4481b8c18ff', 'service_complete_photo_evidence', '0', '0', 'booking_setup', 'live', 1, '2023-08-30 13:09:23', '2023-08-30 13:09:23'),
('2dd9ca52-ebd2-45b4-9d38-30a6a16b44ca', 'top_title', '\"Customer Statisfaciton is our main moto\"', '\"Customer Statisfaciton is our main moto\"', 'landing_text_setup', 'live', 0, '2022-10-03 15:36:11', '2022-10-03 15:36:11'),
('2dfa523c-65b0-478b-aa31-cf024151e8d9', 'serviceman_assign', '{\"serviceman_assign_status\":\"1\",\"serviceman_assign_message\":\"Serviceman Assign\"}', '{\"serviceman_assign_status\":\"1\",\"serviceman_assign_message\":\"Serviceman Assign\"}', 'serviceman_notification', 'live', 1, '2023-11-28 15:33:21', '2023-11-28 15:33:21'),
('303e1187-edf1-4e6c-9a0e-e5f57efe3013', 'booking_otp', '0', '0', 'booking_setup', 'live', 1, '2023-08-30 13:09:23', '2023-08-30 13:09:23'),
('30d0ed00-b027-45bb-aaee-ae5982e8c97b', 'add_to_fund_wallet', '0', '0', 'customer_config', 'live', 1, '2023-12-28 14:00:58', '2023-12-28 14:00:58'),
('31c5e759-3d31-4522-8ed7-2a067c623c68', 'booking_place', '{\"booking_place_status\":\"1\",\"booking_place_message\":\"Booking Service successfully placed\"}', '{\"booking_place_status\":\"1\",\"booking_place_message\":\"Booking Service successfully placed\"}', 'notification_messages', 'live', 1, '2022-06-06 12:41:28', '2022-10-04 16:23:49'),
('330878fe-66b8-4c86-b9f3-c69d7b7ab394', 'partial_payment', '0', '0', 'service_setup', 'live', 1, '2023-08-30 13:09:23', '2023-08-30 13:09:23'),
('35fdbc13-5505-4f08-a480-9a7922fde375', 'senang_pay', '{\"gateway\":\"senang_pay\",\"mode\":\"live\",\"status\":\"0\",\"callback_url\":\"https:\\/\\/url\\/return-senang-pay\",\"secret_key\":\"data\",\"merchant_id\":\"data\"}', '{\"gateway\":\"senang_pay\",\"mode\":\"live\",\"status\":\"0\",\"callback_url\":\"https:\\/\\/url\\/return-senang-pay\",\"secret_key\":\"data\",\"merchant_id\":\"data\"}', 'payment_config', 'live', 0, '2022-06-09 07:21:16', '2022-10-04 16:28:53'),
('382abfc4-4742-4080-9f17-350bbc57d813', 'booking_cancel', '{\"booking_cancel_status\":\"0\",\"booking_cancel_message\":\"Booking Cancel Successfully\"}', '{\"booking_cancel_status\":\"0\",\"booking_cancel_message\":\"Booking Cancel Successfully\"}', 'notification_messages', 'live', 0, '2022-06-06 12:41:28', '2022-09-14 20:11:36'),
('38c100f5-dc8c-4cf0-af94-855b607f6504', 'min_payable_amount', '\"1\"', '\"1\"', 'provider_config', 'live', 1, '2024-05-20 14:36:21', '2025-02-21 21:10:56'),
('3a9cf40c-c7ec-481c-8a79-5f33b154a561', 'email_config', '{\"mailer_name\":\"name\",\"host\":\"mail.host.com\",\"driver\":\"smtp\",\"port\":\"587\",\"user_name\":\"demo@6am.one\",\"email_id\":\"email@email.com\",\"encryption\":\"tls\",\"password\":\"password\"}', '{\"mailer_name\":\"name\",\"host\":\"mail.host.com\",\"driver\":\"smtp\",\"port\":\"587\",\"user_name\":\"demo@6am.one\",\"email_id\":\"email@email.com\",\"encryption\":\"tls\",\"password\":\"password\"}', 'email_config', 'live', 1, '2022-06-07 12:32:47', '2022-10-04 16:25:45'),
('3b0b4644-9ba9-48e9-8622-59426198e3b9', 'time_zone', '\"Pacific\\/Fakaofo\"', '\"Pacific\\/Fakaofo\"', 'business_information', 'live', 1, '2022-06-14 09:39:24', '2022-09-14 06:58:36'),
('3c0376ea-4fd1-454b-a1ff-f7f5c9242f0c', 'meta_description', '\"LARGEST BOOKING SERVICE PLATFORM TRUSTED BY CUSTOMERS & PROVIDERS\"', '\"LARGEST BOOKING SERVICE PLATFORM TRUSTED BY CUSTOMERS & PROVIDERS\"', 'landing_meta', 'live', 0, '2025-02-21 22:40:27', '2025-02-21 22:40:27'),
('3cee349b-0095-4eec-8da3-5db955242f7b', 's3_storage_credentials', '\"{\\\"key\\\":\\\"\\\",\\\"secret\\\":\\\"\\\",\\\"region\\\":\\\"\\\",\\\"bucket\\\":\\\"\\\",\\\"url\\\":\\\"\\\",\\\"endpoint\\\":\\\"\\\",\\\"path\\\":\\\"\\\"}\"', '\"{\\\"key\\\":\\\"\\\",\\\"secret_credential\\\":\\\"\\\",\\\"region\\\":\\\"\\\",\\\"bucket\\\":\\\"\\\",\\\"url\\\":\\\"\\\",\\\"endpoint\\\":\\\"\\\",\\\"path\\\":\\\"\\\"}\"', 'storage_settings', 'live', 1, '2024-07-07 16:15:01', '2024-07-07 16:15:01'),
('3d51e47f-da99-4757-8392-4d6ab9e37fc3', 'refund', '{\"refund_status\":\"1\",\"refund_message\":\"Refund\"}', '{\"refund_status\":\"1\",\"refund_message\":\"Refund\"}', 'customer_notification', 'live', 1, '2023-11-28 15:33:21', '2023-11-28 15:33:21'),
('3d8dfac5-f187-45ee-a3ba-17fa75224bab', 'booking_edit_service_quantity_increase', '{\"booking_edit_service_quantity_increase_status\":\"1\",\"booking_edit_service_quantity_increase_message\":\"Booking Edit Service Quantity Increase\"}', '{\"booking_edit_service_quantity_increase_status\":\"1\",\"booking_edit_service_quantity_increase_message\":\"Booking Edit Service Quantity Increase\"}', 'provider_notification', 'live', 1, '2023-11-28 15:33:21', '2023-11-28 15:33:21'),
('3dd386b8-066c-48c3-af22-f3f197347ea3', 'customer_wallet', '0', '0', 'customer_config', 'live', 1, '2023-02-23 00:25:16', '2023-02-23 00:25:16'),
('3e0fe0fa-e697-437e-a0a9-9ff4316f4d39', 'about_us_description', '\"Lorem Ipsum is simply dummy text of the printing and typesetting industry. Lorem Ipsum has been the industry\'s standard dummy text ever since the 1500s,\"', '\"Lorem Ipsum is simply dummy text of the printing and typesetting industry. Lorem Ipsum has been the industry\'s standard dummy text ever since the 1500s,\"', 'landing_text_setup', 'live', 0, '2022-10-03 15:36:11', '2022-10-03 15:36:11'),
('3e1a01ef-ec49-40a7-93b1-a15499028e32', 'bidding_status', '0', '0', 'bidding_system', 'live', 1, '2023-08-30 13:09:23', '2023-08-30 13:09:23'),
('3e4c8b9f-28a2-4f72-b3b5-8b5808121dc8', 'recaptcha', '{\"party_name\":\"recaptcha\",\"status\":\"0\",\"site_key\":\"apikey\",\"secret_key\":\"apikey\"}', '{\"party_name\":\"recaptcha\",\"status\":\"0\",\"site_key\":\"apikey\",\"secret_key\":\"apikey\"}', 'third_party', 'live', 0, '2022-07-25 10:57:25', '2022-10-04 16:24:50'),
('4007291b-5078-42ba-9051-fe9c991b9b2f', 'mid_title', '\"SERVICE WE PROVIDE FOR YOU\"', '\"SERVICE WE PROVIDE FOR YOU\"', 'landing_text_setup', 'live', 0, '2022-10-03 15:36:11', '2022-10-03 15:36:11'),
('43c89209-172b-47a1-851a-efb90f848aa0', 'top_image_1', '\"2025-02-21-67b84a6f0bf6e.png\"', '\"2025-02-21-67b84a6f0bf6e.png\"', 'landing_images', 'live', 0, '2022-10-03 16:06:10', '2025-02-21 22:42:07'),
('45721749-c637-498c-ad0b-5d369a2d6425', 'cookies_text', '\"lorem ipsum dollar\"', '\"lorem ipsum dollar\"', 'business_information', 'live', 1, '2023-02-23 00:25:16', '2023-08-30 19:38:59'),
('45825020-d72d-4d7c-8444-72b790507705', 'referral_discount_validity_type', '\"day\"', '\"day\"', 'customer_config', 'live', 1, '2024-05-20 14:36:21', '2024-05-20 14:36:21'),
('47817d69-8ec9-4730-b81f-838c4fc9d533', 'top_image_3', '\"2025-02-21-67b84aacac504.png\"', '\"2025-02-21-67b84aacac504.png\"', 'landing_images', 'live', 0, '2022-10-03 16:06:15', '2025-02-21 22:43:08'),
('47cbf32d-06bf-40ae-980c-3053e7f1a4ad', 'ongoing_booking', '{\"ongoing_booking_status\":\"1\",\"ongoing_booking_message\":\"Ongoing Booking\"}', '{\"ongoing_booking_status\":\"1\",\"ongoing_booking_message\":\"Ongoing Booking\"}', 'provider_notification', 'live', 1, '2023-11-28 15:33:21', '2023-11-28 15:33:21'),
('49146edb-2e7a-4280-ac19-de35c2f894f9', 'min_booking_amount', '0', '0', 'booking_setup', 'live', 1, '2023-08-30 13:09:23', '2023-08-30 13:09:23'),
('49697d57-c686-4d30-9398-9c5533595b7f', 'provider_bid_request_denied', '{\"provider_bid_request_denied_status\":\"1\",\"provider_bid_request_denied_message\":\"Provider Bid Request Denied\"}', '{\"provider_bid_request_denied_status\":\"1\",\"provider_bid_request_denied_message\":\"Provider Bid Request Denied\"}', 'provider_notification', 'live', 1, '2023-11-28 15:33:21', '2023-11-28 15:33:21'),
('4ad0c0ce-157c-46b2-b93d-261ca4f1a575', 'top_image_4', '\"2025-02-21-67b84abec4181.png\"', '\"2025-02-21-67b84abec4181.png\"', 'landing_images', 'live', 0, '2022-10-03 16:07:26', '2025-02-21 22:43:26'),
('4cdc5c2e-054d-485b-a906-f0c6032880db', 'subscription', '{\"push_notification_subscription\":\"1\",\"email_subscription\":\"1\"}', '{\"push_notification_subscription\":\"1\",\"email_subscription\":\"1\"}', 'notification_settings', 'live', 1, '2022-06-06 12:41:28', '2022-08-16 07:43:35'),
('4d69c64d-7956-4fd5-bdc0-59062152899d', 'max_booking_amount', '0', '0', 'booking_setup', 'live', 1, '2023-08-30 13:09:23', '2023-08-30 13:09:23'),
('4dc4001c-2294-4ccf-8f02-8e6457cb260e', 'provider_suspend', '{\"provider_suspend_status\":\"1\",\"provider_suspend_message\":\"Provider Suspend\"}', '{\"provider_suspend_status\":\"1\",\"provider_suspend_message\":\"Provider Suspend\"}', 'provider_notification', 'live', 1, '2023-11-28 15:33:21', '2023-11-28 15:33:21'),
('4dcb5aae-3a76-4754-b23a-286726a60d61', 'business_logo', '\"2025-02-21-67b833c9edf28.png\"', '\"2025-02-21-67b833c9edf28.png\"', 'business_information', 'live', 1, '2022-06-14 09:39:24', '2025-02-21 21:05:29'),
('4ddd1410-e290-4e3f-a66c-ee70f86368db', 'bottom_title', '\"GET ALL UPDATES & EXCITING NEWS\"', '\"GET ALL UPDATES & EXCITING NEWS\"', 'landing_text_setup', 'live', 0, '2022-10-03 15:36:11', '2022-10-03 16:14:45'),
('4e1af097-855e-43b8-ae10-0a0039039706', 'booking_accepted', '{\"booking_accepted_status\":\"0\",\"booking_accepted_message\":\"Booking Service successfully complete done\"}', '{\"booking_accepted_status\":\"0\",\"booking_accepted_message\":\"Booking Service successfully complete done\"}', 'notification_messages', 'live', 0, '2022-06-06 12:41:28', '2022-10-04 16:23:59'),
('4e6fda04-d5b3-4ddd-a086-3c6567346e5c', 'tnc_update', '{\"push_notification_tnc_update\":\"0\",\"email_tnc_update\":0}', '{\"push_notification_tnc_update\":\"0\",\"email_tnc_update\":0}', 'notification_settings', 'live', 1, '2022-06-06 12:41:28', '2022-10-04 16:23:28'),
('4e816e5e-ea8d-4d0e-bb57-5015c57be62a', 'system_language', '[{\"id\":1,\"name\":\"english\",\"direction\":\"ltr\",\"code\":\"en\",\"status\":1,\"default\":true},{\"id\":2,\"name\":\"ar\",\"code\":\"ar\",\"direction\":\"rtl\",\"status\":1,\"default\":false}]', '[{\"id\":1,\"name\":\"english\",\"direction\":\"ltr\",\"code\":\"en\",\"status\":1,\"default\":true},{\"id\":2,\"name\":\"ar\",\"code\":\"ar\",\"direction\":\"rtl\",\"status\":1,\"default\":false}]', 'business_information', 'live', 1, '2023-11-28 15:33:21', '2025-02-21 13:11:13'),
('514c7284-cab8-42a2-9f48-82e779d7afdd', 'direct_provider_booking', '\"0\"', '\"0\"', 'business_information', 'live', 1, '2023-08-30 19:38:42', '2023-08-30 19:38:42'),
('539b1d42-0730-418d-83b0-46911e42cc39', 'privacy_policy', '\"\\\"<p>Demo privacy policy<\\/p>\\\"\"', NULL, 'pages_setup', 'live', 1, '2022-08-06 04:00:09', '2022-09-08 14:37:37'),
('54b42ef4-2f17-4424-aebc-7e5490b97557', 'bottom_description', '\"Subcribe to out newsletters to receive all the latest activty we provide for you\"', '\"Subcribe to out newsletters to receive all the latest activty we provide for you\"', 'landing_text_setup', 'live', 0, '2022-10-03 15:36:11', '2022-10-03 16:14:45'),
('54b77f94-c818-41cc-afff-9200213a541f', 'booking_edit_service_remove', '{\"booking_edit_service_remove_status\":\"1\",\"booking_edit_service_remove_message\":\"Booking Edit Service Remove\"}', '{\"booking_edit_service_remove_status\":\"1\",\"booking_edit_service_remove_message\":\"Booking Edit Service Remove\"}', 'customer_notification', 'live', 1, '2023-11-28 15:33:21', '2023-11-28 15:33:21'),
('55f5fcbb-35db-4a57-b962-908cbc174ddf', 'provider_can_reply_review', '1', '1', 'provider_config', 'live', 1, '2024-10-08 12:42:37', '2025-02-21 21:10:56'),
('5675c00e-9686-4032-96f9-ce4631b9960a', 'speciality', '[{\"id\":\"c3392f65-51ea-460a-b503-41a6e986971e\",\"title\":\"Speciality\",\"description\":\"Speciality description\",\"image\":\"2023-08-31-64ef3bcbbeb55.png\"}]', '[{\"id\":\"c3392f65-51ea-460a-b503-41a6e986971e\",\"title\":\"Speciality\",\"description\":\"Speciality description\",\"image\":\"2023-08-31-64ef3bcbbeb55.png\"}]', 'landing_speciality', 'live', 1, '2022-10-03 18:13:41', '2023-08-30 19:53:45'),
('57b3d923-139a-430b-a7b8-2c0797110cfd', 'sms_verification', '1', '1', 'service_setup', 'live', 1, '2022-07-21 11:59:22', '2022-08-13 07:35:03'),
('5961e8be-4f8a-413b-a041-4aad8a4b0f59', 'email_config_status', '1', '1', 'email_config', 'live', 1, '2024-07-13 10:35:13', '2024-07-13 10:35:13'),
('59d855e6-06ad-487a-9ca1-bbd8d3db2dfa', 'stripe', '{\"gateway\":\"stripe\",\"mode\":\"test\",\"status\":\"1\",\"api_key\":\"data\",\"published_key\":\"data\"}', '{\"gateway\":\"stripe\",\"mode\":\"test\",\"status\":\"1\",\"api_key\":\"data\",\"published_key\":\"data\"}', 'payment_config', 'test', 1, '2022-06-09 05:41:48', '2022-10-04 16:28:57'),
('59f6e3d4-382f-47e6-b973-2c1cb2054016', 'digital_payment', '1', '1', 'service_setup', 'live', 1, '2023-05-29 16:22:38', '2023-05-29 16:22:38'),
('5b7601e2-d34f-45ac-9f69-6b01585c5001', 'advertisement_resumed', '{\"advertisement_resumed_status\":\"1\",\"advertisement_resumed_message\":\"Advertisement Resumed\"}', '{\"advertisement_resumed_status\":\"1\",\"advertisement_resumed_message\":\"Advertisement Resumed\"}', 'provider_notification', 'live', 1, '2024-05-20 14:36:21', '2024-05-20 14:36:21'),
('5d8972d5-ae9b-47cd-b76c-011923ea8e54', 'booking_edit_service_remove', '{\"booking_edit_service_remove_status\":\"1\",\"booking_edit_service_remove_message\":\"Booking Edit Service Remove\"}', '{\"booking_edit_service_remove_status\":\"1\",\"booking_edit_service_remove_message\":\"Booking Edit Service Remove\"}', 'serviceman_notification', 'live', 1, '2023-12-28 14:00:58', '2023-12-28 14:00:58'),
('5e470acd-7935-4394-ab56-008fdeb65029', 'third_party', '{\"party_name\":\"push_notification\",\"server_key\":\"56789fghjk\"}', '{\"party_name\":\"push_notification\",\"server_key\":\"56789fghjk\"}', 'third_party', 'live', 1, '2022-06-08 10:57:43', '2022-06-08 10:57:43'),
('6170b133-2556-4eb0-b5bf-3352566e5c83', 'booking_ongoing', '{\"booking_ongoing_status\":\"0\",\"booking_ongoing_message\":\"Booking Service successfully complete done\"}', '{\"booking_ongoing_status\":\"0\",\"booking_ongoing_message\":\"Booking Service successfully complete done\"}', 'notification_messages', 'live', 0, '2022-10-04 16:24:02', '2022-10-04 16:24:02'),
('629651ab-2fba-4b00-819e-60a4518fc8d0', 'meta_image', '\"2025-02-21-67b84a0bf353c.png\"', '\"2025-02-21-67b84a0bf353c.png\"', 'landing_meta', 'live', 0, '2025-02-21 22:40:28', '2025-02-21 22:40:28'),
('63eb11ab-b34d-4bfc-a55f-e807c1974f41', 'advertisement_denied', '{\"advertisement_denied_status\":\"1\",\"advertisement_denied_message\":\"Advertisement Denied\"}', '{\"advertisement_denied_status\":\"1\",\"advertisement_denied_message\":\"Advertisement Denied\"}', 'provider_notification', 'live', 1, '2024-05-20 14:36:21', '2024-05-20 14:36:21'),
('65e9c5de-c37d-4dc8-bc6a-011784784176', 'partial_payment_combinator', '\"all\"', '\"all\"', 'service_setup', 'live', 1, '2023-08-30 13:09:23', '2025-02-21 14:17:23'),
('668cdb3b-63a4-4ad4-ac35-407c811576b6', 'flutterwave', '{\"gateway\":\"flutterwave\",\"mode\":\"test\",\"status\":\"1\",\"secret_key\":\"data\",\"public_key\":\"data\",\"hash\":\"data\"}', '{\"gateway\":\"flutterwave\",\"mode\":\"test\",\"status\":\"1\",\"secret_key\":\"data\",\"public_key\":\"data\",\"hash\":\"data\"}', 'payment_config', 'test', 1, '2022-09-03 08:47:46', '2022-10-04 16:29:07'),
('694b2b7f-24a9-43b7-abaa-f73736e5873d', 'serviceman_assign', '{\"serviceman_assign_status\":\"1\",\"serviceman_assign_message\":\"Serviceman Assign\"}', '{\"serviceman_assign_status\":\"1\",\"serviceman_assign_message\":\"Serviceman Assign\"}', 'customer_notification', 'live', 1, '2023-11-28 15:33:21', '2023-11-28 15:33:21'),
('698dadfe-91b6-4b1b-9799-c6620f4bb0dc', 'booking_edit_service_quantity_increase', '{\"booking_edit_service_quantity_increase_status\":\"1\",\"booking_edit_service_quantity_increase_message\":\"Booking Edit Service Quantity Increase\"}', '{\"booking_edit_service_quantity_increase_status\":\"1\",\"booking_edit_service_quantity_increase_message\":\"Booking Edit Service Quantity Increase\"}', 'customer_notification', 'live', 1, '2023-11-28 15:33:21', '2023-11-28 15:33:21'),
('6a46c913-5d22-48bb-85ba-161defad284e', 'add_fund_wallet_bonus', '{\"add_fund_wallet_bonus_status\":\"1\",\"add_fund_wallet_bonus_message\":\"Add Fund Wallet Bonus\"}', '{\"add_fund_wallet_bonus_status\":\"1\",\"add_fund_wallet_bonus_message\":\"Add Fund Wallet Bonus\"}', 'customer_notification', 'live', 1, '2023-11-28 15:33:21', '2023-11-28 15:33:21'),
('6b208b3b-b474-4010-ab1c-57a708ef1a0d', 'customer_notification_for_provider_bid_offer', '{\"customer_notification_for_provider_bid_offer_status\":1,\"customer_notification_for_provider_bid_offer_message\":\"customer notification for provider bid offer\"}', '{\"customer_notification_for_provider_bid_offer_status\":1,\"customer_notification_for_provider_bid_offer_message\":\"customer notification for provider bid offer\"}', 'customer_notification', 'live', 1, '2023-11-28 15:33:21', '2025-02-22 16:08:28'),
('6c8aa862-cd24-489c-bcc7-b5d0361c6b18', 'advanced_booking_restriction_value', '3', '3', 'booking_setup', 'live', 1, '2024-05-20 14:36:21', '2024-05-20 14:36:21'),
('6d3c9600-0fd9-4ebe-a740-22c21c90f619', 'pp_update', '{\"push_notification_pp_update\":\"0\",\"email_pp_update\":0}', '{\"push_notification_pp_update\":\"0\",\"email_pp_update\":0}', 'notification_settings', 'live', 1, '2022-06-06 12:41:28', '2022-10-04 16:23:30'),
('6f654cb0-3fda-47ff-9084-e2f5db1fcc94', 'referral_based_new_user_discount', '0', '0', 'customer_config', 'live', 1, '2024-05-20 14:36:21', '2024-05-20 14:36:21'),
('6fcf21de-e1c8-4bd4-ab2c-dff708e79277', 'currency_symbol_position', '\"left\"', '\"left\"', 'business_information', 'live', 1, '2022-06-14 09:39:24', '2022-09-14 06:07:12'),
('7014ab21-7c89-4f6f-9e63-05806292802f', 'customer_loyalty_point', '0', '0', 'customer_config', 'live', 1, '2023-02-23 00:25:16', '2023-02-23 00:25:16'),
('72189cb6-4608-4311-8b0c-25ef39265566', 'advertisement_approved', '{\"advertisement_approved_status\":\"1\",\"advertisement_approved_message\":\"Advertisement Approved\"}', '{\"advertisement_approved_status\":\"1\",\"advertisement_approved_message\":\"Advertisement Approved\"}', 'provider_notification', 'live', 1, '2024-05-20 14:36:21', '2024-05-20 14:36:21'),
('73a38ec7-5b60-402f-a17b-6e308c1b3cf7', 'provider_can_edit_booking', '1', '1', 'provider_config', 'live', 1, '2023-08-30 13:09:23', '2025-02-21 21:10:56'),
('749dc8fa-b2f0-4236-a400-f52fe3b8193b', 'refund_policy', '\"<p>Demo refund policy<\\/p>\"', NULL, 'pages_setup', 'live', 1, '2022-08-06 04:02:38', '2022-09-08 14:37:27'),
('790b2df0-f099-48b2-999e-b74d48a2fe07', 'ongoing_booking', '{\"ongoing_booking_status\":\"1\",\"ongoing_booking_message\":\"Ongoing Booking\"}', '{\"ongoing_booking_status\":\"1\",\"ongoing_booking_message\":\"Ongoing Booking\"}', 'serviceman_notification', 'live', 1, '2023-11-28 15:33:21', '2023-11-28 15:33:21'),
('7a097aeb-c48d-4243-9217-85baf4dfdb0d', 'advertisement_created_by_admin', '{\"advertisement_created_by_admin_status\":\"1\",\"advertisement_created_by_admin_message\":\"Advertisement Created By Admin\"}', '{\"advertisement_created_by_admin_status\":\"1\",\"advertisement_created_by_admin_message\":\"Advertisement Created By Admin\"}', 'provider_notification', 'live', 1, '2024-05-20 14:36:21', '2024-05-20 14:36:21'),
('7a2d5afd-8957-41c2-8269-14cdce19f432', 'privacy_and_policy_update', '{\"privacy_and_policy_update_status\":\"1\",\"privacy_and_policy_update_message\":\"Privacy And Policy Update\"}', '{\"privacy_and_policy_update_status\":\"1\",\"privacy_and_policy_update_message\":\"Privacy And Policy Update\"}', 'serviceman_notification', 'live', 1, '2023-11-28 15:33:21', '2023-11-28 15:33:21'),
('7a834fe4-6d3e-48c9-a707-aa8f4e849375', 'header_background', '\"#e3f2fc\"', '\"#e3f2fc\"', 'landing_background', 'live', 0, '2023-08-30 19:23:47', '2023-08-30 19:23:47'),
('7be92742-c947-4786-ae8c-848798da7b08', 'referral_discount_amount', '0', '0', 'customer_config', 'live', 1, '2024-05-20 14:36:21', '2024-05-20 14:36:21'),
('7d347217-930c-4e03-a696-063fd2c80baa', 'maintenance_system_setup', '[]', NULL, 'maintenance_mode', 'live', 1, '2024-08-25 14:24:01', '2024-08-25 14:24:01'),
('7eb3ac41-7c85-4877-8eae-6580c2ad6daa', 'subscription_vat', '0', '0', 'subscription_Setting', 'live', 1, '2024-07-09 18:57:16', '2024-07-09 18:57:16'),
('7f266d17-6867-499f-bad6-9a8b55ab3ff1', 'order', '{\"push_notification_order\":\"1\",\"email_order\":\"1\"}', '{\"push_notification_order\":\"1\",\"email_order\":\"1\"}', 'notification_settings', 'live', 1, '2022-06-06 12:41:28', '2022-07-23 07:08:34'),
('7fe3d581-d7c3-46e1-b804-c97efefcfeba', 'suspend_on_exceed_cash_limit_provider', '0', '0', 'provider_config', 'live', 1, '2023-11-28 15:33:21', '2023-11-28 15:33:21'),
('815f1823-9a67-4248-a62c-17eed4388745', 'service_request_deny', '{\"service_request_deny_status\":\"1\",\"service_request_deny_message\":\"Service Request Reject\"}', '{\"service_request_deny_status\":\"1\",\"service_request_deny_message\":\"Service Request Reject\"}', 'provider_notification', 'live', 1, '2023-11-28 15:33:21', '2023-11-28 15:33:21'),
('81fa30e8-24d5-485b-90fc-a4995718b91e', 'footer_background', '\"#001f35\"', '\"#001f35\"', 'landing_background', 'live', 0, '2023-08-30 19:23:47', '2023-08-30 19:24:38'),
('8435c92d-78cd-443d-9c51-e6ad0e58d88a', 'download_section_image', '\"2025-02-21-67b849c290757.png\"', '\"2025-02-21-67b849c290757.png\"', 'landing_web_app_image', 'live', 0, '2025-02-21 22:39:14', '2025-02-21 22:39:14'),
('843ace86-ec16-46fa-8260-ba1d1e4e0eff', 'maintenance_mode', '0', NULL, 'maintenance_mode', 'live', 1, '2024-08-25 14:24:01', '2024-08-25 14:24:01'),
('848492c2-b2c9-4fed-b486-77db4ff141ae', 'msg91', '{\"gateway\":\"msg91\",\"mode\":\"live\",\"status\":\"0\",\"template_id\":\"data\",\"auth_key\":\"data\"}', '{\"gateway\":\"msg91\",\"mode\":\"live\",\"status\":\"0\",\"template_id\":\"data\",\"auth_key\":\"data\"}', 'sms_config', 'live', 0, '2022-06-08 09:06:49', '2022-10-04 16:26:16'),
('85d2040e-4e93-4cef-a66a-bcd6baf7e1e7', 'feature_section_image', '\"2025-02-21-67b849ca7f76f.png\"', '\"2025-02-21-67b849ca7f76f.png\"', 'landing_web_app_image', 'live', 0, '2025-02-21 22:39:22', '2025-02-21 22:39:22'),
('85dc4d4a-d25c-492f-b030-17723bcbf95b', 'booking_place', '{\"booking_place_status\":\"1\",\"booking_place_message\":\"Booking Place\"}', '{\"booking_place_status\":\"1\",\"booking_place_message\":\"Booking Place\"}', 'customer_notification', 'live', 1, '2023-11-28 15:33:21', '2023-11-28 15:33:21'),
('873986dd-541b-4648-bd32-edac7504143e', 'nexmo', '{\"gateway\":\"nexmo\",\"mode\":\"live\",\"status\":\"0\",\"api_key\":\"data\",\"api_secret\":\"data\",\"token\":\"data\",\"from\":\"data\",\"otp_template\":\"data\"}', '{\"gateway\":\"nexmo\",\"mode\":\"live\",\"status\":\"0\",\"api_key\":\"data\",\"api_secret\":\"data\",\"token\":\"data\",\"from\":\"data\",\"otp_template\":\"data\"}', 'sms_config', 'live', 0, '2022-06-08 07:19:18', '2022-10-04 16:26:27'),
('894ed562-3c8f-4ff6-9e92-5c524c2e4802', 'advanced_booking_restriction_type', '\"hour\"', '\"hour\"', 'booking_setup', 'live', 1, '2024-05-20 14:36:21', '2024-05-20 14:36:21'),
('89969f42-1340-4e1e-9d78-153495bf5c5f', 'firebase_otp_verification', '{\"party_name\":\"firebase_otp_verification\",\"status\":\"0\",\"web_api_key\":\"\"}', NULL, 'third_party', 'live', 0, '2024-08-25 14:24:01', '2025-03-28 10:54:13'),
('89d237b1-861e-4066-9cb6-c9adfd672726', 'schedule_booking', '1', '1', 'service_setup', 'live', 1, '2022-07-20 06:04:14', '2022-08-13 07:35:03'),
('8c296af0-65c5-43f9-aa4a-854cbbf19148', 'pagination_limit', '\"20\"', '\"20\"', 'business_information', 'live', 1, '2022-09-05 10:06:02', '2022-10-04 16:21:24'),
('8d6b0e16-f753-4833-8f79-7d049a50deb7', 'registration_description', '\"Become e provider & Start your own business online with on demand service platform\"', '\"Become e provider & Start your own business online with on demand service platform\"', 'landing_text_setup', 'live', 0, '2022-10-03 15:36:11', '2022-10-03 15:36:11'),
('8dddf0eb-2021-4d16-9d84-687603f71285', 'coupon_cost_bearer', '{\"bearer\":\"provider\",\"admin_percentage\":0,\"provider_percentage\":100,\"type\":\"coupon\"}', '{\"bearer\":\"provider\",\"admin_percentage\":0,\"provider_percentage\":100,\"type\":\"coupon\"}', 'promotional_setup', 'live', 1, '2023-01-22 17:33:48', '2023-01-22 17:33:48'),
('8e6dfa1d-1b51-456e-a35a-ae58eb81baee', 'additional_charge_label_name', NULL, NULL, 'booking_setup', 'live', 1, '2023-08-30 13:09:23', '2023-08-30 13:09:23'),
('8fa88ebf-5aac-4ea5-b87d-aff994f77d0e', 'provider_self_delete', '1', '1', 'provider_config', 'live', 1, '2023-11-28 15:33:20', '2023-11-28 15:33:20'),
('916547ea-8840-4616-9b52-78f6159b1ca6', 'schedule_booking_time_restriction', '1', '1', 'booking_setup', 'live', 1, '2024-05-20 14:36:21', '2024-05-20 14:36:21'),
('92043fa7-f54f-4733-9dbf-3719970a5b62', 'paytm', '{\"gateway\":\"paytm\",\"mode\":\"test\",\"status\":\"1\",\"merchant_key\":\"data\",\"merchant_id\":\"data\",\"merchant_website_link\":\"data\"}', '{\"gateway\":\"paytm\",\"mode\":\"test\",\"status\":\"1\",\"merchant_key\":\"data\",\"merchant_id\":\"data\",\"merchant_website_link\":\"data\"}', 'payment_config', 'test', 1, '2022-06-09 07:21:49', '2022-10-04 16:29:15'),
('925c9c9e-d2a4-41bc-b9d2-ff16fed80ce3', 'body_background', '\"#fcfcfc\"', '\"#fcfcfc\"', 'landing_background', 'live', 0, '2023-08-30 19:23:47', '2023-08-30 19:25:22'),
('9288358a-cab7-4c5c-b342-75b7ab17c29a', 'business_phone', '\"+971505994530\"', '\"+971505994530\"', 'business_information', 'live', 1, '2022-06-14 09:39:24', '2025-02-21 13:00:30'),
('92ba62c6-17e3-4f30-a99b-0ee6dfe46628', 'booking_edit_service_quantity_decrease', '{\"booking_edit_service_quantity_decrease_status\":\"1\",\"booking_edit_service_quantity_decrease_message\":\"Booking Edit Service Quantity Decrease\"}', '{\"booking_edit_service_quantity_decrease_status\":\"1\",\"booking_edit_service_quantity_decrease_message\":\"Booking Edit Service Quantity Decrease\"}', 'serviceman_notification', 'live', 1, '2023-11-28 15:33:21', '2023-11-28 15:33:21'),
('93670ab4-e54d-46ea-a8ed-101cb968208e', 'about_us_title', '\"WHO WE ARE\"', '\"WHO WE ARE\"', 'landing_text_setup', 'live', 0, '2022-10-03 15:36:11', '2022-10-03 15:36:11'),
('94f715e7-164d-4e05-bb64-e3547d94a5e4', 'business_address', '\"Dhaka Bangladesh\"', '\"Dhaka Bangladesh\"', 'business_information', 'live', 1, '2022-06-14 09:39:24', '2022-10-04 16:21:24'),
('973e0fe3-b6ff-4156-aa9a-78e52e069527', 'booking', '{\"push_notification_booking\":1,\"email_booking\":1}', '{\"push_notification_booking\":\"0\",\"email_booking\":0}', 'notification_settings', 'live', 1, '2022-07-28 04:31:15', '2024-10-08 12:42:37'),
('98a973f9-0ec8-4fe5-b31d-d04c045bab41', 'referral_value_per_currency_unit', '0', '0', 'customer_config', 'live', 1, '2023-02-23 00:25:16', '2023-02-23 00:25:16'),
('98e2f206-5314-4fc6-9625-95568bbc2771', 'serviceman_can_cancel_booking', '0', '0', 'serviceman_config', 'live', 1, '2023-08-30 13:09:23', '2023-08-30 13:09:23'),
('998b0da0-268b-4354-8855-a40f266a2c84', 'referral_code_used', '{\"referral_code_used_status\":\"1\",\"referral_code_used_message\":\"Referral code used\"}', '{\"referral_code_used_status\":\"1\",\"referral_code_used_message\":\"Referral code used\"}', 'customer_notification', 'live', 1, '2024-05-20 14:36:21', '2024-05-20 14:36:21'),
('9a961fd3-b032-4260-a9dd-93ad7c0b76b8', 'paystack', '{\"gateway\":\"paystack\",\"mode\":\"test\",\"status\":\"1\",\"callback_url\":\"https:\\/\\/api.paystack.co\",\"public_key\":\"data\",\"secret_key\":\"data\",\"merchant_email\":\"data\"}', '{\"gateway\":\"paystack\",\"mode\":\"test\",\"status\":\"1\",\"callback_url\":\"https:\\/\\/api.paystack.co\",\"public_key\":\"data\",\"secret_key\":\"data\",\"merchant_email\":\"data\"}', 'payment_config', 'test', 1, '2022-06-09 06:12:45', '2022-10-04 16:29:25'),
('9ba99828-e514-4b9a-89f7-a07daad49b2c', 'free_trial_period', '7', '7', 'subscription_Setting', 'live', 1, '2024-07-09 18:57:16', '2024-07-09 18:57:16'),
('9ec59242-4fd2-4f54-898c-4b4c60270ecd', 'business_favicon', '\"2025-02-21-67b833c9ec008.png\"', '\"2025-02-21-67b833c9ec008.png\"', 'business_information', 'live', 1, '2022-06-14 09:39:24', '2025-02-21 21:05:29'),
('9f9f1855-6566-49d4-8ca8-f033a8a2c107', 'add_fund_wallet', '{\"add_fund_wallet_status\":\"1\",\"add_fund_wallet_message\":\"Add Fund Wallet\"}', '{\"add_fund_wallet_status\":\"1\",\"add_fund_wallet_message\":\"Add Fund Wallet\"}', 'customer_notification', 'live', 1, '2023-11-28 15:33:21', '2023-11-28 15:33:21'),
('9ff4b51f-0edd-4a33-ab15-bc79f7542ecd', 'about_us', '\"<p>hello world hero greatth weh fvaaafawefdsdsdsd<\\/p>\"', NULL, 'pages_setup', 'live', 1, '2022-08-04 13:04:19', '2022-10-04 11:57:25'),
('a0910af1-fee3-4527-957b-e46b40ad5ed2', 'bid_offers_visibility_for_providers', '0', '0', 'bidding_system', 'live', 1, '2023-08-30 13:09:23', '2023-08-30 13:09:23'),
('a38599a7-fb8f-4f3c-a955-b975cdd8fae5', 'customer_referral_earning', '0', '0', 'customer_config', 'live', 1, '2023-02-23 00:25:16', '2023-02-23 00:25:16'),
('a6cd4791-0276-4fa4-b2a1-13d3d5a8f232', 'twilio', '{\"gateway\":\"twilio\",\"mode\":\"live\",\"status\":\"0\",\"sid\":\"data\",\"messaging_service_sid\":\"data\",\"token\":\"data\",\"from\":\"data\",\"otp_template\":\"data\"}', '{\"gateway\":\"twilio\",\"mode\":\"live\",\"status\":\"0\",\"sid\":\"data\",\"messaging_service_sid\":\"data\",\"token\":\"data\",\"from\":\"data\",\"otp_template\":\"data\"}', 'sms_config', 'live', 0, '2022-06-08 07:03:02', '2022-10-04 16:26:39'),
('a7b6ef59-fd80-4f7b-9e39-29fecfc0ac66', 'meta_title', '\"Sahl App\"', '\"Sahl App\"', 'landing_meta', 'live', 0, '2025-02-21 22:40:27', '2025-02-21 22:40:27'),
('a827df9b-74a4-4944-8804-835026450c92', 'privacy_and_policy_update', NULL, NULL, 'pages_setup', 'live', 1, '2024-10-08 12:42:37', '2024-10-08 12:42:37'),
('a8c1f49a-be3b-4609-8242-37142ff05acd', 'currency_decimal_point', '\"2\"', '\"2\"', 'business_information', 'live', 1, '2022-06-14 09:39:24', '2022-10-04 16:21:24'),
('a9c93141-a7c9-473b-ac46-b3dadc7b067f', 'razor_pay', '{\"gateway\":\"razor_pay\",\"mode\":\"live\",\"status\":\"1\",\"api_key\":\"data\",\"api_secret\":\"data\"}', '{\"gateway\":\"razor_pay\",\"mode\":\"live\",\"status\":\"1\",\"api_key\":\"data\",\"api_secret\":\"data\"}', 'payment_config', 'live', 1, '2022-06-09 07:46:29', '2022-10-04 16:29:32'),
('ab04b341-d3ae-4c45-9e35-813dd01f22b6', 'max_cash_in_hand_limit_provider', '\"1000\"', '\"1000\"', 'provider_config', 'live', 1, '2023-11-28 15:33:21', '2025-02-21 21:10:56'),
('aba6da13-a238-4042-97f6-78972dccfdd0', 'instant_booking', '1', '1', 'booking_setup', 'live', 1, '2024-05-20 14:36:21', '2024-05-20 14:36:21'),
('ae03b974-b953-4c6d-98c4-6eb0f231d16d', 'customized_booking_request_delete', '{\"customized_booking_request_delete_status\":\"1\",\"customized_booking_request_delete_message\":\"Customized Booking Request Delete\"}', '{\"customized_booking_request_delete_status\":\"1\",\"customized_booking_request_delete_message\":\"Customized Booking Request Delete\"}', 'customer_notification', 'live', 1, '2024-03-13 09:19:39', '2024-03-13 09:19:39'),
('af729332-d8ec-4822-854a-5f54e10a9061', 'sslcommerz', '{\"gateway\":\"sslcommerz\",\"mode\":\"test\",\"status\":\"1\",\"store_id\":\"data\",\"store_password\":\"data\"}', '{\"gateway\":\"sslcommerz\",\"mode\":\"test\",\"status\":\"1\",\"store_id\":\"data\",\"store_password\":\"data\"}', 'payment_config', 'test', 1, '2022-06-09 03:19:38', '2022-10-04 16:29:39'),
('afba0ef3-7b60-4638-b2c0-2dac02f2119e', 'booking_schedule_time_change', '{\"booking_schedule_time_change_status\":\"1\",\"booking_schedule_time_change_message\":\"Booking schedule time change\"}', '{\"booking_schedule_time_change_status\":\"1\",\"booking_schedule_time_change_message\":\"Booking schedule time change\"}', 'customer_notification', 'live', 1, '2023-11-28 15:33:21', '2023-11-28 15:33:21'),
('afe56fb4-02b6-4cc7-bec8-752012dd2c87', 'provider_commision', '1', '1', 'provider_config', 'live', 1, '2024-07-09 13:20:42', '2024-07-09 13:20:42'),
('aff0213c-bcb2-42e0-98bb-295262683ccf', 'booking_edit_service_add', '{\"booking_edit_service_add_status\":\"1\",\"booking_edit_service_add_message\":\"Booking Edit Service Add\"}', '{\"booking_edit_service_add_status\":\"1\",\"booking_edit_service_add_message\":\"Booking Edit Service Add\"}', 'serviceman_notification', 'live', 1, '2023-11-28 15:33:21', '2023-11-28 15:33:21'),
('b004a67d-df30-4a85-9ec0-54774cc2e616', 'min_loyalty_point_to_transfer', '0', '0', 'customer_config', 'live', 1, '2023-02-23 00:25:16', '2023-02-23 00:25:16'),
('b0bf5be1-183a-4dbe-86f6-bd3ff2b9c68a', 'push_notification', '{\"party_name\":\"push_notification\",\"server_key\":\"apikey\"}', '{\"party_name\":\"push_notification\",\"server_key\":\"apikey\"}', 'third_party', 'live', 0, '2022-07-16 04:56:01', '2022-10-04 16:24:43'),
('b9525ca3-9c9e-432c-a2bb-a9f41c8a6b68', 'time_format', '\"12\"', '\"12\"', 'business_information', 'live', 1, '2022-06-14 09:39:24', '2025-02-21 13:00:30'),
('ba08f7c0-a233-43f5-a801-cd727e3e7de9', 'admin_order_notification', '1', '1', 'service_setup', 'live', 1, '2022-07-20 06:04:23', '2022-08-13 07:35:03'),
('bb1b788c-fb60-468f-a636-68b6c84326cd', 'repeat_booking', '0', NULL, 'booking_setup', 'live', 1, '2024-11-19 15:53:49', '2024-11-19 15:53:49'),
('bb1f5b40-88b8-45ac-a28e-53c32bd5c4de', 'deadline_warning_message', '\"Your subscription ending soon. Please  renew to continue access\"', '\"Your subscription ending soon. Please  renew to continue access\"', 'subscription_Setting', 'live', 1, '2024-07-09 18:57:16', '2024-07-09 18:57:16'),
('bbfd087c-eaa5-4868-8a69-3be87720ae86', 'top_description', '\"LARGEST BOOKING SERVICE PLATEFORM\"', '\"LARGEST BOOKING SERVICE PLATEFORM\"', 'landing_text_setup', 'live', 0, '2022-10-03 15:36:11', '2022-10-03 15:36:11'),
('bc4ed6e1-2c7e-4c95-8c7f-fe547a317c1e', 'about_us_image', '\"2025-02-21-67b84ae0c511d.png\"', '\"2025-02-21-67b84ae0c511d.png\"', 'landing_images', 'live', 0, '2022-10-03 17:37:45', '2025-02-21 22:44:00'),
('bd122993-e4d6-427a-be42-713b3e9612a3', 'booking_cancel', '{\"booking_cancel_status\":\"1\",\"booking_cancel_message\":\"Booking Cancel\"}', '{\"booking_cancel_status\":\"1\",\"booking_cancel_message\":\"Booking Cancel\"}', 'provider_notification', 'live', 1, '2023-11-28 15:33:21', '2023-11-28 15:33:21'),
('bde4ffab-e63d-435d-8854-46e4cfa49daf', 'booking_edit_service_add', '{\"booking_edit_service_add_status\":\"1\",\"booking_edit_service_add_message\":\"Booking Edit Service Add\"}', '{\"booking_edit_service_add_status\":\"1\",\"booking_edit_service_add_message\":\"Booking Edit Service Add\"}', 'provider_notification', 'live', 1, '2023-11-28 15:33:21', '2023-11-28 15:33:21'),
('be65566f-dbbd-4f9c-b451-e93101d195c0', 'maintenance_duration_setup', '{\"maintenance_duration\":\"until_change\",\"start_date\":null,\"end_date\":null}', NULL, 'maintenance_mode', 'live', 1, '2024-08-25 14:24:01', '2024-08-25 14:24:01'),
('be927e91-0b1f-44b1-9ad8-73022910f717', 'new_service_request_arrived', '{\"new_service_request_arrived_status\":1,\"new_service_request_arrived_message\":\"New Service Request Arrived\"}', '{\"new_service_request_arrived_status\":1,\"new_service_request_arrived_message\":\"New Service Request Arrived\"}', 'provider_notification', 'live', 1, '2023-11-28 15:33:21', '2025-02-22 16:08:45'),
('bef3c996-55b2-4371-8fe0-7204931d7478', 'usage_time', '70', '70', 'subscription_Setting', 'live', 1, '2024-07-09 18:57:16', '2024-07-09 18:57:16'),
('bf085f4a-1f5d-4ff2-b4de-2038ef70ad79', 'serviceman_assign', '{\"serviceman_assign_status\":\"1\",\"serviceman_assign_message\":\"Serviceman Assign\"}', '{\"serviceman_assign_status\":\"1\",\"serviceman_assign_message\":\"Serviceman Assign\"}', 'provider_notification', 'live', 1, '2023-11-28 15:33:21', '2023-11-28 15:33:21'),
('bf12c77c-5274-408c-aa5f-f056db9ac3b8', 'provider_suspension_remove', '{\"provider_suspension_remove_status\":\"1\",\"provider_suspension_remove_message\":\"Provider Suspension removed\"}', '{\"provider_suspension_remove_status\":\"1\",\"provider_suspension_remove_message\":\"Provider Suspension removed\"}', 'provider_notification', 'live', 1, '2023-11-28 15:33:21', '2023-11-28 15:33:21'),
('bf2b55c8-3ba0-4087-97b9-af101a5258d1', 'guest_checkout', '1', '1', 'service_setup', 'live', 1, '2023-08-30 13:09:23', '2025-02-21 14:09:26'),
('c58ecce7-598f-4568-aa15-d875dfa12232', 'terms_and_conditions', '\"<p>Demo terms and conditions<\\/p>\"', NULL, 'pages_setup', 'live', 1, '2022-08-06 04:02:24', '2024-10-08 12:42:37'),
('c5d7ea4e-d51b-408f-8e57-58186d7d62f6', 'booking_edit_service_add', '{\"booking_edit_service_add_status\":\"1\",\"booking_edit_service_add_message\":\"Booking Edit Service Add\"}', '{\"booking_edit_service_add_status\":\"1\",\"booking_edit_service_add_message\":\"Booking Edit Service Add\"}', 'customer_notification', 'live', 1, '2023-11-28 15:33:21', '2023-11-28 15:33:21'),
('c6331403-a1cd-4899-8d68-24a2ac323499', 'offline_payment_approved', '{\"offline_payment_approved_status\":\"1\",\"offline_payment_approved_message\":\"Offline Payment Approved\"}', '{\"offline_payment_approved_status\":\"1\",\"offline_payment_approved_message\":\"Offline Payment Approved\"}', 'customer_notification', 'live', 1, '2023-11-28 15:33:21', '2023-11-28 15:33:21'),
('c68a9f47-7504-4fc9-b4f6-6a5aa274e4b8', 'business_name', '\"Sahl App\"', '\"Sahl App\"', 'business_information', 'live', 1, '2022-06-14 09:39:24', '2025-02-21 21:05:29'),
('c8dd2bcf-44e5-41e4-a121-fe4cc6f44e33', 'discount_cost_bearer', '{\"bearer\":\"provider\",\"admin_percentage\":0,\"provider_percentage\":100,\"type\":\"discount\"}', '{\"bearer\":\"provider\",\"admin_percentage\":0,\"provider_percentage\":100,\"type\":\"coupon\"}', 'promotional_setup', 'live', 1, '2023-01-22 17:33:48', '2023-01-22 17:33:48'),
('cb9fe983-cb76-47c5-b452-8082d01fdee2', 'offline_payment', '1', '1', 'service_setup', 'live', 1, '2025-02-21 14:09:00', '2025-02-21 14:09:00'),
('cc84f94d-743d-4551-8981-2fec5a750e93', 'booking_complete', '{\"booking_complete_status\":\"1\",\"booking_complete_message\":\"Booking Complete\"}', '{\"booking_complete_status\":\"1\",\"booking_complete_message\":\"Booking Complete\"}', 'provider_notification', 'live', 1, '2023-11-28 15:33:21', '2023-11-28 15:33:21'),
('cccc6210-ceb8-431a-a676-e4ad322ef32d', 'loyalty_point', '{\"loyalty_point_status\":\"1\",\"loyalty_point_message\":\"Loyalty Point\"}', '{\"loyalty_point_status\":\"1\",\"loyalty_point_message\":\"Loyalty Point\"}', 'customer_notification', 'live', 1, '2023-11-28 15:33:21', '2023-11-28 15:33:21'),
('cd0a7610-8c1a-49b1-a007-44560f69b7d8', 'storage_connection_type', '\"local\"', '\"local\"', 'storage_settings', 'live', 1, '2024-07-07 16:15:01', '2024-07-07 16:15:01'),
('cd206dd3-6d91-4608-8bc5-9be80cbf2e42', 'top_sub_title', '\"Get all services from one App.\"', '\"Get all services from one App.\"', 'landing_text_setup', 'live', 0, '2022-10-03 15:36:11', '2022-10-03 15:36:11');
INSERT INTO `business_settings` (`id`, `key_name`, `live_values`, `test_values`, `settings_type`, `mode`, `is_active`, `created_at`, `updated_at`) VALUES
('cfb57339-dc26-48f0-9815-896aebee243f', 'features', '[{\"id\":\"54fc434a-b953-4b90-97e7-c6d7fae28f41\",\"title\":\"GET YOUR SERVICE 24\\/7\",\"sub_title\":\"Visit our app and select your location to see available services near you\",\"image_1\":\"2023-08-31-64ef2e92e47c3.png\",\"image_2\":\"2023-08-31-64ef2e92e8b41.png\"}]', '[{\"id\":\"54fc434a-b953-4b90-97e7-c6d7fae28f41\",\"title\":\"GET YOUR SERVICE 24\\/7\",\"sub_title\":\"Visit our app and select your location to see available services near you\",\"image_1\":\"2023-08-31-64ef2e92e47c3.png\",\"image_2\":\"2023-08-31-64ef2e92e8b41.png\"}]', 'landing_features', 'live', 1, '2022-10-03 17:26:57', '2023-08-30 18:58:36'),
('d0c18642-cfa4-4178-8e25-a3a58a6cdff3', 'admin_payable', '{\"admin_payable_status\":\"1\",\"admin_payable_message\":\"Admin Payable\"}', '{\"admin_payable_status\":\"1\",\"admin_payable_message\":\"Admin Payable\"}', 'provider_notification', 'live', 1, '2023-11-28 15:33:21', '2023-11-28 15:33:21'),
('d27c7746-520f-470d-a3e0-6ac0b427ae61', 'registration_title', '\"REGISTER AS PROVIDER\"', '\"REGISTER AS PROVIDER\"', 'landing_text_setup', 'live', 0, '2022-10-03 15:36:11', '2022-10-03 15:36:11'),
('d2b531d9-4cf1-4f7c-b96f-395856f5003d', 'google_map', '{\"party_name\":\"google_map\",\"map_api_key_client\":\"AIzaSyBz3XBHpdBmKTnjt5AGQ5YSQ3mYrIJtrHo\",\"map_api_key_server\":\"AIzaSyBz3XBHpdBmKTnjt5AGQ5YSQ3mYrIJtrHo\"}', '{\"party_name\":\"google_map\",\"map_api_key_client\":\"AIzaSyBz3XBHpdBmKTnjt5AGQ5YSQ3mYrIJtrHo\",\"map_api_key_server\":\"AIzaSyBz3XBHpdBmKTnjt5AGQ5YSQ3mYrIJtrHo\"}', 'third_party', 'live', 0, '2022-09-14 19:49:51', '2025-02-21 13:16:24'),
('d3ed9c30-4ce1-4c43-8016-e3a51cd74206', 'booking_schedule_time_change', '{\"booking_schedule_time_change_status\":\"1\",\"booking_schedule_time_change_message\":\"Booking Schedule Time Change\"}', '{\"booking_schedule_time_change_status\":\"1\",\"booking_schedule_time_change_message\":\"Booking Schedule Time Change\"}', 'serviceman_notification', 'live', 1, '2023-11-28 15:33:21', '2023-11-28 15:33:21'),
('d42c3f11-c43f-48ab-849e-b950d90aea3d', 'widthdraw_request_approve', '{\"widthdraw_request_approve_status\":\"1\",\"widthdraw_request_approve_message\":\"Withdraw Request Approve\"}', '{\"widthdraw_request_approve_status\":\"1\",\"widthdraw_request_approve_message\":\"Withdraw Request Approve\"}', 'provider_notification', 'live', 1, '2023-11-28 15:33:21', '2023-11-28 15:33:21'),
('d5ff36a8-634b-42a1-ab49-08375eeb21ac', 'footer_text', '\"All rights reserved By @ \\u0628\\u0631\\u0645\\u062c\\u0629 \\u0648\\u062a\\u0635\\u0645\\u064a\\u0645 \\u062e\\u0637 \\u0627\\u0644\\u0627\\u062d\\u062a\\u0631\\u0627\\u0641\"', '\"All rights reserved By @ \\u0628\\u0631\\u0645\\u062c\\u0629 \\u0648\\u062a\\u0635\\u0645\\u064a\\u0645 \\u062e\\u0637 \\u0627\\u0644\\u0627\\u062d\\u062a\\u0631\\u0627\\u0641\"', 'business_information', 'live', 1, '2022-09-05 10:06:02', '2025-02-21 13:03:56'),
('d683b185-6f67-4cd0-94f7-14d85f8da03a', 'booking_additional_charge', '0', '0', 'booking_setup', 'live', 1, '2023-08-30 13:09:23', '2023-08-30 13:09:23'),
('d8a4c244-0e6c-4511-a156-93db22a66b7e', 'phone_number_visibility_for_chatting', '\"1\"', '\"1\"', 'business_information', 'live', 1, '2023-02-23 00:25:16', '2025-03-28 10:52:24'),
('d9ecd0f6-aa05-42fe-b539-990618fca55f', 'booking_edit_service_quantity_decrease', '{\"booking_edit_service_quantity_decrease_status\":\"1\",\"booking_edit_service_quantity_decrease_message\":\"Booking Edit Service Quantity Decrease\"}', '{\"booking_edit_service_quantity_decrease_status\":\"1\",\"booking_edit_service_quantity_decrease_message\":\"Booking Edit Service Quantity Decrease\"}', 'customer_notification', 'live', 1, '2023-11-28 15:33:21', '2023-11-28 15:33:21'),
('db386429-6982-4f46-82f9-08ec70f13f57', 'maximum_withdraw_amount', '\"2\"', '\"2\"', 'business_information', 'live', 1, '2023-01-22 17:33:48', '2025-02-21 13:00:30'),
('dbd7d22a-299e-49be-869e-efdcaf8ee7e4', 'web_url', '\"\\/\"', '\"\\/\"', 'landing_button_and_links', 'live', 1, '2022-10-03 16:00:01', '2022-10-04 16:22:24'),
('dbf71089-a769-4025-b971-307c08a6b455', 'service_man_can_cancel_booking', '\"0\"', '\"0\"', 'service_setup', 'live', 0, '2022-07-20 06:04:21', '2022-10-04 16:00:21'),
('dcb1d44b-f536-43ab-80f8-ea115f008abe', 'advertisement_paused', '{\"advertisement_paused_status\":\"1\",\"advertisement_paused_message\":\"Advertisement Paused\"}', '{\"advertisement_paused_status\":\"1\",\"advertisement_paused_message\":\"Advertisement Paused\"}', 'provider_notification', 'live', 1, '2024-05-20 14:36:21', '2024-05-20 14:36:21'),
('ddad7957-aebc-4a61-b7be-2fd42e74581d', '', '\"def.png\"', '\"def.png\"', 'landing_images', 'live', 0, '2025-02-21 22:38:49', '2025-02-21 22:41:29'),
('e28b7af4-2284-40bf-b28b-84baad4dc1a7', 'top_image_2', '\"2025-02-21-67b84a96a95a4.png\"', '\"2025-02-21-67b84a96a95a4.png\"', 'landing_images', 'live', 0, '2022-10-03 16:06:00', '2025-02-21 22:42:46'),
('e2bcae59-8095-4b14-8faf-ebe4a1a867cb', 'booking_ongoing', '{\"booking_ongoing_status\":\"1\",\"booking_ongoing_message\":\"Booking Ongoing\"}', '{\"booking_ongoing_status\":\"1\",\"booking_ongoing_message\":\"Booking Ongoing\"}', 'customer_notification', 'live', 1, '2023-11-28 15:33:21', '2023-11-28 15:33:21'),
('e5362c47-db82-4437-86d8-626bfa78e264', 'booking_complete', '{\"booking_complete_status\":\"1\",\"booking_complete_message\":\"Booking Complete\"}', '{\"booking_complete_status\":\"1\",\"booking_complete_message\":\"Booking Complete\"}', 'serviceman_notification', 'live', 1, '2023-11-28 15:33:21', '2023-11-28 15:33:21'),
('e79f70a2-7580-422c-9d07-8dc47e3961bc', 'free_trial_type', '\"day\"', '\"day\"', 'subscription_Setting', 'live', 1, '2024-07-09 18:57:16', '2024-07-09 18:57:16'),
('e80a7c3d-9371-4959-8463-c67973a42e56', 'business_email', '\"info@plinee.com\"', '\"info@plinee.com\"', 'business_information', 'live', 1, '2022-06-14 09:39:24', '2025-02-21 13:00:30'),
('e82e188c-d7de-478b-a83b-26c086b0576d', '2factor', '{\"gateway\":\"2factor\",\"mode\":\"live\",\"status\":\"0\",\"api_key\":\"data\"}', '{\"gateway\":\"2factor\",\"mode\":\"live\",\"status\":\"0\",\"api_key\":\"data\"}', 'sms_config', 'live', 0, '2022-06-08 08:56:14', '2022-10-04 16:26:44'),
('e83290d3-d06b-47dd-b83c-5c8876ed0bd0', 'apple_login', '{\"party_name\":\"apple_login\",\"status\":0,\"client_id\":null,\"team_id\":null,\"key_id\":null,\"service_file\":null}', '{\"party_name\":\"apple_login\",\"status\":0,\"client_id\":null,\"team_id\":null,\"key_id\":null,\"service_file\":null}', 'third_party', 'live', 1, '2023-08-30 13:09:23', '2023-08-30 13:09:23'),
('ea0c3ccd-6db7-4b34-8f21-d0eb637cc47c', 'minimum_withdraw_amount', '\"1\"', '\"1\"', 'business_information', 'live', 1, '2023-01-22 17:33:48', '2023-08-30 19:38:42'),
('ea71998b-2399-44cc-8949-1786e753eb9c', 'country_code', '\"AE\"', '\"AE\"', 'business_information', 'live', 1, '2022-06-14 09:39:24', '2025-02-21 13:00:30'),
('eb2430a8-8d49-4bbe-b19d-1de8bd80be64', 'cash_after_service', '1', '1', 'service_setup', 'live', 1, '2023-05-29 16:22:38', '2023-05-29 16:22:38'),
('eb31c188-f76a-4f34-b321-fbe79b2ea129', 'support_section_image', '\"2025-02-21-67b849ba0ee06.png\"', '\"2025-02-21-67b849ba0ee06.png\"', 'landing_web_app_image', 'live', 0, '2025-02-21 22:39:06', '2025-02-21 22:39:06'),
('eb38f917-771c-48b8-8f65-dad3394a2b1b', 'schedule_booking', '1', '1', 'booking_setup', 'live', 1, '2024-05-20 14:36:21', '2024-05-20 14:36:21'),
('eb59a509-e7c2-499b-9c44-57554cbfe015', 'language_code', '[\"Bengali\",\"English\",\"Arabic\",\"Abkhaz\",\"Afar\",\"Akan\",\"Albanian\",\"Amharic\"]', '[\"Bengali\",\"English\",\"Arabic\",\"Abkhaz\",\"Afar\",\"Akan\",\"Albanian\",\"Amharic\"]', 'business_information', 'live', 1, '2022-06-14 09:39:24', '2022-07-23 07:26:01'),
('ee36e0ac-f41f-4e14-a77c-54e933939a72', 'referral_discount_type', '\"flat\"', '\"flat\"', 'customer_config', 'live', 1, '2024-05-20 14:36:21', '2024-05-20 14:36:21'),
('eeca1881-9a28-4be9-9c27-95f4e84e6aca', 'loyalty_point_value_per_currency_unit', '0', '0', 'customer_config', 'live', 1, '2023-02-23 00:25:16', '2023-02-23 00:25:16'),
('f290631d-bf48-45a8-90fc-98060f71d828', 'booking_accepted', '{\"booking_accepted_status\":\"1\",\"booking_accepted_message\":\"Booking Accepted\"}', '{\"booking_accepted_status\":\"1\",\"booking_accepted_message\":\"Booking Accepted\"}', 'customer_notification', 'live', 1, '2023-11-28 15:33:21', '2023-11-28 15:33:21'),
('f4dd708c-4430-4bf1-8f10-797619fbdb7e', 'provider_subscription', '1', '1', 'provider_config', 'live', 1, '2024-07-09 13:20:42', '2025-02-21 21:12:48'),
('f82d1978-8ab9-4ad3-a84f-050faa17436f', 'service_request_approve', '{\"service_request_approve_status\":\"1\",\"service_request_approve_message\":\"Service Request Review\"}', '{\"service_request_approve_status\":\"1\",\"service_request_approve_message\":\"Service Request Review\"}', 'provider_notification', 'live', 1, '2023-11-28 15:33:21', '2023-11-28 15:33:21'),
('f99e20b3-dfb1-431f-891b-7d78c413e964', 'booking_refund', '{\"booking_refund_status\":1,\"booking_refund_message\":\"Booking Refund Successfully\"}', '{\"booking_refund_status\":1,\"booking_refund_message\":\"Booking Refund Successfully\"}', 'notification_messages', 'live', 1, '2022-06-06 12:41:28', '2022-09-05 15:17:05'),
('fb2792f7-d2f9-4560-83e0-61a8ed5d4aed', 'booking_cancel', '{\"booking_cancel_status\":\"1\",\"booking_cancel_message\":\"Booking Cancel\"}', '{\"booking_cancel_status\":\"1\",\"booking_cancel_message\":\"Booking Cancel\"}', 'customer_notification', 'live', 1, '2023-11-28 15:33:21', '2023-11-28 15:33:21'),
('fc50433d-6dff-4a85-adaa-9bf1a27fc9ad', 'customized_booking_request', '{\"customized_booking_request_status\":\"1\",\"customized_booking_request_message\":\"Customized Booking Request\"}', '{\"customized_booking_request_status\":\"1\",\"customized_booking_request_message\":\"Customized Booking Request\"}', 'customer_notification', 'live', 1, '2023-11-28 15:33:21', '2023-11-28 15:33:21'),
('fc7e71f7-c5d1-4c8a-aec4-ccbee608314d', 'deadline_warning', '5', '5', 'subscription_Setting', 'live', 1, '2024-07-09 18:57:16', '2024-07-09 18:57:16'),
('fc9ca7b4-4f21-4d45-a0cb-04693ebee4dc', 'provider_section_image', '\"2025-02-21-67b84b128a8f6.png\"', '\"2025-02-21-67b84b128a8f6.png\"', 'landing_images', 'live', 0, '2022-10-03 17:17:01', '2025-02-21 22:44:50'),
('fccca07e-50a5-4a6e-b509-5840a14fbc03', 'booking_schedule_time_change', '{\"booking_schedule_time_change_status\":\"1\",\"booking_schedule_time_change_message\":\"Booking schedule time change\"}', '{\"booking_schedule_time_change_status\":\"1\",\"booking_schedule_time_change_message\":\"Booking schedule time change\"}', 'provider_notification', 'live', 1, '2023-11-28 15:33:21', '2023-11-28 15:33:21'),
('fe386570-fee3-46bd-a9eb-1b34be33b7d6', 'loyalty_point_percentage_per_booking', '0', '0', 'customer_config', 'live', 1, '2023-02-23 00:25:16', '2023-02-23 00:25:16');

-- --------------------------------------------------------

--
-- Table structure for table `campaigns`
--

CREATE TABLE `campaigns` (
  `id` char(36) COLLATE utf8mb4_unicode_ci NOT NULL,
  `campaign_name` varchar(191) COLLATE utf8mb4_unicode_ci DEFAULT NULL,
  `cover_image` varchar(191) COLLATE utf8mb4_unicode_ci NOT NULL DEFAULT 'def.png',
  `thumbnail` varchar(191) COLLATE utf8mb4_unicode_ci NOT NULL DEFAULT 'def.png',
  `discount_id` char(36) COLLATE utf8mb4_unicode_ci DEFAULT NULL,
  `is_active` tinyint(1) NOT NULL DEFAULT '0',
  `created_at` timestamp NULL DEFAULT NULL,
  `updated_at` timestamp NULL DEFAULT NULL
) ENGINE=InnoDB DEFAULT CHARSET=utf8mb4 COLLATE=utf8mb4_unicode_ci;

--
-- Dumping data for table `campaigns`
--

INSERT INTO `campaigns` (`id`, `campaign_name`, `cover_image`, `thumbnail`, `discount_id`, `is_active`, `created_at`, `updated_at`) VALUES
('514b6c0c-5a27-4031-8e85-5b1dc5f8a20f', 'campaign know', '2025-03-28-67e5c3629fc08.png', '2025-02-22-67b962d385ccb.png', 'de3ed84a-73c9-4d45-a3f4-e8a55eb79cfa', 1, '2025-02-22 18:38:27', '2025-03-28 10:30:10');

-- --------------------------------------------------------

--
-- Table structure for table `cars`
--

CREATE TABLE `cars` (
  `id` char(36) NOT NULL,
  `customer_id` char(36) NOT NULL,
  `car_name` varchar(200) NOT NULL,
  `image` varchar(191) CHARACTER SET utf8mb4 COLLATE utf8mb4_0900_ai_ci DEFAULT NULL,
  `created_at` datetime DEFAULT NULL,
  `updated_at` datetime DEFAULT NULL
) ENGINE=InnoDB DEFAULT CHARSET=utf8mb4 COLLATE=utf8mb4_0900_ai_ci;

--
-- Dumping data for table `cars`
--

INSERT INTO `cars` (`id`, `customer_id`, `car_name`, `image`, `created_at`, `updated_at`) VALUES
('12d4a421-ab07-4e8e-8fda-987eaa37b9be', '03b98442-3ee8-40ee-80ba-23712b14a80f', 'كامري 2025', '', '2025-07-06 12:28:31', '2025-07-06 12:28:31'),
('12edfa91-9d82-4c9d-9322-cb257bd10434', '00c20be3-105d-4e1c-a100-6e0e4f2c5df7', 'audi 2024/545/56', '', '2025-07-06 10:33:40', '2025-07-06 10:33:40'),
('2637de07-5b05-44bb-b8a3-818e3ab7e348', '03b98442-3ee8-40ee-80ba-23712b14a80f', 'ghbgg', '', '2025-07-10 07:27:39', '2025-07-10 07:27:39'),
('34276804-0c08-4f10-a86b-6125dc4917ba', '00c20be3-105d-4e1c-a100-6e0e4f2c5df7', 'audi 2024/545/56', '', '2025-07-06 10:32:00', '2025-07-06 10:32:00'),
('3d83534b-9169-4a57-84fe-7565e666f91a', '03b98442-3ee8-40ee-80ba-23712b14a80f', 'gjgj', '', '2025-07-06 11:42:23', '2025-07-06 11:42:23'),
('6a9d8f31-82e3-477e-8bbb-72a6cf017995', 'e481d139-3705-4e1f-8c28-7a27dfce1de9', 'test audi 2001/03/12', '', '2025-06-28 11:53:57', '2025-06-28 11:53:57'),
('7a726740-d2e2-42e6-8014-8d311ae63d3a', '03b98442-3ee8-40ee-80ba-23712b14a80f', 'gfvvccf', '', '2025-07-06 08:45:16', '2025-07-06 08:45:16'),
('804489ce-4cf3-4ede-ba87-507afc96c081', '86c492da-a2ec-45d5-b3f3-efb895dacacc', 'audi 2024/545/56', '2025-07-23-687fd466aaac7.png', '2025-07-23 07:11:50', '2025-07-23 07:11:50'),
('ab6d143f-0735-46e1-8b19-8232ceb44d12', '03b98442-3ee8-40ee-80ba-23712b14a80f', 'kjjh', '', '2025-07-06 11:53:02', '2025-07-06 11:53:02'),
('b524e15c-9080-4460-9cf5-bf4de23ac359', 'e481d139-3705-4e1f-8c28-7a27dfce1de9', 'تجربة', 'def.png', '2025-07-23 07:05:54', '2025-07-23 07:05:54'),
('bf802b05-9eab-4b86-92bc-92d46c27bbea', '00c20be3-105d-4e1c-a100-6e0e4f2c5df7', 'audi 2024/545/56', '', '2025-06-28 02:02:36', '2025-06-28 02:02:36'),
('da7adac8-4aa8-44ba-bc80-eafd05f7e99f', '00c20be3-105d-4e1c-a100-6e0e4f2c5df7', 'audi 2024/545/56', '', '2025-07-06 08:54:21', '2025-07-06 08:54:21'),
('dbf1895c-352a-4e25-97bc-55c0af4367b5', '00c20be3-105d-4e1c-a100-6e0e4f2c5df7', 'كامري 2024', '', '2025-06-28 08:03:08', '2025-06-28 08:03:08'),
('df528bfa-0417-4554-a8dd-6b9972c5a432', '00c20be3-105d-4e1c-a100-6e0e4f2c5df7', 'audi 2024/545/55', '', '2025-06-26 23:25:36', '2025-06-26 23:25:36'),
('e8a5bc16-4a14-46da-82f8-b66ad95981fb', '00c20be3-105d-4e1c-a100-6e0e4f2c5df7', 'audi 2024/545/56', '', '2025-07-06 10:16:21', '2025-07-06 10:16:21');

-- --------------------------------------------------------

--
-- Table structure for table `carts`
--

CREATE TABLE `carts` (
  `id` char(36) COLLATE utf8mb4_unicode_ci NOT NULL,
  `customer_id` char(36) COLLATE utf8mb4_unicode_ci DEFAULT NULL,
  `provider_id` char(36) COLLATE utf8mb4_unicode_ci DEFAULT NULL,
  `service_id` char(36) COLLATE utf8mb4_unicode_ci DEFAULT NULL,
  `category_id` char(36) COLLATE utf8mb4_unicode_ci DEFAULT NULL,
  `sub_category_id` char(36) COLLATE utf8mb4_unicode_ci DEFAULT NULL,
  `car_id` char(36) COLLATE utf8mb4_unicode_ci DEFAULT NULL,
  `variant_key` varchar(191) COLLATE utf8mb4_unicode_ci DEFAULT NULL,
  `service_cost` decimal(24,2) NOT NULL DEFAULT '0.00',
  `quantity` int NOT NULL DEFAULT '1',
  `discount_amount` decimal(24,2) NOT NULL DEFAULT '0.00',
  `coupon_code` varchar(255) COLLATE utf8mb4_unicode_ci DEFAULT NULL,
  `coupon_discount` decimal(24,2) NOT NULL DEFAULT '0.00',
  `campaign_discount` decimal(24,2) NOT NULL DEFAULT '0.00',
  `tax_amount` decimal(24,2) NOT NULL DEFAULT '0.00',
  `total_cost` decimal(24,2) NOT NULL DEFAULT '0.00',
  `created_at` timestamp NULL DEFAULT NULL,
  `updated_at` timestamp NULL DEFAULT NULL,
  `is_guest` tinyint(1) NOT NULL DEFAULT '0',
  `coupon_id` char(36) COLLATE utf8mb4_unicode_ci NOT NULL DEFAULT '0'
) ENGINE=InnoDB DEFAULT CHARSET=utf8mb4 COLLATE=utf8mb4_unicode_ci;

--
-- Dumping data for table `carts`
--

INSERT INTO `carts` (`id`, `customer_id`, `provider_id`, `service_id`, `category_id`, `sub_category_id`, `car_id`, `variant_key`, `service_cost`, `quantity`, `discount_amount`, `coupon_code`, `coupon_discount`, `campaign_discount`, `tax_amount`, `total_cost`, `created_at`, `updated_at`, `is_guest`, `coupon_id`) VALUES
('16e0b531-1050-4918-9513-6f7fbd2575bd', '03b98442-3ee8-40ee-80ba-23712b14a80f', 'ef7046a9-e524-4a42-bac5-7aa4a1e579b4', '0955f250-b0c2-4d6f-af3a-90a8ca523aca', '10d22b8e-1977-47d1-82b1-983769f902b2', 'efe664c4-6742-48d8-b6b1-f50ab3e4fd85', NULL, 'variation1', 100.00, 1, 0.00, NULL, 0.00, 0.00, 5.00, 105.00, '2025-07-10 07:27:23', '2025-07-10 07:27:23', 0, '0'),
('54fde05e-b505-48b9-996e-e8866db1e4e5', 'ba1894c0-f014-11ef-b14f-6dddeb97ee26', NULL, '58428e58-56ad-4f00-a46c-24f2b303d98e', 'b74bf038-01b1-4299-9418-f5c2877ffef8', 'edc83d3d-4a12-4625-816e-fe131e571ea8', NULL, 'اضافة-بديل', 20.00, 1, 0.00, NULL, 0.00, 0.00, 0.00, 20.00, '2025-02-21 18:45:06', '2025-02-21 18:45:06', 1, '0'),
('62961e18-2515-44fe-b757-5de49e761c3b', '92061390-55c7-11f0-8c9c-dfb7e82f8fbc', 'ef7046a9-e524-4a42-bac5-7aa4a1e579b4', '0955f250-b0c2-4d6f-af3a-90a8ca523aca', '10d22b8e-1977-47d1-82b1-983769f902b2', 'efe664c4-6742-48d8-b6b1-f50ab3e4fd85', NULL, 'variation1', 50.00, 1, 0.00, NULL, 0.00, 0.00, 2.50, 52.50, '2025-07-10 07:10:34', '2025-07-10 07:10:34', 1, '0'),
('8345a830-05fd-4b4d-ab44-472ab08060b7', '52763500-5911-11f0-9657-898692d494fa', 'ef7046a9-e524-4a42-bac5-7aa4a1e579b4', '0955f250-b0c2-4d6f-af3a-90a8ca523aca', '10d22b8e-1977-47d1-82b1-983769f902b2', 'efe664c4-6742-48d8-b6b1-f50ab3e4fd85', NULL, 'variation1', 100.00, 1, 0.00, NULL, 0.00, 0.00, 5.00, 105.00, '2025-07-05 11:35:13', '2025-07-05 11:35:13', 1, '0'),
('f96ed598-7a54-4843-998a-15f2a99d9f1e', 'c0e6ce6e-44cb-42c4-9504-f41df862db7a', 'ef7046a9-e524-4a42-bac5-7aa4a1e579b4', '0955f250-b0c2-4d6f-af3a-90a8ca523aca', '10d22b8e-1977-47d1-82b1-983769f902b2', 'efe664c4-6742-48d8-b6b1-f50ab3e4fd85', NULL, 'variation1', 50.00, 1, 0.00, NULL, 0.00, 0.00, 2.50, 52.50, '2025-07-05 09:05:08', '2025-07-05 09:05:09', 0, '0');

-- --------------------------------------------------------

--
-- Table structure for table `categories`
--

CREATE TABLE `categories` (
  `id` char(36) COLLATE utf8mb4_unicode_ci NOT NULL,
  `parent_id` char(36) COLLATE utf8mb4_unicode_ci DEFAULT NULL,
  `name` varchar(191) COLLATE utf8mb4_unicode_ci DEFAULT NULL,
  `image` varchar(191) COLLATE utf8mb4_unicode_ci DEFAULT NULL,
  `position` int UNSIGNED NOT NULL DEFAULT '1',
  `description` text COLLATE utf8mb4_unicode_ci,
  `is_active` tinyint(1) NOT NULL DEFAULT '1',
  `is_featured` tinyint(1) NOT NULL DEFAULT '0',
  `created_at` timestamp NULL DEFAULT NULL,
  `updated_at` timestamp NULL DEFAULT NULL
) ENGINE=InnoDB DEFAULT CHARSET=utf8mb4 COLLATE=utf8mb4_unicode_ci;

--
-- Dumping data for table `categories`
--

INSERT INTO `categories` (`id`, `parent_id`, `name`, `image`, `position`, `description`, `is_active`, `is_featured`, `created_at`, `updated_at`) VALUES
('10d22b8e-1977-47d1-82b1-983769f902b2', '0', 'Car Wash', '2025-02-22-67b9557cd783d.png', 1, NULL, 1, 1, '2025-02-22 17:41:32', '2025-07-15 10:46:53'),
('19bc99d5-05ef-4c57-a668-d3845a6118ab', '10d22b8e-1977-47d1-82b1-983769f902b2', 'Mobile Car Wash', '2025-02-22-67b959e83de7b.png', 2, 'غسيل اوتوماتيك', 1, 0, '2025-02-22 18:00:24', '2025-07-15 10:45:40'),
('2c64827b-a049-4f97-bd62-24e4a198630f', '0', 'Laundry and Personal Care', '2025-02-22-67b958664daa7.png', 1, NULL, 1, 1, '2025-02-22 17:53:58', '2025-02-22 17:54:08'),
('7b3a3077-cf52-4bf5-b437-a79757246e55', '98219dd1-a21c-46ee-80b3-ee1ad5ff9e6a', 'Laundry Cleaning', '2025-02-22-67b95b1474ce1.png', 2, 'Laundry Cleaning', 1, 0, '2025-02-22 18:05:24', '2025-07-15 10:48:58'),
('98219dd1-a21c-46ee-80b3-ee1ad5ff9e6a', '0', 'Maintenance and Repair', '2025-02-22-67b956ed6553a.png', 1, NULL, 1, 1, '2025-02-22 17:47:41', '2025-02-22 17:47:47'),
('d5c23757-8e1e-4cfb-989b-e2d1e35ff8a0', '2c64827b-a049-4f97-bd62-24e4a198630f', 'تركيب مخفي  l', '2025-03-28-67e5d272f0733.png', 2, 'تركيب مخفي  l', 1, 0, '2025-03-28 11:34:27', '2025-07-15 10:49:42'),
('efe664c4-6742-48d8-b6b1-f50ab3e4fd85', '10d22b8e-1977-47d1-82b1-983769f902b2', 'Automatic Car Washes', '2025-02-22-67b95a6087e5d.png', 2, 'Automatic Car Washes', 1, 0, '2025-02-22 18:02:24', '2025-02-22 18:02:24'),
('f263efd2-8b84-4244-8a69-e690e92d54fd', 'b74bf038-01b1-4299-9418-f5c2877ffef8', 'غسيل متنقل', '2025-02-21-67b7c6fee42dc.png', 2, 'غسيل سيارات متنقل', 0, 0, '2025-02-21 13:21:18', '2025-02-22 18:00:34');

-- --------------------------------------------------------

--
-- Table structure for table `category_zone`
--

CREATE TABLE `category_zone` (
  `id` bigint UNSIGNED NOT NULL,
  `category_id` char(36) COLLATE utf8mb4_unicode_ci NOT NULL,
  `zone_id` char(36) COLLATE utf8mb4_unicode_ci NOT NULL,
  `created_at` timestamp NULL DEFAULT NULL,
  `updated_at` timestamp NULL DEFAULT NULL
) ENGINE=InnoDB DEFAULT CHARSET=utf8mb4 COLLATE=utf8mb4_unicode_ci;

--
-- Dumping data for table `category_zone`
--

INSERT INTO `category_zone` (`id`, `category_id`, `zone_id`, `created_at`, `updated_at`) VALUES
(3, '10d22b8e-1977-47d1-82b1-983769f902b2', '0815a742-5b1b-4e83-b49d-ae43074acce5', NULL, NULL),
(4, '10d22b8e-1977-47d1-82b1-983769f902b2', '111d0870-bb04-47b3-a5b2-42be4eaf7c9c', NULL, NULL),
(5, '10d22b8e-1977-47d1-82b1-983769f902b2', '2cfc9e00-ee4c-444f-a3aa-82a9c7bef16b', NULL, NULL),
(6, '10d22b8e-1977-47d1-82b1-983769f902b2', '46421f8c-b324-4f2b-aca4-3bf003f9c66e', NULL, NULL),
(7, '10d22b8e-1977-47d1-82b1-983769f902b2', '51fa86d6-e59f-416d-aea2-ceadddbe44fb', NULL, NULL),
(8, '10d22b8e-1977-47d1-82b1-983769f902b2', '58df6658-2fbf-486f-a668-6df385891f16', NULL, NULL),
(9, '10d22b8e-1977-47d1-82b1-983769f902b2', 'a1614dbe-4732-11ee-9702-dee6e8d77be4', NULL, NULL),
(10, '10d22b8e-1977-47d1-82b1-983769f902b2', 'c0725c23-3179-461d-8161-21864a20af6d', NULL, NULL),
(11, '10d22b8e-1977-47d1-82b1-983769f902b2', 'd921ba36-60fb-4419-afe2-7ea6b0a96bdd', NULL, NULL),
(21, '98219dd1-a21c-46ee-80b3-ee1ad5ff9e6a', '0815a742-5b1b-4e83-b49d-ae43074acce5', NULL, NULL),
(22, '98219dd1-a21c-46ee-80b3-ee1ad5ff9e6a', '111d0870-bb04-47b3-a5b2-42be4eaf7c9c', NULL, NULL),
(23, '98219dd1-a21c-46ee-80b3-ee1ad5ff9e6a', '2cfc9e00-ee4c-444f-a3aa-82a9c7bef16b', NULL, NULL),
(24, '98219dd1-a21c-46ee-80b3-ee1ad5ff9e6a', '46421f8c-b324-4f2b-aca4-3bf003f9c66e', NULL, NULL),
(25, '98219dd1-a21c-46ee-80b3-ee1ad5ff9e6a', '51fa86d6-e59f-416d-aea2-ceadddbe44fb', NULL, NULL),
(26, '98219dd1-a21c-46ee-80b3-ee1ad5ff9e6a', '58df6658-2fbf-486f-a668-6df385891f16', NULL, NULL),
(27, '98219dd1-a21c-46ee-80b3-ee1ad5ff9e6a', 'a1614dbe-4732-11ee-9702-dee6e8d77be4', NULL, NULL),
(28, '98219dd1-a21c-46ee-80b3-ee1ad5ff9e6a', 'c0725c23-3179-461d-8161-21864a20af6d', NULL, NULL),
(29, '98219dd1-a21c-46ee-80b3-ee1ad5ff9e6a', 'd921ba36-60fb-4419-afe2-7ea6b0a96bdd', NULL, NULL),
(30, '2c64827b-a049-4f97-bd62-24e4a198630f', '0815a742-5b1b-4e83-b49d-ae43074acce5', NULL, NULL),
(31, '2c64827b-a049-4f97-bd62-24e4a198630f', '111d0870-bb04-47b3-a5b2-42be4eaf7c9c', NULL, NULL),
(32, '2c64827b-a049-4f97-bd62-24e4a198630f', '2cfc9e00-ee4c-444f-a3aa-82a9c7bef16b', NULL, NULL),
(33, '2c64827b-a049-4f97-bd62-24e4a198630f', '46421f8c-b324-4f2b-aca4-3bf003f9c66e', NULL, NULL),
(34, '2c64827b-a049-4f97-bd62-24e4a198630f', '51fa86d6-e59f-416d-aea2-ceadddbe44fb', NULL, NULL),
(35, '2c64827b-a049-4f97-bd62-24e4a198630f', '58df6658-2fbf-486f-a668-6df385891f16', NULL, NULL),
(36, '2c64827b-a049-4f97-bd62-24e4a198630f', 'a1614dbe-4732-11ee-9702-dee6e8d77be4', NULL, NULL),
(37, '2c64827b-a049-4f97-bd62-24e4a198630f', 'c0725c23-3179-461d-8161-21864a20af6d', NULL, NULL),
(38, '2c64827b-a049-4f97-bd62-24e4a198630f', 'd921ba36-60fb-4419-afe2-7ea6b0a96bdd', NULL, NULL);

-- --------------------------------------------------------

--
-- Table structure for table `channel_conversations`
--

CREATE TABLE `channel_conversations` (
  `id` char(36) COLLATE utf8mb4_unicode_ci NOT NULL,
  `channel_id` char(36) COLLATE utf8mb4_unicode_ci NOT NULL,
  `message` text COLLATE utf8mb4_unicode_ci,
  `user_id` char(36) COLLATE utf8mb4_unicode_ci NOT NULL,
  `deleted_at` timestamp NULL DEFAULT NULL,
  `created_at` timestamp NULL DEFAULT NULL,
  `updated_at` timestamp NULL DEFAULT NULL
) ENGINE=InnoDB DEFAULT CHARSET=utf8mb4 COLLATE=utf8mb4_unicode_ci;

--
-- Dumping data for table `channel_conversations`
--

INSERT INTO `channel_conversations` (`id`, `channel_id`, `message`, `user_id`, `deleted_at`, `created_at`, `updated_at`) VALUES
('8650b990-21a1-4702-8f37-7da4c45d0502', '264dfb89-a0de-4ae4-892c-803b56f01aed', 'Hi', '6f34ff1c-8bc8-42c2-a047-60d3fbfbe2c4', NULL, '2025-03-27 08:32:09', '2025-03-27 08:32:09'),
('f6519400-6299-4079-8ffa-c2c2e470b488', 'ea807d0b-b408-4553-b124-a305de838210', 'تدزنت', '2d69016c-ca73-4481-86e6-b504d3c57cb1', NULL, '2025-03-15 10:42:08', '2025-03-15 10:42:08'),
('fca66015-ed56-4224-87ae-fbdf7316b166', 'ddb6b221-d46a-44e8-a975-d266f2ad0e5f', 'هيلو', '035cd1b7-105c-47aa-b0a7-852eb35860ea', NULL, '2026-01-14 20:59:53', '2026-01-14 20:59:53');

-- --------------------------------------------------------

--
-- Table structure for table `channel_lists`
--

CREATE TABLE `channel_lists` (
  `id` char(36) COLLATE utf8mb4_unicode_ci NOT NULL,
  `reference_id` char(36) COLLATE utf8mb4_unicode_ci DEFAULT NULL COMMENT '(DC2Type:guid)',
  `reference_type` varchar(255) COLLATE utf8mb4_unicode_ci DEFAULT NULL,
  `deleted_at` timestamp NULL DEFAULT NULL,
  `created_at` timestamp NULL DEFAULT NULL,
  `updated_at` timestamp NULL DEFAULT NULL
) ENGINE=InnoDB DEFAULT CHARSET=utf8mb4 COLLATE=utf8mb4_unicode_ci;

--
-- Dumping data for table `channel_lists`
--

INSERT INTO `channel_lists` (`id`, `reference_id`, `reference_type`, `deleted_at`, `created_at`, `updated_at`) VALUES
('264dfb89-a0de-4ae4-892c-803b56f01aed', '', 'support', NULL, '2025-03-27 08:31:18', '2025-03-27 08:32:09'),
('2c7f7419-ce23-42ab-b85a-f31cfa3cd60e', '', 'support', NULL, '2025-03-28 11:21:46', '2025-03-28 11:21:46'),
('34deca0f-ecdd-45f3-ab64-850e896f3eb0', '', 'support', NULL, '2025-02-21 13:55:16', '2025-02-21 13:55:16'),
('45886ea5-30b1-41a9-bebe-3104e83bc1ec', '', 'support', NULL, '2025-03-20 08:33:06', '2025-03-20 08:33:06'),
('661816bb-360c-4846-84e0-86114980a4db', '', 'support', NULL, '2025-03-28 11:21:46', '2025-03-28 11:21:46'),
('6666fe78-b7da-484f-bd73-bbddf5d44c80', '', 'support', NULL, '2025-03-25 02:12:39', '2025-03-25 02:12:39'),
('73f57f43-063d-4d5f-a7d0-7958c4bf67b0', '', 'support', NULL, '2025-03-28 09:58:19', '2025-03-28 09:58:19'),
('87adc087-48ac-4e1d-9341-323a337230b3', '', 'support', NULL, '2025-05-01 16:37:16', '2025-05-01 16:37:16'),
('8aac9230-4764-4ba3-ab69-c544f93baf94', '', 'support', NULL, '2025-02-21 23:09:33', '2025-02-21 23:09:33'),
('9cc78a33-03eb-4011-a5ae-0c5957f98de4', '', 'support', NULL, '2025-03-20 08:33:06', '2025-03-20 08:33:06'),
('a045bb0f-031b-45ac-bc05-6983ec6bf718', '', 'support', NULL, '2025-07-23 05:05:52', '2025-07-23 05:05:52'),
('aa320e98-b0f2-4798-884d-08e490b50ab6', '', 'support', NULL, '2025-03-28 07:22:14', '2025-03-28 07:22:14'),
('c8aed3da-57f3-4303-bbab-2f2e9d360a81', '', 'support', NULL, '2025-03-28 09:33:35', '2025-03-28 09:33:35'),
('cd4fbbb7-ca99-42e9-a5f1-2436fa09db9e', '', 'support', NULL, '2025-07-23 07:43:24', '2025-07-23 07:43:24'),
('cfd280d0-bc08-4ed1-ab56-9a18caa199ef', '', 'support', NULL, '2025-04-19 01:44:18', '2025-04-19 01:44:18'),
('d505b55a-df3a-4350-9259-20253b3e2e5b', '', 'support', NULL, '2025-03-28 09:12:28', '2025-03-28 09:12:28'),
('ddb6b221-d46a-44e8-a975-d266f2ad0e5f', '', 'support', NULL, '2026-01-12 22:39:17', '2026-01-14 20:59:53'),
('e0e0a046-d6ab-40f8-946f-1e090beb6460', '', 'support', NULL, '2025-03-28 09:58:19', '2025-03-28 09:58:19'),
('ea807d0b-b408-4553-b124-a305de838210', '84e7f389-6554-4621-be7f-deb8ea1f5216', 'booking_id', NULL, '2025-03-15 10:42:03', '2025-03-15 10:42:08');

-- --------------------------------------------------------

--
-- Table structure for table `channel_users`
--

CREATE TABLE `channel_users` (
  `id` char(36) COLLATE utf8mb4_unicode_ci NOT NULL,
  `channel_id` char(36) COLLATE utf8mb4_unicode_ci NOT NULL,
  `user_id` char(36) COLLATE utf8mb4_unicode_ci NOT NULL,
  `deleted_at` timestamp NULL DEFAULT NULL,
  `created_at` timestamp NULL DEFAULT NULL,
  `updated_at` timestamp NULL DEFAULT NULL,
  `is_read` tinyint(1) NOT NULL DEFAULT '0'
) ENGINE=InnoDB DEFAULT CHARSET=utf8mb4 COLLATE=utf8mb4_unicode_ci;

--
-- Dumping data for table `channel_users`
--

INSERT INTO `channel_users` (`id`, `channel_id`, `user_id`, `deleted_at`, `created_at`, `updated_at`, `is_read`) VALUES
('009bdb57-d8e8-4803-a5c5-f0aa44e075ef', 'ea807d0b-b408-4553-b124-a305de838210', '2d69016c-ca73-4481-86e6-b504d3c57cb1', NULL, '2025-03-15 10:42:03', '2025-03-15 10:42:09', 1),
('04cbeda6-ca55-4c78-8773-c1525c04c2fe', '73f57f43-063d-4d5f-a7d0-7958c4bf67b0', '4923f489-707c-4679-99af-5f90c6e66fd2', NULL, '2025-03-28 09:58:19', '2025-03-28 09:58:19', 0),
('0c2f132b-df48-4a82-bce1-93fd25e2e125', 'e0e0a046-d6ab-40f8-946f-1e090beb6460', '4923f489-707c-4679-99af-5f90c6e66fd2', NULL, '2025-03-28 09:58:19', '2025-03-28 09:58:19', 0),
('0f4b7fb6-0471-4e4c-a62e-d3ab4c1b070a', '87adc087-48ac-4e1d-9341-323a337230b3', '10a1bb2c-c8f2-4bdd-9d7e-4468fe896a6e', NULL, '2025-05-01 16:37:16', '2025-05-01 16:37:16', 0),
('1a392006-4765-4fc7-b1cd-542608fd2451', '9cc78a33-03eb-4011-a5ae-0c5957f98de4', '5c6c683b-3a4b-4d1f-9d94-1ca6b6636446', NULL, '2025-03-20 08:33:06', '2025-03-20 08:33:06', 0),
('31347376-5257-494b-936f-4b503a562b15', 'c8aed3da-57f3-4303-bbab-2f2e9d360a81', '9bd64b15-124a-483b-9f73-bffc3d46fe3d', NULL, '2025-03-28 09:33:35', '2025-03-28 09:33:35', 0),
('3457a5cc-8da2-45c1-a79b-e06d08bc2df7', '264dfb89-a0de-4ae4-892c-803b56f01aed', '6f34ff1c-8bc8-42c2-a047-60d3fbfbe2c4', NULL, '2025-03-27 08:31:18', '2025-03-27 08:32:10', 1),
('35419fe1-25a7-4e27-a8ae-f33a4a3fecd6', '73f57f43-063d-4d5f-a7d0-7958c4bf67b0', '3efa7baa-a5fb-4a4f-be5b-bc535c7ccdd8', NULL, '2025-03-28 09:58:19', '2025-03-28 09:58:19', 0),
('43d6281e-6eac-4230-af0f-8ca616097084', 'd505b55a-df3a-4350-9259-20253b3e2e5b', '306e1a30-fcbc-4d4a-b64c-f85adcfcec85', NULL, '2025-03-28 09:12:28', '2025-03-28 09:12:28', 0),
('469ce0da-fc5b-4b89-b599-8d5578ef16f3', 'cfd280d0-bc08-4ed1-ab56-9a18caa199ef', '3efa7baa-a5fb-4a4f-be5b-bc535c7ccdd8', NULL, '2025-04-19 01:44:18', '2025-04-19 01:44:18', 0),
('4bb8e83a-de2f-4c24-aff0-cd25a5f6b6c5', 'aa320e98-b0f2-4798-884d-08e490b50ab6', 'fe775649-8563-4364-9332-a825f006cfec', NULL, '2025-03-28 07:22:14', '2025-03-28 07:22:14', 0),
('54e1b0ec-53d6-4f08-a263-393f4ca65caa', 'cd4fbbb7-ca99-42e9-a5f1-2436fa09db9e', '3efa7baa-a5fb-4a4f-be5b-bc535c7ccdd8', NULL, '2025-07-23 07:43:24', '2025-07-23 07:43:24', 0),
('55ca811a-200d-4df7-9a55-26a203741669', 'ea807d0b-b408-4553-b124-a305de838210', '51f3abfc-a451-47a5-ba06-6961edb546a3', NULL, '2025-03-15 10:42:03', '2025-03-15 10:42:08', 0),
('659abd51-4b4c-4fc5-ad4f-d9b2c7d16e70', 'e0e0a046-d6ab-40f8-946f-1e090beb6460', '3efa7baa-a5fb-4a4f-be5b-bc535c7ccdd8', NULL, '2025-03-28 09:58:19', '2025-03-28 09:58:19', 0),
('6a780eaa-b759-42c6-8a45-67d28dc92e2b', '45886ea5-30b1-41a9-bebe-3104e83bc1ec', '5c6c683b-3a4b-4d1f-9d94-1ca6b6636446', NULL, '2025-03-20 08:33:06', '2025-03-20 08:33:06', 0),
('6ea0d33b-ff43-4338-93e6-75e26df17a28', '9cc78a33-03eb-4011-a5ae-0c5957f98de4', '3efa7baa-a5fb-4a4f-be5b-bc535c7ccdd8', NULL, '2025-03-20 08:33:06', '2025-03-20 08:33:06', 0),
('778d9898-6418-4552-848f-f28c8de0d455', '2c7f7419-ce23-42ab-b85a-f31cfa3cd60e', '3efa7baa-a5fb-4a4f-be5b-bc535c7ccdd8', NULL, '2025-03-28 11:21:46', '2025-03-28 11:21:46', 0),
('8a671bac-3211-4704-84d5-a5ddbd4460a4', 'ddb6b221-d46a-44e8-a975-d266f2ad0e5f', '035cd1b7-105c-47aa-b0a7-852eb35860ea', NULL, '2026-01-12 22:39:17', '2026-01-14 20:59:54', 1),
('8e2fc9fd-623f-4818-b98d-b321c8aaa970', '8aac9230-4764-4ba3-ab69-c544f93baf94', 'cf5a82c2-59d4-434f-91cc-147743ee3e9a', NULL, '2025-02-21 23:09:33', '2025-02-21 23:09:33', 0),
('92910068-16d2-4ff5-9b03-51f7dc7d5273', '661816bb-360c-4846-84e0-86114980a4db', 'cd1ac870-9db1-4515-bae2-51da50e5a75b', NULL, '2025-03-28 11:21:46', '2025-03-28 11:21:46', 0),
('9a51570f-a586-4f97-989f-0affeb132794', 'a045bb0f-031b-45ac-bc05-6983ec6bf718', '3efa7baa-a5fb-4a4f-be5b-bc535c7ccdd8', NULL, '2025-07-23 05:05:52', '2025-07-23 05:05:52', 0),
('b1b75359-5d71-40b0-9814-56a9f60ee42e', 'cfd280d0-bc08-4ed1-ab56-9a18caa199ef', '3bfe09c9-152f-456a-9386-a7809a37ffd5', NULL, '2025-04-19 01:44:18', '2025-04-19 01:44:18', 0),
('b1fe25a0-8874-43b7-b6ca-63fe9680a12d', '87adc087-48ac-4e1d-9341-323a337230b3', '3efa7baa-a5fb-4a4f-be5b-bc535c7ccdd8', NULL, '2025-05-01 16:37:16', '2025-05-01 16:37:16', 0),
('bcbb3af9-b416-4f94-bb86-4c6d58087a08', 'ddb6b221-d46a-44e8-a975-d266f2ad0e5f', '3efa7baa-a5fb-4a4f-be5b-bc535c7ccdd8', NULL, '2026-01-12 22:39:17', '2026-01-14 20:59:53', 0),
('bf9f13f8-8b3d-47d5-afd4-7f296f301498', '34deca0f-ecdd-45f3-ab64-850e896f3eb0', '2d69016c-ca73-4481-86e6-b504d3c57cb1', NULL, '2025-02-21 13:55:16', '2025-02-22 17:32:34', 1),
('c0b3d4cb-e89d-4277-b6f5-910fe15aa521', '661816bb-360c-4846-84e0-86114980a4db', '3efa7baa-a5fb-4a4f-be5b-bc535c7ccdd8', NULL, '2025-03-28 11:21:46', '2025-03-28 11:21:46', 0),
('d9ca28e2-bac8-4451-9435-4942e1ce441f', '34deca0f-ecdd-45f3-ab64-850e896f3eb0', '3efa7baa-a5fb-4a4f-be5b-bc535c7ccdd8', NULL, '2025-02-21 13:55:16', '2025-02-22 16:11:42', 1),
('e843b8a0-8c19-4c43-a7ff-ea54f5979e1b', 'd505b55a-df3a-4350-9259-20253b3e2e5b', '3efa7baa-a5fb-4a4f-be5b-bc535c7ccdd8', NULL, '2025-03-28 09:12:28', '2025-03-28 09:12:28', 0),
('e909a93b-aefc-45ba-b913-8f820ba8f44e', '264dfb89-a0de-4ae4-892c-803b56f01aed', '3efa7baa-a5fb-4a4f-be5b-bc535c7ccdd8', NULL, '2025-03-27 08:31:18', '2025-03-27 08:32:09', 0),
('ece49284-7b8c-4445-a56f-8fc9c9a56d59', '6666fe78-b7da-484f-bd73-bbddf5d44c80', '3efa7baa-a5fb-4a4f-be5b-bc535c7ccdd8', NULL, '2025-03-25 02:12:39', '2025-03-25 02:12:39', 0),
('ef4f0126-24f9-46de-821c-7f3220ad1a16', '6666fe78-b7da-484f-bd73-bbddf5d44c80', 'c843fff0-ffb6-4047-ae28-d1acd00e9090', NULL, '2025-03-25 02:12:39', '2025-03-27 08:33:05', 1),
('ef8cb00c-5497-496e-91fd-157c29f5651b', 'cd4fbbb7-ca99-42e9-a5f1-2436fa09db9e', '7b2a2e9f-56a7-4576-aafd-5df06b3e0935', NULL, '2025-07-23 07:43:24', '2025-07-23 07:43:24', 0),
('f8aa6495-4486-4ab3-b347-b824e8fdc904', '45886ea5-30b1-41a9-bebe-3104e83bc1ec', '3efa7baa-a5fb-4a4f-be5b-bc535c7ccdd8', NULL, '2025-03-20 08:33:06', '2025-03-20 08:33:06', 0),
('f9baacfe-e3ce-47dc-b6c8-e4ce97707a8a', 'aa320e98-b0f2-4798-884d-08e490b50ab6', '3efa7baa-a5fb-4a4f-be5b-bc535c7ccdd8', NULL, '2025-03-28 07:22:14', '2025-03-28 07:22:14', 0),
('fa1941dd-bef4-4136-971b-874ee3a3d6ee', 'c8aed3da-57f3-4303-bbab-2f2e9d360a81', '3efa7baa-a5fb-4a4f-be5b-bc535c7ccdd8', NULL, '2025-03-28 09:33:35', '2025-03-28 09:33:35', 0),
('fc83012e-c20c-4a9f-a518-a75751cb773e', '2c7f7419-ce23-42ab-b85a-f31cfa3cd60e', 'cd1ac870-9db1-4515-bae2-51da50e5a75b', NULL, '2025-03-28 11:21:46', '2025-03-28 11:21:46', 0),
('fcf18291-136a-46bb-b352-ea8c99d7ca74', '8aac9230-4764-4ba3-ab69-c544f93baf94', '3efa7baa-a5fb-4a4f-be5b-bc535c7ccdd8', NULL, '2025-02-21 23:09:33', '2025-02-21 23:09:33', 0),
('fe6e2fe2-b5c7-44a5-8978-d76d9213af76', 'a045bb0f-031b-45ac-bc05-6983ec6bf718', 'd4e920b1-a074-430c-9139-d925bf2ca005', NULL, '2025-07-23 05:05:52', '2025-07-23 05:05:52', 0);

-- --------------------------------------------------------

--
-- Table structure for table `conversation_files`
--

CREATE TABLE `conversation_files` (
  `id` char(36) COLLATE utf8mb4_unicode_ci NOT NULL,
  `conversation_id` char(36) COLLATE utf8mb4_unicode_ci NOT NULL,
  `stored_file_name` varchar(255) COLLATE utf8mb4_unicode_ci NOT NULL,
  `original_file_name` varchar(255) COLLATE utf8mb4_unicode_ci DEFAULT NULL,
  `file_type` varchar(255) COLLATE utf8mb4_unicode_ci NOT NULL,
  `deleted_at` timestamp NULL DEFAULT NULL,
  `created_at` timestamp NULL DEFAULT NULL,
  `updated_at` timestamp NULL DEFAULT NULL
) ENGINE=InnoDB DEFAULT CHARSET=utf8mb4 COLLATE=utf8mb4_unicode_ci;

-- --------------------------------------------------------

--
-- Table structure for table `coupons`
--

CREATE TABLE `coupons` (
  `id` char(36) COLLATE utf8mb4_unicode_ci NOT NULL,
  `coupon_type` varchar(191) COLLATE utf8mb4_unicode_ci DEFAULT NULL,
  `coupon_code` varchar(191) COLLATE utf8mb4_unicode_ci DEFAULT NULL,
  `discount_id` char(36) COLLATE utf8mb4_unicode_ci DEFAULT NULL,
  `is_active` tinyint(1) NOT NULL DEFAULT '0',
  `created_at` timestamp NULL DEFAULT NULL,
  `updated_at` timestamp NULL DEFAULT NULL
) ENGINE=InnoDB DEFAULT CHARSET=utf8mb4 COLLATE=utf8mb4_unicode_ci;

-- --------------------------------------------------------

--
-- Table structure for table `coupon_customers`
--

CREATE TABLE `coupon_customers` (
  `id` char(36) COLLATE utf8mb4_unicode_ci NOT NULL,
  `coupon_id` char(36) COLLATE utf8mb4_unicode_ci DEFAULT NULL,
  `customer_user_id` char(36) COLLATE utf8mb4_unicode_ci DEFAULT NULL,
  `created_at` timestamp NULL DEFAULT NULL,
  `updated_at` timestamp NULL DEFAULT NULL
) ENGINE=InnoDB DEFAULT CHARSET=utf8mb4 COLLATE=utf8mb4_unicode_ci;

-- --------------------------------------------------------

--
-- Table structure for table `cron_jobs`
--

CREATE TABLE `cron_jobs` (
  `id` bigint UNSIGNED NOT NULL,
  `title` varchar(255) COLLATE utf8mb4_unicode_ci DEFAULT NULL,
  `send_mail_type` varchar(255) COLLATE utf8mb4_unicode_ci DEFAULT NULL,
  `send_mail_day` int NOT NULL DEFAULT '1',
  `activity` varchar(255) COLLATE utf8mb4_unicode_ci DEFAULT NULL,
  `php_file_path` varchar(255) COLLATE utf8mb4_unicode_ci DEFAULT NULL,
  `command` varchar(255) COLLATE utf8mb4_unicode_ci DEFAULT NULL,
  `status` int NOT NULL DEFAULT '0',
  `created_at` timestamp NULL DEFAULT NULL,
  `updated_at` timestamp NULL DEFAULT NULL,
  `type` varchar(255) COLLATE utf8mb4_unicode_ci DEFAULT NULL
) ENGINE=InnoDB DEFAULT CHARSET=utf8mb4 COLLATE=utf8mb4_unicode_ci;

--
-- Dumping data for table `cron_jobs`
--

INSERT INTO `cron_jobs` (`id`, `title`, `send_mail_type`, `send_mail_day`, `activity`, `php_file_path`, `command`, `status`, `created_at`, `updated_at`, `type`) VALUES
(1, 'Subscription renewal reminder mail', NULL, 1, NULL, NULL, NULL, 0, '2024-10-08 12:42:37', '2024-10-08 12:42:37', 'subscription_renewal_reminder'),
(2, 'Free Trial End Mail', NULL, 1, NULL, NULL, NULL, 0, '2024-10-08 12:42:37', '2024-10-08 12:42:37', 'free_trial_end'),
(3, 'Subscription Time End Mail', NULL, 1, NULL, NULL, NULL, 0, '2024-10-08 12:42:37', '2024-10-08 12:42:37', 'subscription_time_end');

-- --------------------------------------------------------

--
-- Table structure for table `discounts`
--

CREATE TABLE `discounts` (
  `id` char(36) COLLATE utf8mb4_unicode_ci NOT NULL,
  `discount_title` varchar(191) COLLATE utf8mb4_unicode_ci DEFAULT NULL,
  `discount_type` varchar(191) COLLATE utf8mb4_unicode_ci DEFAULT NULL,
  `discount_amount` decimal(24,3) NOT NULL DEFAULT '0.000',
  `discount_amount_type` varchar(191) COLLATE utf8mb4_unicode_ci NOT NULL DEFAULT 'percent',
  `min_purchase` decimal(24,3) NOT NULL DEFAULT '0.000',
  `max_discount_amount` decimal(24,3) NOT NULL DEFAULT '0.000',
  `limit_per_user` int NOT NULL DEFAULT '0',
  `promotion_type` varchar(191) COLLATE utf8mb4_unicode_ci NOT NULL DEFAULT 'discount',
  `is_active` tinyint(1) NOT NULL DEFAULT '0',
  `start_date` date NOT NULL DEFAULT '2022-04-04',
  `end_date` date NOT NULL DEFAULT '2022-04-04',
  `created_at` timestamp NULL DEFAULT NULL,
  `updated_at` timestamp NULL DEFAULT NULL
) ENGINE=InnoDB DEFAULT CHARSET=utf8mb4 COLLATE=utf8mb4_unicode_ci;

--
-- Dumping data for table `discounts`
--

INSERT INTO `discounts` (`id`, `discount_title`, `discount_type`, `discount_amount`, `discount_amount_type`, `min_purchase`, `max_discount_amount`, `limit_per_user`, `promotion_type`, `is_active`, `start_date`, `end_date`, `created_at`, `updated_at`) VALUES
('de3ed84a-73c9-4d45-a3f4-e8a55eb79cfa', 'All campaign All', 'category', 20.000, 'percent', 25.000, 30.000, 0, 'campaign', 1, '2025-03-04', '2025-03-30', '2025-02-22 18:38:27', '2025-03-15 10:10:38');

-- --------------------------------------------------------

--
-- Table structure for table `discount_types`
--

CREATE TABLE `discount_types` (
  `id` bigint UNSIGNED NOT NULL,
  `discount_id` char(36) COLLATE utf8mb4_unicode_ci DEFAULT NULL,
  `discount_type` varchar(255) COLLATE utf8mb4_unicode_ci DEFAULT NULL,
  `type_wise_id` char(36) COLLATE utf8mb4_unicode_ci DEFAULT NULL,
  `created_at` timestamp NULL DEFAULT NULL,
  `updated_at` timestamp NULL DEFAULT NULL
) ENGINE=InnoDB DEFAULT CHARSET=utf8mb4 COLLATE=utf8mb4_unicode_ci;

--
-- Dumping data for table `discount_types`
--

INSERT INTO `discount_types` (`id`, `discount_id`, `discount_type`, `type_wise_id`, `created_at`, `updated_at`) VALUES
(61, 'de3ed84a-73c9-4d45-a3f4-e8a55eb79cfa', 'category', '71c1142b-ce4b-4866-b098-656b232647fa', '2025-03-28 10:47:09', '2025-03-28 10:47:09'),
(62, 'de3ed84a-73c9-4d45-a3f4-e8a55eb79cfa', 'zone', 'd921ba36-60fb-4419-afe2-7ea6b0a96bdd', '2025-03-28 10:47:09', '2025-03-28 10:47:09'),
(63, 'de3ed84a-73c9-4d45-a3f4-e8a55eb79cfa', 'zone', 'c0725c23-3179-461d-8161-21864a20af6d', '2025-03-28 10:47:09', '2025-03-28 10:47:09'),
(64, 'de3ed84a-73c9-4d45-a3f4-e8a55eb79cfa', 'zone', '51fa86d6-e59f-416d-aea2-ceadddbe44fb', '2025-03-28 10:47:09', '2025-03-28 10:47:09'),
(65, 'de3ed84a-73c9-4d45-a3f4-e8a55eb79cfa', 'zone', '0815a742-5b1b-4e83-b49d-ae43074acce5', '2025-03-28 10:47:09', '2025-03-28 10:47:09'),
(66, 'de3ed84a-73c9-4d45-a3f4-e8a55eb79cfa', 'zone', '46421f8c-b324-4f2b-aca4-3bf003f9c66e', '2025-03-28 10:47:09', '2025-03-28 10:47:09'),
(67, 'de3ed84a-73c9-4d45-a3f4-e8a55eb79cfa', 'zone', '2cfc9e00-ee4c-444f-a3aa-82a9c7bef16b', '2025-03-28 10:47:09', '2025-03-28 10:47:09'),
(68, 'de3ed84a-73c9-4d45-a3f4-e8a55eb79cfa', 'zone', '111d0870-bb04-47b3-a5b2-42be4eaf7c9c', '2025-03-28 10:47:09', '2025-03-28 10:47:09'),
(69, 'de3ed84a-73c9-4d45-a3f4-e8a55eb79cfa', 'zone', '58df6658-2fbf-486f-a668-6df385891f16', '2025-03-28 10:47:09', '2025-03-28 10:47:09'),
(70, 'de3ed84a-73c9-4d45-a3f4-e8a55eb79cfa', 'zone', 'a1614dbe-4732-11ee-9702-dee6e8d77be4', '2025-03-28 10:47:09', '2025-03-28 10:47:09');

-- --------------------------------------------------------

--
-- Table structure for table `employee_role_accesses`
--

CREATE TABLE `employee_role_accesses` (
  `id` bigint UNSIGNED NOT NULL,
  `employee_id` char(36) COLLATE utf8mb4_unicode_ci NOT NULL,
  `role_id` char(36) COLLATE utf8mb4_unicode_ci NOT NULL,
  `section_name` varchar(255) COLLATE utf8mb4_unicode_ci NOT NULL,
  `can_view` tinyint NOT NULL DEFAULT '1',
  `can_add` tinyint NOT NULL DEFAULT '0',
  `can_update` tinyint NOT NULL DEFAULT '0',
  `can_delete` tinyint NOT NULL DEFAULT '0',
  `can_export` tinyint NOT NULL DEFAULT '0',
  `can_manage_status` tinyint NOT NULL DEFAULT '0',
  `can_approve_or_deny` tinyint NOT NULL DEFAULT '0',
  `created_at` timestamp NULL DEFAULT NULL,
  `updated_at` timestamp NULL DEFAULT NULL,
  `can_assign_serviceman` tinyint NOT NULL DEFAULT '0',
  `can_give_feedback` tinyint NOT NULL DEFAULT '0',
  `can_take_backup` tinyint NOT NULL DEFAULT '0',
  `can_change_status` tinyint NOT NULL DEFAULT '0'
) ENGINE=InnoDB DEFAULT CHARSET=utf8mb4 COLLATE=utf8mb4_unicode_ci;

-- --------------------------------------------------------

--
-- Table structure for table `employee_role_sections`
--

CREATE TABLE `employee_role_sections` (
  `id` bigint UNSIGNED NOT NULL,
  `employee_id` char(36) COLLATE utf8mb4_unicode_ci NOT NULL,
  `role_id` char(36) COLLATE utf8mb4_unicode_ci NOT NULL,
  `created_at` timestamp NULL DEFAULT NULL,
  `updated_at` timestamp NULL DEFAULT NULL
) ENGINE=InnoDB DEFAULT CHARSET=utf8mb4 COLLATE=utf8mb4_unicode_ci;

-- --------------------------------------------------------

--
-- Table structure for table `error_logs`
--

CREATE TABLE `error_logs` (
  `id` char(36) COLLATE utf8mb4_unicode_ci NOT NULL,
  `status_code` int DEFAULT NULL,
  `url` varchar(255) COLLATE utf8mb4_unicode_ci NOT NULL,
  `hit_counts` int NOT NULL DEFAULT '0',
  `redirect_url` varchar(255) COLLATE utf8mb4_unicode_ci DEFAULT NULL,
  `redirect_status` varchar(255) COLLATE utf8mb4_unicode_ci DEFAULT NULL,
  `created_at` timestamp NULL DEFAULT NULL,
  `updated_at` timestamp NULL DEFAULT NULL
) ENGINE=InnoDB DEFAULT CHARSET=utf8mb4 COLLATE=utf8mb4_unicode_ci;

-- --------------------------------------------------------

--
-- Table structure for table `faqs`
--

CREATE TABLE `faqs` (
  `id` char(36) COLLATE utf8mb4_unicode_ci NOT NULL,
  `question` text COLLATE utf8mb4_unicode_ci,
  `answer` text COLLATE utf8mb4_unicode_ci,
  `service_id` char(36) COLLATE utf8mb4_unicode_ci DEFAULT NULL,
  `is_active` tinyint(1) NOT NULL DEFAULT '1',
  `created_at` timestamp NULL DEFAULT NULL,
  `updated_at` timestamp NULL DEFAULT NULL
) ENGINE=InnoDB DEFAULT CHARSET=utf8mb4 COLLATE=utf8mb4_unicode_ci;

-- --------------------------------------------------------

--
-- Table structure for table `favorite_providers`
--

CREATE TABLE `favorite_providers` (
  `id` bigint UNSIGNED NOT NULL,
  `customer_user_id` char(36) COLLATE utf8mb4_unicode_ci NOT NULL,
  `provider_id` char(36) COLLATE utf8mb4_unicode_ci NOT NULL,
  `created_at` timestamp NULL DEFAULT NULL,
  `updated_at` timestamp NULL DEFAULT NULL
) ENGINE=InnoDB DEFAULT CHARSET=utf8mb4 COLLATE=utf8mb4_unicode_ci;

-- --------------------------------------------------------

--
-- Table structure for table `favorite_services`
--

CREATE TABLE `favorite_services` (
  `id` bigint UNSIGNED NOT NULL,
  `customer_user_id` char(36) COLLATE utf8mb4_unicode_ci NOT NULL,
  `service_id` char(36) COLLATE utf8mb4_unicode_ci NOT NULL,
  `created_at` timestamp NULL DEFAULT NULL,
  `updated_at` timestamp NULL DEFAULT NULL
) ENGINE=InnoDB DEFAULT CHARSET=utf8mb4 COLLATE=utf8mb4_unicode_ci;

--
-- Dumping data for table `favorite_services`
--

INSERT INTO `favorite_services` (`id`, `customer_user_id`, `service_id`, `created_at`, `updated_at`) VALUES
(1, '51f3abfc-a451-47a5-ba06-6961edb546a3', '58428e58-56ad-4f00-a46c-24f2b303d98e', '2025-02-22 17:37:29', '2025-02-22 17:37:29');

-- --------------------------------------------------------

--
-- Table structure for table `guests`
--

CREATE TABLE `guests` (
  `id` char(36) COLLATE utf8mb4_unicode_ci NOT NULL,
  `guest_id` char(36) COLLATE utf8mb4_unicode_ci DEFAULT NULL,
  `ip_address` varchar(255) COLLATE utf8mb4_unicode_ci DEFAULT NULL,
  `created_at` timestamp NULL DEFAULT NULL,
  `updated_at` timestamp NULL DEFAULT NULL,
  `current_language_key` varchar(255) COLLATE utf8mb4_unicode_ci DEFAULT 'en'
) ENGINE=InnoDB DEFAULT CHARSET=utf8mb4 COLLATE=utf8mb4_unicode_ci;

--
-- Dumping data for table `guests`
--

INSERT INTO `guests` (`id`, `guest_id`, `ip_address`, `created_at`, `updated_at`, `current_language_key`) VALUES
('00a598fe-6381-4271-91ee-4b276d5b93ee', NULL, '87.201.228.19', '2025-03-26 17:44:21', '2025-03-26 17:44:21', 'ar'),
('00a71c22-b0b9-4bc2-bcf5-9820ac941d09', NULL, '94.205.131.44', '2025-04-14 15:42:17', '2025-04-14 15:42:17', 'ar'),
('00bd8302-b2b3-466f-bfdf-5d5f90b5843c', NULL, '5.38.109.11', '2025-02-28 09:39:37', '2025-02-28 09:39:37', 'ar'),
('00ccf30d-f6f5-44b1-b5f6-bae294f0a7e0', NULL, '5.38.109.11', '2025-03-21 06:46:56', '2025-03-21 06:46:56', 'ar'),
('01cd6acc-8094-4255-be52-1625ac4042f9', NULL, '196.121.66.81', '2025-02-22 18:39:24', '2025-02-22 18:39:24', 'en'),
('022f79df-f0c7-4ca8-a163-ebb01c2ffdb3', NULL, '196.121.66.81', '2025-02-21 18:46:30', '2025-02-21 18:46:30', 'ar'),
('02a0c0f2-6619-4885-9e85-4b254880409c', NULL, '196.121.66.81', '2025-02-22 18:39:13', '2025-02-22 18:39:13', 'en'),
('02a99a56-69a5-4fa1-b396-e9acf0fe63c2', NULL, '196.121.66.81', '2025-02-21 19:40:35', '2025-02-21 19:40:35', 'en'),
('0327b058-3fab-4be2-9061-e814b5c62483', NULL, '2.50.177.247', '2026-01-13 06:24:13', '2026-01-13 06:24:13', 'ar'),
('032ae120-f684-48a1-b390-013ca90d53aa', NULL, '196.121.66.81', '2025-02-21 23:08:18', '2025-02-21 23:08:18', 'en'),
('034b5f60-e71d-42dc-89d2-a14ac2c45200', NULL, '5.38.109.11', '2025-03-15 09:40:26', '2025-03-15 09:40:26', 'ar'),
('0450980b-04d9-4295-b494-54bb0cab07bb', NULL, '196.121.66.81', '2025-02-21 19:05:31', '2025-02-21 19:05:31', 'en'),
('04734be3-c8a5-487b-b6b4-5ef8f92eb887', NULL, '87.201.228.19', '2025-03-27 07:32:14', '2025-03-27 07:32:14', 'ar'),
('0475a112-81e8-490c-9ef5-c197a702f717', NULL, '2.48.229.51', '2025-02-22 13:16:12', '2025-02-22 13:16:12', 'en'),
('055bbc86-995b-45d0-a32b-eef020b16ec7', NULL, '2.48.229.51', '2025-02-22 13:12:05', '2025-02-22 13:12:05', 'en'),
('05e51a6c-7530-44d2-892b-724c21a66540', NULL, '5.38.109.11', '2025-03-15 09:06:52', '2025-03-15 09:06:52', 'ar'),
('0620fcc8-dd11-40b6-b902-7ecd311ad750', NULL, '87.201.228.19', '2025-03-27 07:36:28', '2025-03-27 07:36:28', 'ar'),
('062cb97f-c5a3-421d-b17b-99aad0f6896f', NULL, '5.38.109.11', '2025-03-15 10:21:29', '2025-03-15 10:21:29', 'en'),
('06516931-a662-430c-9fd1-19f52fd64245', NULL, '196.121.66.81', '2025-02-21 19:39:54', '2025-02-21 19:39:54', 'en'),
('067cbbd4-5cd6-4dd6-b6ca-a9e48d6882a5', NULL, '2.48.46.4', '2025-07-10 05:10:44', '2025-07-10 05:10:44', 'ar'),
('0707cda5-649e-4ddc-9d89-f8a8137a6163', NULL, '196.121.66.81', '2025-02-21 21:21:50', '2025-02-21 21:21:50', 'en'),
('0798be2f-5a1d-4fd7-a350-4a8088dfd83e', NULL, '89.189.88.129', '2025-07-06 11:51:07', '2025-07-06 11:51:07', 'ar'),
('08251525-08b7-4ec9-b70a-6f86073e6779', NULL, '94.205.131.44', '2025-04-14 16:39:31', '2025-04-14 16:39:31', 'ar'),
('089d6ef8-e0e3-4c4f-8162-01ba56a8dc5c', NULL, '2.50.177.247', '2026-01-13 22:04:30', '2026-01-13 22:04:30', 'ar'),
('0a7d9f92-fb75-4be8-9ca6-04a08a21f9a2', NULL, '196.121.66.81', '2025-02-21 19:40:47', '2025-02-21 19:40:47', 'en'),
('0af8c3b2-dd57-4d58-b9b5-681c2af64761', NULL, '5.38.109.11', '2025-03-21 06:44:32', '2025-03-21 06:44:32', 'ar'),
('0b3797b1-f78c-49e2-933f-4e8031a7728a', NULL, '87.201.228.19', '2025-03-20 06:26:37', '2025-03-20 06:26:37', 'en'),
('0b5611f4-1bbb-4beb-b090-e366a84c5430', NULL, '2.48.46.4', '2025-07-10 07:26:12', '2025-07-10 07:26:12', 'ar'),
('0baf2d81-7f4f-439c-a4c0-e41da8892c6e', NULL, '94.205.59.126', '2026-01-19 05:04:38', '2026-01-19 05:04:38', 'ar'),
('0cbdfc5c-2df4-4bba-8448-18adda6f6c3a', NULL, '196.113.48.112', '2025-03-06 13:22:47', '2025-03-06 13:22:47', 'en'),
('0e2162b1-fae3-400d-b12f-4a553c5c40f0', NULL, '94.205.59.126', '2026-01-19 05:05:55', '2026-01-19 05:05:55', 'ar'),
('0e6a1adf-574f-4307-b49d-04f6b5cdfc0c', NULL, '94.205.131.44', '2025-04-14 16:18:37', '2025-04-14 16:18:37', 'ar'),
('0e7b7f8e-ee63-4238-8908-9193d27eee77', NULL, '2.50.176.234', '2026-01-24 01:23:33', '2026-01-24 01:23:33', 'en'),
('0e82575a-cadf-435a-a371-c90d1526101e', NULL, '45.217.75.143', '2025-03-09 09:38:45', '2025-03-09 09:38:45', 'en'),
('0f45a32b-45ec-4839-a92e-5a7284e3e53e', NULL, '5.38.109.11', '2025-03-15 10:22:11', '2025-03-15 10:22:11', 'en'),
('0f792824-e544-481c-930e-79b07c387e89', NULL, '196.121.66.81', '2025-02-21 19:05:10', '2025-02-21 19:05:10', 'en'),
('0fa3100b-632a-4527-ad5f-f6a0126669f4', NULL, '2.48.69.141', '2025-03-28 10:53:31', '2025-03-28 10:53:31', 'ar'),
('0fe8c4c6-f073-40c1-a9fe-9ab25f5d61c3', NULL, '2.50.176.234', '2026-01-24 01:22:27', '2026-01-24 01:22:27', 'ar'),
('0ffa733b-6302-4895-ba2a-22f9e4827a13', NULL, '5.38.109.11', '2025-03-15 10:22:15', '2025-03-15 10:22:15', 'ar'),
('101ed777-5ce4-4592-9513-6e459eec13ac', NULL, '2.48.249.31', '2025-04-22 00:11:27', '2025-04-22 00:11:27', 'ar'),
('105fad8f-1ef7-43d1-8bfe-ebeb9b8433a7', 'f0d3c490-f54a-11ef-90da-9f842e684f4c', '5.38.109.11', '2025-03-15 09:37:33', '2025-03-15 09:37:33', 'en'),
('10774395-16b1-48ac-9b79-081bbd199a1b', NULL, '5.38.109.11', '2025-03-15 10:23:05', '2025-03-15 10:23:05', 'ar'),
('1112dc54-34af-44dc-bb38-8312f5a5accd', NULL, '2.48.229.51', '2025-02-22 13:10:29', '2025-02-22 13:10:29', 'en'),
('118b7a95-d466-4ba4-b9c5-648ddc39656d', NULL, '94.205.131.44', '2025-04-14 17:22:03', '2025-04-14 17:22:03', 'ar'),
('1235e7c9-f5b7-47e3-a22e-28d718deaf1d', NULL, '196.121.66.81', '2025-02-21 22:21:08', '2025-02-21 22:21:08', 'en'),
('1250f5aa-25c6-448f-918a-537504272f14', NULL, '87.201.250.226', '2026-01-13 20:37:50', '2026-01-13 20:37:50', 'ar'),
('14686219-e796-4e83-a17e-873f79c5064a', NULL, '196.121.66.81', '2025-02-21 23:07:59', '2025-02-21 23:07:59', 'en'),
('14ebfbd1-270f-455e-945b-83ba63030bd2', NULL, '196.121.66.81', '2025-02-21 19:03:18', '2025-02-21 19:03:18', 'en'),
('1542e596-f439-4be2-b2b1-f4e07f766810', NULL, '2.50.177.247', '2026-01-13 06:22:12', '2026-01-13 06:22:12', 'ar'),
('160be5c2-de38-4625-993d-cfbcc94b1a0d', 'f0d3c490-f54a-11ef-90da-9f842e684f4c', '5.38.109.11', '2025-03-15 09:37:33', '2025-03-15 09:37:33', 'en'),
('16b23274-af04-4830-a4f2-097417a9d01e', NULL, '2.48.69.141', '2025-03-28 06:32:06', '2025-03-28 06:32:06', 'en'),
('16c93d25-0736-49c3-8b10-a0c659fa5c68', NULL, '87.201.228.19', '2025-03-28 06:39:16', '2025-03-28 06:39:16', 'ar'),
('17c85ec4-3267-43db-8bae-4682542e8117', NULL, '192.168.50.57', '2024-11-19 15:49:22', '2024-11-19 15:49:22', 'en'),
('180e05ba-f704-4001-8dfa-d642620c36b6', 'f0d3c490-f54a-11ef-90da-9f842e684f4c', '5.38.109.11', '2025-03-20 10:05:20', '2025-03-20 10:05:20', 'en'),
('181b3562-959b-476a-91fc-6abe20a54b67', NULL, '196.121.66.81', '2025-02-21 21:22:04', '2025-02-21 21:22:04', 'en'),
('18ea3e30-6fb0-47cc-9631-76ed0ed7d8c4', NULL, '176.123.27.254', '2025-07-15 08:44:49', '2025-07-15 08:44:49', 'ar'),
('195dbaeb-73ea-42e3-890f-82234ad5e4e8', NULL, '94.205.131.44', '2025-04-14 15:38:12', '2025-04-14 15:38:12', 'ar'),
('1a299085-1b8f-45fb-a7f9-83eefabc56a7', NULL, '94.205.131.44', '2025-04-14 15:40:58', '2025-04-14 15:40:58', 'ar'),
('1a8bee62-ed5e-4dfc-9684-e83bea28b8b7', NULL, '94.205.131.44', '2025-04-14 16:11:18', '2025-04-14 16:11:18', 'ar'),
('1aa58415-91b8-4892-b34f-f3e0fbe73ffa', NULL, '2.48.21.159', '2025-07-05 08:44:09', '2025-07-05 08:44:09', 'ar'),
('1c813be7-8cf9-42be-a17c-c63168053600', NULL, '2.48.21.159', '2025-07-01 04:33:31', '2025-07-01 04:33:31', 'ar'),
('1ccd2101-e7ce-4475-85a8-cbf3eaacc2d5', NULL, '196.121.66.81', '2025-02-21 21:22:07', '2025-02-21 21:22:07', 'en'),
('1cfd312d-94ba-40a3-8c90-d5032c2fd5f4', NULL, '45.216.6.109', '2026-01-11 22:38:38', '2026-01-11 22:38:38', 'en'),
('1db1438f-b5a2-4acf-b29e-4deb183a7570', NULL, '2.48.229.51', '2025-02-22 13:16:17', '2025-02-22 13:16:17', 'en'),
('1dd48781-6678-46d9-a53d-9323771cbaf4', NULL, '94.205.131.44', '2025-04-14 15:40:01', '2025-04-14 15:40:01', 'ar'),
('1dfe6a14-6376-49d8-8264-c8e64e91af9b', NULL, '196.121.66.81', '2025-02-21 23:41:27', '2025-02-21 23:41:27', 'en'),
('1e10e9f0-20cb-4c12-9acb-cf436b389a48', NULL, '89.189.88.129', '2025-07-06 11:51:22', '2025-07-06 11:51:22', 'ar'),
('1e3364cc-efc1-4a4a-bfbf-b71b9062798e', 'f0d3c490-f54a-11ef-90da-9f842e684f4c', '5.38.109.11', '2025-03-15 10:37:44', '2025-03-15 10:37:44', 'en'),
('1efbe4c1-6ca0-4a3f-b69b-0136cd771302', NULL, '87.201.228.19', '2025-03-28 10:21:57', '2025-03-28 10:21:57', 'ar'),
('200c1708-e5a8-413c-b4cc-913895879f8c', NULL, '196.121.66.81', '2025-02-21 21:28:55', '2025-02-21 21:28:55', 'en'),
('20fd7d60-fcb6-4001-8ff8-5997517b777a', NULL, '2.48.69.141', '2025-03-28 06:32:08', '2025-03-28 06:32:08', 'ar'),
('21290096-b552-4bc0-a4f7-fba707c6f442', NULL, '94.205.131.44', '2025-04-14 16:40:31', '2025-04-14 16:40:31', 'ar'),
('217eb037-7336-4e85-b926-fb528625b6f3', NULL, '2.50.176.234', '2026-01-30 00:19:16', '2026-01-30 00:19:16', 'en'),
('2180f4a8-7049-4282-8d55-bdb5e91dea91', NULL, '94.205.131.44', '2025-04-14 16:18:13', '2025-04-14 16:18:13', 'ar'),
('2191811c-14a1-4a50-8d9b-cf6566e8821a', NULL, '196.121.66.81', '2025-02-21 22:20:23', '2025-02-21 22:20:23', 'en'),
('231d04ee-fd84-4aa8-a09b-7e3761f5b091', NULL, '2.50.176.234', '2026-01-25 20:47:25', '2026-01-25 20:47:25', 'en'),
('24a29b6b-5233-40ac-8e68-fcdd231ea103', NULL, '2.50.176.234', '2026-02-14 02:49:16', '2026-02-14 02:49:16', 'en'),
('2510b2fb-9381-4151-9f94-8bcfdba1c49c', NULL, '87.201.228.19', '2025-03-27 07:36:59', '2025-03-27 07:36:59', 'ar'),
('25a9fd8e-a298-4658-8af4-2cbfb72209b1', NULL, '94.205.59.126', '2026-01-19 05:05:24', '2026-01-19 05:05:24', 'ar'),
('25db9e29-dfb3-4c4d-b838-604a2be85ae0', NULL, '94.205.131.44', '2025-04-14 15:41:25', '2025-04-14 15:41:25', 'ar'),
('261c7515-5271-4854-99ad-b3ec68a980bf', NULL, '2.50.177.247', '2026-01-13 22:04:59', '2026-01-13 22:04:59', 'ar'),
('265f0f2d-8157-444d-a9b6-3cfe3e80c695', NULL, '91.75.131.40', '2026-01-22 06:28:47', '2026-01-22 06:28:47', 'ar'),
('26fbff86-9747-4b1a-a141-2d0f4923c870', NULL, '196.124.25.208', '2026-01-15 20:50:32', '2026-01-15 20:50:32', 'en'),
('2725e30f-d6f2-409b-8670-7158c3f79995', NULL, '45.216.6.109', '2026-01-11 22:38:49', '2026-01-11 22:38:49', 'en'),
('27a60699-0924-4d63-a066-f3a870076b02', NULL, '87.201.228.19', '2025-03-20 06:26:43', '2025-03-20 06:26:43', 'en'),
('2865898b-c0fc-4adb-b71b-459676b53108', NULL, '2.50.176.234', '2026-02-14 02:49:02', '2026-02-14 02:49:02', 'ar'),
('2873e51c-b5b5-4794-895f-5db86b9bbd8b', NULL, '196.121.66.81', '2025-02-21 22:20:22', '2025-02-21 22:20:22', 'en'),
('29d36472-b48c-454b-b650-8f16802ad27d', NULL, '196.121.66.81', '2025-02-21 19:05:05', '2025-02-21 19:05:05', 'en'),
('2a7b35a7-61ee-404c-894b-328730ca0725', NULL, '2.48.229.51', '2025-02-22 13:18:14', '2025-02-22 13:18:14', 'en'),
('2ad7cec4-3555-4f79-8a38-6cdff4aecbd7', NULL, '5.38.109.11', '2025-03-15 09:36:41', '2025-03-15 09:36:41', 'ar'),
('2b84b9ff-61c4-4a97-92ce-a85feffe1207', NULL, '196.124.25.208', '2026-01-15 20:50:21', '2026-01-15 20:50:21', 'en'),
('2ebcfbfc-409c-4218-9c34-4f925b3b7150', NULL, '2.50.176.234', '2026-02-14 02:49:25', '2026-02-14 02:49:25', 'en'),
('2f3cc656-18d8-45b5-8dff-212db1c6e6e4', NULL, '45.216.6.109', '2026-01-11 22:38:56', '2026-01-11 22:38:56', 'en'),
('2f6b4409-55c2-49e4-a2d3-6111a02adf31', NULL, '2.48.69.141', '2025-03-28 10:53:39', '2025-03-28 10:53:39', 'ar'),
('3004aa76-a9fb-432c-bc3b-8e93e6a9c6fe', NULL, '196.121.66.81', '2025-02-21 18:54:58', '2025-02-21 18:54:58', 'en'),
('30d5790a-057e-49dc-9962-acdef227ca30', NULL, '94.205.59.126', '2026-01-19 05:04:33', '2026-01-19 05:04:33', 'ar'),
('314d0d6f-bce1-4593-975a-e0c56138bcd1', NULL, '89.189.88.129', '2025-07-06 11:50:41', '2025-07-06 11:50:41', 'ar'),
('317e26c4-a841-4de7-b208-356f7b805705', NULL, '2.50.176.234', '2026-02-14 04:18:51', '2026-02-14 04:18:51', 'ar'),
('31fcb832-744b-4e3a-9130-6332baf09d37', NULL, '94.205.131.44', '2025-04-14 15:39:43', '2025-04-14 15:39:43', 'ar'),
('326ea5c3-b103-4717-80b3-c8ebfb221ce0', NULL, '196.121.66.81', '2025-02-22 18:36:37', '2025-02-22 18:36:37', 'en'),
('32a7c3d4-0f0b-4935-89c3-2f3a1c755fbb', NULL, '94.205.59.126', '2026-01-19 05:05:03', '2026-01-19 05:05:03', 'ar'),
('33721182-cc38-4c47-aa2e-41d330578995', NULL, '196.112.33.42', '2025-02-28 09:42:25', '2025-02-28 09:42:25', 'en'),
('34113a82-65cb-4f8a-a65b-0ef4a52a2b30', NULL, '196.121.66.81', '2025-02-21 18:54:47', '2025-02-21 18:54:47', 'en'),
('34556669-2b27-4572-8f1f-bb00a74c4742', NULL, '94.205.59.126', '2026-01-19 06:13:44', '2026-01-19 06:13:44', 'ar'),
('349a4dd5-d99d-494e-99c3-3fc408626c15', NULL, '94.205.131.44', '2025-04-14 15:38:03', '2025-04-14 15:38:03', 'ar'),
('34db6575-cdfa-4d8e-a277-342fa5ca1924', NULL, '5.38.109.11', '2025-03-20 10:02:31', '2025-03-20 10:02:31', 'ar'),
('3653708a-6e82-4abb-859b-d392d17f9795', NULL, '87.201.228.19', '2025-03-26 18:02:39', '2025-03-26 18:02:39', 'ar'),
('365c9bd9-76ca-48d9-bff2-fa7f1df9bb65', NULL, '91.74.68.142', '2026-01-19 08:59:23', '2026-01-19 08:59:23', 'ar'),
('36cca9da-b3fe-4733-9228-5df5aa79cfe4', NULL, '109.200.188.219', '2025-07-06 01:44:17', '2025-07-06 01:44:17', 'ar'),
('372f874a-1a38-46ea-a361-2221665a7969', NULL, '87.201.228.19', '2025-03-20 06:28:22', '2025-03-20 06:28:22', 'ar'),
('3745e859-295a-4ded-9298-25c86cb6f65c', NULL, '87.201.228.19', '2025-03-27 05:54:19', '2025-03-27 05:54:19', 'ar'),
('37630ada-f064-4f06-9009-5d445041e020', NULL, '2.50.176.234', '2026-01-30 00:20:24', '2026-01-30 00:20:24', 'en'),
('3789298c-2b87-4c06-bd9a-a073586a2d11', NULL, '2.48.69.141', '2025-03-28 06:32:07', '2025-03-28 06:32:07', 'en'),
('38c68343-692e-4bff-8bcb-7474f9a92c24', NULL, '176.123.23.19', '2025-07-16 05:27:53', '2025-07-16 05:27:53', 'ar'),
('38c8e4d1-43d7-46dc-94db-98d0ce47f812', NULL, '87.201.228.19', '2025-03-28 11:17:56', '2025-03-28 11:17:56', 'ar'),
('39a15e3c-34a2-4ce2-ba55-0037896c3420', NULL, '87.201.228.19', '2025-03-26 17:44:14', '2025-03-26 17:44:14', 'ar'),
('39c7fe76-1010-464b-821c-a17c77279b93', NULL, '87.201.228.19', '2025-03-28 10:26:41', '2025-03-28 10:26:41', 'ar'),
('39d537f3-ede3-4ea5-b7eb-2b40a01c38f6', NULL, '87.201.228.19', '2025-03-26 17:54:00', '2025-03-26 17:54:00', 'ar'),
('3a4b0041-1376-47ba-95ea-4d6122cd389e', NULL, '2.50.177.247', '2026-01-13 22:00:45', '2026-01-13 22:00:45', 'ar'),
('3a845d6b-f0b5-4e84-bb47-9c3c007f0f0e', NULL, '2.48.229.51', '2025-02-22 17:16:19', '2025-02-22 17:16:19', 'en'),
('3a8f3c19-a4b3-494f-80c9-c143c5516cc3', NULL, '5.38.109.11', '2025-03-15 10:22:02', '2025-03-15 10:22:02', 'en'),
('3a91b68c-2a2b-4f2f-96a4-5650529e6f7a', NULL, '87.201.228.19', '2025-03-28 06:39:22', '2025-03-28 06:39:22', 'ar'),
('3d09d5c6-db5e-49b0-af7d-0675ee1a9f5f', NULL, '94.205.131.44', '2025-04-14 16:39:32', '2025-04-14 16:39:32', 'ar'),
('3d0a2b0a-0357-4fed-aa3d-72c926a26934', NULL, '2.50.177.247', '2026-01-13 22:05:57', '2026-01-13 22:05:57', 'ar'),
('3de5f90e-7015-4aa2-ac45-89d3ea5a1b0b', NULL, '2.48.21.159', '2025-07-05 08:44:00', '2025-07-05 08:44:00', 'ar'),
('3eab0c92-669a-4ea2-b303-9c4a10ac99c0', NULL, '87.201.228.19', '2025-03-27 07:37:19', '2025-03-27 07:37:19', 'ar'),
('3f0a9932-313c-437b-a4db-8a5ff95d4790', NULL, '2.48.21.159', '2025-07-01 04:34:16', '2025-07-01 04:34:16', 'ar'),
('3f50a179-738b-4b11-9f13-c3e0b0667c48', NULL, '2.50.176.234', '2026-02-14 02:48:29', '2026-02-14 02:48:29', 'en'),
('3fc6bd74-be66-4f26-b78c-9264f92f720a', NULL, '196.121.66.81', '2025-02-21 23:08:02', '2025-02-21 23:08:02', 'en'),
('4120c906-a1be-43fb-b972-682046ab15e1', NULL, '2.50.177.247', '2026-01-13 22:04:24', '2026-01-13 22:04:24', 'en'),
('448fdad7-cc46-4879-b683-7679119a845f', NULL, '2.48.229.51', '2025-02-22 17:16:37', '2025-02-22 17:16:37', 'en'),
('45e9def9-1764-44a0-8fff-3dbe50aa9bde', NULL, '196.121.66.81', '2025-02-21 18:46:30', '2025-02-21 18:46:30', 'ar'),
('47139c3d-b354-4410-820b-f51b34c9d9be', NULL, '176.123.23.19', '2025-07-16 05:30:43', '2025-07-16 05:30:43', 'ar'),
('4733c01e-f1b8-4300-8431-b063cad15989', NULL, '196.121.66.81', '2025-02-21 18:54:55', '2025-02-21 18:54:55', 'en'),
('475133cd-8a86-4017-82b5-7e3975b2e2b5', NULL, '5.38.109.11', '2025-03-21 06:44:46', '2025-03-21 06:44:46', 'ar'),
('477d526e-22ac-42e3-aebe-5b3b2c466eaa', NULL, '87.201.228.19', '2025-03-27 05:51:39', '2025-03-27 05:51:39', 'ar'),
('47989f1c-5e57-40ee-9c24-ac5e73b4fe20', NULL, '94.205.131.44', '2025-04-14 15:48:23', '2025-04-14 15:48:23', 'ar'),
('4798ac82-c644-45c1-96db-2676571c361f', NULL, '94.205.230.143', '2026-01-14 08:41:44', '2026-01-14 08:41:44', 'ar'),
('47d1f42b-f8ed-4749-b75d-e2c8d38a2605', NULL, '91.75.131.40', '2026-01-22 06:27:54', '2026-01-22 06:27:54', 'ar'),
('482659e6-a5bd-4c61-810b-620bd25316c3', NULL, '94.205.131.44', '2025-04-14 16:48:52', '2025-04-14 16:48:52', 'ar'),
('4a3c00ff-3784-410b-b438-0265e6dd05c0', NULL, '94.205.131.44', '2025-04-15 22:55:41', '2025-04-15 22:55:41', 'ar'),
('4a485370-5062-4847-a289-bf8cf98ccb28', NULL, '31.218.103.245', '2025-03-28 06:34:16', '2025-03-28 06:34:16', 'ar'),
('4af88559-93f1-495d-a7ea-bbe7b2b9cb5e', NULL, '87.201.250.226', '2026-01-13 20:38:02', '2026-01-13 20:38:02', 'ar'),
('4b5b0dbe-86ff-4ce4-8568-917255315890', NULL, '196.121.66.81', '2025-02-22 13:21:05', '2025-02-22 13:21:05', 'en'),
('4b6b2be3-0d9f-4de3-9b3c-975895f3526c', NULL, '105.69.180.17', '2025-06-28 10:37:56', '2025-06-28 10:37:56', 'ar'),
('4b6eb31b-089b-43fb-b26d-4b7acbb78567', NULL, '196.124.25.208', '2026-01-15 20:48:01', '2026-01-15 20:48:01', 'ar'),
('4ba38afb-dc15-4014-bb40-9a555fa76deb', NULL, '2.48.21.159', '2025-07-01 04:33:30', '2025-07-01 04:33:30', 'ar'),
('4c3b81f7-9b66-4286-97f8-746cc2980dab', NULL, '2.50.176.234', '2026-01-24 01:22:19', '2026-01-24 01:22:19', 'ar'),
('4c766994-1ba0-496c-9896-732bc7c46c1a', NULL, '176.123.23.19', '2025-07-16 05:27:41', '2025-07-16 05:27:41', 'ar'),
('4cd198d9-f016-4a35-87cc-2e25c8430857', NULL, '87.201.250.226', '2026-01-13 20:38:00', '2026-01-13 20:38:00', 'ar'),
('4dca4111-4bad-440f-ac2e-acd8c86c362b', NULL, '5.38.109.11', '2025-03-15 10:20:37', '2025-03-15 10:20:37', 'ar'),
('4e05106a-1cde-4f80-9c14-ac4c891c4f1a', NULL, '2.48.206.100', '2025-04-16 12:05:23', '2025-04-16 12:05:23', 'ar'),
('4f9f9323-439c-4b4b-b72e-650dabea1c72', NULL, '94.205.131.44', '2025-04-15 22:55:22', '2025-04-15 22:55:22', 'en'),
('4fbbfca9-2af3-4193-8bd0-6d561319f9e2', NULL, '196.121.66.81', '2025-02-21 19:41:00', '2025-02-21 19:41:00', 'en'),
('52b2b515-1871-4a55-91b3-e87918853580', NULL, '94.205.131.44', '2025-04-14 16:30:06', '2025-04-14 16:30:06', 'ar'),
('53a9dacc-c0f0-486d-9035-4f929ed1be24', 'cff7cb70-538e-11f0-81e8-dd9e6c3f3266', '109.200.177.47', '2025-06-28 09:20:05', '2025-06-28 09:20:05', 'en'),
('53feea49-ddb7-4679-a513-1c68aa548398', NULL, '94.205.131.44', '2025-04-14 15:41:03', '2025-04-14 15:41:03', 'ar'),
('543c7546-d6f9-4d1f-8fdd-ede08ffd0a4b', NULL, '176.123.16.122', '2025-07-17 13:05:26', '2025-07-17 13:05:26', 'ar'),
('54405abb-5ac4-4692-a907-3b5fd731a21b', NULL, '94.205.131.44', '2025-04-14 16:30:22', '2025-04-14 16:30:22', 'ar'),
('54c29e70-97c1-4df4-8bdf-0e04b71f5f90', NULL, '105.191.104.49', '2025-03-15 10:19:33', '2025-03-15 10:19:33', 'en'),
('555c11f3-8364-4c56-b869-63d13969df76', NULL, '94.205.131.44', '2025-04-14 16:18:45', '2025-04-14 16:18:45', 'ar'),
('5610c3be-378a-46ce-a81b-ccdc606a2529', NULL, '46.35.73.222', '2025-07-23 05:19:00', '2025-07-23 05:19:00', 'ar'),
('57736c1a-5059-4ab9-b836-435d2ec39e57', NULL, '2.48.229.51', '2025-02-22 13:09:25', '2025-02-22 13:09:25', 'en'),
('5779cf67-fee2-45df-aab0-5f6a1f0327b0', NULL, '94.205.131.44', '2025-04-14 16:29:58', '2025-04-14 16:29:58', 'ar'),
('579ccb9a-af9c-4326-9d4c-18ea680b8543', NULL, '87.201.228.19', '2025-03-26 16:54:45', '2025-03-26 16:54:45', 'ar'),
('58083a8b-41e6-4150-8493-e9a5c01ffafe', NULL, '196.121.66.81', '2025-02-21 19:38:10', '2025-02-21 19:38:10', 'en'),
('5842dbc8-0913-40bb-86e0-1c76382d7ec0', NULL, '87.201.250.226', '2026-01-13 20:33:19', '2026-01-13 20:33:19', 'ar'),
('58b080d1-dc14-4c4b-b289-feecb79154d3', NULL, '87.201.228.19', '2025-03-27 07:30:43', '2025-03-27 07:30:43', 'ar'),
('59eaed03-9502-4d45-9759-4c66a1195218', NULL, '5.38.109.11', '2025-02-28 09:39:33', '2025-02-28 09:39:33', 'en'),
('5a49e962-c275-4344-a735-9692c7aafd4e', NULL, '196.121.66.81', '2025-02-21 19:39:39', '2025-02-21 19:39:39', 'en'),
('5aa06663-1fe6-41b7-adbc-39c5871f0d47', NULL, '94.205.131.44', '2025-04-14 16:37:04', '2025-04-14 16:37:04', 'ar'),
('5b547009-11c4-4a8f-9cca-d819d933112a', NULL, '105.69.180.17', '2025-06-28 10:38:34', '2025-06-28 10:38:34', 'en'),
('5bf2c57b-d791-460b-814a-480de24d616d', '92061390-55c7-11f0-8c9c-dfb7e82f8fbc', '2.48.46.4', '2025-07-10 07:10:34', '2025-07-10 07:10:34', 'en'),
('5c7c065b-627b-45e2-87cd-136561303639', NULL, '5.38.109.11', '2025-03-09 09:42:08', '2025-03-09 09:42:08', 'ar'),
('5d3f59ee-3e25-4992-b6d8-793bf272482d', NULL, '94.205.131.44', '2025-04-14 16:18:06', '2025-04-14 16:18:06', 'ar'),
('5d709ecb-9170-452a-805a-9bed60e1a46b', NULL, '2.50.176.234', '2026-02-14 02:50:02', '2026-02-14 02:50:02', 'en'),
('5d874ea6-25ba-4147-96d1-3a9342102332', NULL, '2.50.177.247', '2026-01-13 22:00:36', '2026-01-13 22:00:36', 'ar'),
('5de82884-f609-4768-b16a-71b9c168dee8', NULL, '94.205.131.44', '2025-04-14 16:40:13', '2025-04-14 16:40:13', 'ar'),
('5eca1a22-8e93-4327-ae40-c24e34f620ef', NULL, '196.121.66.81', '2025-02-21 18:49:36', '2025-02-21 18:49:36', 'en'),
('5f16121c-b43a-43d7-9b69-7396734bacca', NULL, '87.201.228.19', '2025-03-27 01:32:42', '2025-03-27 01:32:42', 'ar'),
('5f3f8e69-a18a-4c56-a687-2f2ad30190be', NULL, '94.205.131.44', '2025-04-15 22:37:02', '2025-04-15 22:37:02', 'en'),
('5f631e1d-5e7a-4931-9e98-d9bb11984633', NULL, '196.121.66.81', '2025-02-21 19:38:13', '2025-02-21 19:38:13', 'en'),
('5f7d60de-01eb-4165-b865-7ae03a4a8f07', NULL, '87.201.228.19', '2025-03-28 10:22:03', '2025-03-28 10:22:03', 'ar'),
('5fbf0faa-1e83-4991-9416-be4abdb2977a', NULL, '94.205.131.44', '2025-04-14 16:48:50', '2025-04-14 16:48:50', 'ar'),
('5fd69efd-3bce-4d06-ad52-fcf0ce037633', NULL, '175.110.27.64', '2025-07-05 09:06:40', '2025-07-05 09:06:40', 'ar'),
('608bbf16-4eda-4df9-9e8c-df160662e5ed', NULL, '2.48.229.51', '2025-02-22 13:11:58', '2025-02-22 13:11:58', 'en'),
('60f0d819-e06e-439d-84ce-f87102643730', NULL, '87.201.228.19', '2025-03-26 17:05:26', '2025-03-26 17:05:26', 'ar'),
('623cabdd-aa43-4fbe-bbd7-cedf3eb445ea', NULL, '5.38.109.11', '2025-03-20 09:56:54', '2025-03-20 09:56:54', 'ar'),
('62b9cb56-790f-4e91-8733-affe3a658096', NULL, '196.121.66.81', '2025-02-21 22:28:31', '2025-02-21 22:28:31', 'en'),
('65c6d3f9-73b1-423e-b190-3e7f763d50d4', NULL, '196.121.66.81', '2025-02-21 18:46:26', '2025-02-21 18:46:26', 'en'),
('65f7fe3a-cab9-4fa2-a832-b839fb2f07a2', NULL, '5.38.109.11', '2025-03-15 09:36:31', '2025-03-15 09:36:31', 'ar'),
('6803d5f4-9f1d-4312-b7f3-543c97b26e67', NULL, '5.38.109.11', '2025-02-28 09:39:57', '2025-02-28 09:39:57', 'ar'),
('686a9944-5bcc-47bc-9ae3-8d7fe7259a70', NULL, '5.38.109.11', '2025-03-10 07:23:57', '2025-03-10 07:23:57', 'ar'),
('6a321ef0-82a1-4409-ac3c-0a27a025f442', NULL, '2.48.46.4', '2025-07-10 05:10:36', '2025-07-10 05:10:36', 'ar'),
('6a7a435d-2d4d-4392-92ca-76dba5a29ced', NULL, '196.121.66.81', '2025-02-21 21:55:25', '2025-02-21 21:55:25', 'en'),
('6b06fe83-ec0c-4a0d-9a4c-1bb2f6accd00', NULL, '5.38.109.11', '2025-03-15 10:20:13', '2025-03-15 10:20:13', 'ar'),
('6b6c2e10-91cf-4d5a-b9a7-ca6648313b2e', NULL, '87.201.228.19', '2025-03-28 07:14:52', '2025-03-28 07:14:52', 'ar'),
('6cd0b799-d9a3-4974-b627-e23a349bc25c', NULL, '196.121.66.81', '2025-02-21 23:08:21', '2025-02-21 23:08:21', 'en'),
('6d375bdd-8fa5-447f-ba74-2002d51bb58e', NULL, '94.205.131.44', '2025-04-15 22:37:41', '2025-04-15 22:37:41', 'ar'),
('6d4fbdff-58f2-43b1-a457-39c9c4ce5327', NULL, '196.121.66.81', '2025-02-21 18:50:08', '2025-02-21 18:50:08', 'en'),
('6dae9c21-bc4a-423a-a0bb-f199c624aa9d', NULL, '94.205.131.44', '2025-04-14 15:51:09', '2025-04-14 15:51:09', 'ar'),
('6dd66766-5cfd-4d1a-b293-3ccdfd080742', NULL, '5.38.109.11', '2025-02-28 09:41:02', '2025-02-28 09:41:02', 'ar'),
('6e43afd8-5c76-4ed8-9818-ba7b81720d3f', NULL, '196.121.66.81', '2025-02-21 23:43:23', '2025-02-21 23:43:23', 'en'),
('6ea86050-3acd-46e8-9a96-cecc43aef0e2', NULL, '2.48.229.51', '2025-02-22 13:16:14', '2025-02-22 13:16:14', 'en'),
('6ee2b106-02d0-45cf-8fdf-20fd73dbd33b', NULL, '2.48.69.141', '2025-03-28 07:11:20', '2025-03-28 07:11:20', 'ar'),
('6efe6ba9-6202-4b70-b08b-3f8abb391d50', NULL, '175.110.27.64', '2025-07-05 09:05:24', '2025-07-05 09:05:24', 'ar'),
('6f145e02-1c67-4db6-a556-63f06e8047d5', NULL, '45.217.75.143', '2025-03-09 09:39:09', '2025-03-09 09:39:09', 'en'),
('7017e701-6c9f-4431-ac29-46a9d1807d81', NULL, '196.121.66.81', '2025-02-21 18:44:15', '2025-02-21 18:44:15', 'en'),
('70496e32-57c7-459c-93ab-d71678d32760', NULL, '5.38.109.11', '2025-03-10 07:23:48', '2025-03-10 07:23:48', 'ar'),
('706867ca-eb8e-4c43-b840-3cdff905f59e', NULL, '196.121.66.81', '2025-02-21 19:23:47', '2025-02-21 19:23:47', 'en'),
('70ab8014-af72-4bb7-adce-80c9b942eb2a', NULL, '2.50.176.234', '2026-02-14 04:19:15', '2026-02-14 04:19:15', 'ar'),
('70e7a850-db95-4dfe-a44a-b9ff0f22befa', NULL, '45.217.75.143', '2025-03-09 09:38:46', '2025-03-09 09:38:46', 'en'),
('7122d272-3ab6-4d25-820a-560d96a04872', NULL, '196.121.66.81', '2025-02-21 22:20:24', '2025-02-21 22:20:24', 'en'),
('71632373-62c3-4cd4-9fc2-5b23b43549cb', NULL, '89.189.88.129', '2025-07-06 11:51:30', '2025-07-06 11:51:30', 'ar'),
('71c5c813-c86d-4d8d-81da-11e7d301830d', NULL, '87.201.228.19', '2025-03-28 11:18:04', '2025-03-28 11:18:04', 'ar'),
('71fe0fa0-5385-4d94-89c4-582ce6d0cad7', NULL, '2.48.229.51', '2025-02-22 13:16:34', '2025-02-22 13:16:34', 'en'),
('74230644-858a-41bd-bddb-870d037cd62b', NULL, '87.201.228.19', '2025-03-27 07:30:50', '2025-03-27 07:30:50', 'ar'),
('7444e7c8-bd6c-48e0-853d-db883441be29', NULL, '87.201.228.19', '2025-03-27 07:36:22', '2025-03-27 07:36:22', 'ar'),
('74db506b-1909-4baf-96d4-958cecda5614', 'f0d3c490-f54a-11ef-90da-9f842e684f4c', '5.38.109.11', '2025-03-15 10:37:33', '2025-03-15 10:37:33', 'en'),
('75379f85-d1a1-48ee-a891-3788ebcaa6b2', NULL, '2.48.229.51', '2025-02-22 13:14:30', '2025-02-22 13:14:30', 'en'),
('759dfdb2-4622-46df-a63a-69a863a07b34', NULL, '196.121.66.81', '2025-02-22 13:22:26', '2025-02-22 13:22:26', 'en'),
('76784d53-9211-469a-a852-6ec092a4a195', NULL, '94.205.131.44', '2025-04-14 15:38:42', '2025-04-14 15:38:42', 'ar'),
('77a94f61-5102-46fa-b720-47638db81b46', NULL, '5.31.212.171', '2026-01-31 09:15:14', '2026-01-31 09:15:14', 'en'),
('789efac6-fcdc-4fbf-9db8-55563111766f', NULL, '94.205.131.44', '2025-04-14 17:21:56', '2025-04-14 17:21:56', 'ar'),
('792b6710-db8a-4943-b305-51e7999b0410', NULL, '196.121.66.81', '2025-02-21 18:46:30', '2025-02-21 18:46:30', 'ar'),
('794a962e-4b54-4ca9-b782-09445478ae07', 'f0d3c490-f54a-11ef-90da-9f842e684f4c', '5.38.109.11', '2025-03-21 06:45:45', '2025-03-21 06:45:45', 'en'),
('7a09e394-0aac-47b5-9965-c3af631c7bb0', NULL, '2.48.46.4', '2025-07-10 07:26:29', '2025-07-10 07:26:29', 'en'),
('7a9e9f92-2fb7-4bce-9d02-625d46c565bf', 'f0d3c490-f54a-11ef-90da-9f842e684f4c', '5.38.109.11', '2025-03-20 09:57:04', '2025-03-20 09:57:04', 'en'),
('7c0402a3-b142-4601-9467-a6c940eca9fe', NULL, '94.205.131.44', '2025-04-14 16:46:42', '2025-04-14 16:46:42', 'ar'),
('7d74d45e-5880-4007-b5e4-c71371691a3c', NULL, '87.201.228.19', '2025-03-27 07:32:08', '2025-03-27 07:32:08', 'ar'),
('7dcd73a5-d344-46ef-991b-b7164a079474', NULL, '2.50.176.234', '2026-01-25 20:48:11', '2026-01-25 20:48:11', 'en'),
('7e062e66-73cc-49ad-abfc-d7f33d800b88', NULL, '94.205.131.44', '2025-04-14 16:21:51', '2025-04-14 16:21:51', 'ar'),
('7e36b1ef-71f2-4277-8bc3-9a4955796dd5', NULL, '196.121.66.81', '2025-02-21 19:23:10', '2025-02-21 19:23:10', 'en'),
('7e76f9d4-1388-4875-8777-e96be4d56737', NULL, '91.75.131.40', '2026-01-22 06:27:44', '2026-01-22 06:27:44', 'ar'),
('7f142076-3880-4b66-ac38-7709da224b1a', NULL, '87.201.228.19', '2025-03-26 17:12:49', '2025-03-26 17:12:49', 'ar'),
('7f37ab50-c210-4982-b97f-2ddaf90ddc0e', NULL, '45.216.6.109', '2026-01-11 22:39:30', '2026-01-11 22:39:30', 'en'),
('7f753611-e7a8-4f35-9dbe-20e7ad795ebc', NULL, '109.200.172.10', '2025-07-06 04:43:33', '2025-07-06 04:43:33', 'ar'),
('7fb65735-ab13-4d16-9e08-bed3510b0214', NULL, '2.48.229.51', '2025-02-22 13:12:11', '2025-02-22 13:12:11', 'en'),
('7ff8d680-0df4-462a-9843-20db76b2079c', NULL, '94.205.131.44', '2025-04-15 22:42:53', '2025-04-15 22:42:53', 'en'),
('8095dffd-33f4-4c8a-ae54-bccc2b256bb5', NULL, '94.205.59.126', '2026-01-19 05:04:24', '2026-01-19 05:04:24', 'ar'),
('8141d45e-77d1-4635-b398-3c7622d0da0d', NULL, '196.121.66.81', '2025-02-21 18:49:35', '2025-02-21 18:49:35', 'ar'),
('81d6e777-31e7-4909-8cc6-85162d51ddc5', NULL, '2.50.177.247', '2026-01-13 06:22:09', '2026-01-13 06:22:09', 'en'),
('823c630e-2df6-4b25-8d93-5fe7ca4aa977', NULL, '94.205.131.44', '2025-04-15 22:43:35', '2025-04-15 22:43:35', 'ar'),
('8310b256-e316-49ee-a3d4-1ba24cbf727c', NULL, '94.205.59.126', '2026-01-19 06:13:31', '2026-01-19 06:13:31', 'ar'),
('83137845-e2a1-4630-a01b-6150e870f2c7', NULL, '196.121.66.81', '2025-02-22 17:22:51', '2025-02-22 17:22:51', 'en'),
('8361d068-b111-463e-8d9c-0fb70e32055e', NULL, '5.38.109.11', '2025-03-20 10:08:19', '2025-03-20 10:08:19', 'ar'),
('83e737cc-622d-42f1-999f-cf06d60362b0', NULL, '5.38.109.11', '2025-03-20 09:55:02', '2025-03-20 09:55:02', 'ar'),
('8425593f-4383-40ad-ba7b-ff732395eb22', NULL, '2.48.69.141', '2025-03-28 06:32:32', '2025-03-28 06:32:32', 'ar'),
('860d57d9-4181-4704-b91c-165437e2a69c', NULL, '196.121.66.81', '2025-02-21 21:28:58', '2025-02-21 21:28:58', 'en'),
('862aa334-e1f5-4ce3-a715-718d3d18cc49', NULL, '94.205.131.44', '2025-04-14 16:46:44', '2025-04-14 16:46:44', 'ar'),
('8665b704-192a-4866-8b91-963564e8f984', NULL, '87.201.228.19', '2025-03-26 15:08:11', '2025-03-26 15:08:11', 'en'),
('86be67ca-7b34-4ce5-849b-c6cbcedb9b8f', NULL, '109.200.172.10', '2025-07-06 04:55:25', '2025-07-06 04:55:25', 'ar'),
('86de5645-0e3b-4c8b-a218-36510170563a', NULL, '94.205.131.44', '2025-04-15 22:55:22', '2025-04-15 22:55:22', 'en'),
('86f58961-9eb9-4149-83c9-4eeaf3bb7f31', NULL, '87.201.228.19', '2025-03-27 05:51:33', '2025-03-27 05:51:33', 'ar'),
('87021e05-2546-4dc0-91b7-2963ac524ec6', NULL, '87.201.228.19', '2025-03-26 16:43:12', '2025-03-26 16:43:12', 'ar'),
('877e03b1-8c8d-4ee2-941d-b20c08ae617f', NULL, '94.205.131.44', '2025-04-14 16:18:43', '2025-04-14 16:18:43', 'ar'),
('89542af3-caaf-4560-8161-89c19e23ca54', NULL, '196.121.66.81', '2025-02-21 23:41:42', '2025-02-21 23:41:42', 'en'),
('8aee8c40-4b80-4c3f-ba94-9c9ea4d1be19', NULL, '196.121.66.81', '2025-02-21 19:38:11', '2025-02-21 19:38:11', 'en'),
('8b9e0af8-72b3-4fcc-8d03-cd99ff8a4f2c', 'f0d3c490-f54a-11ef-90da-9f842e684f4c', '5.38.109.11', '2025-03-10 07:24:26', '2025-03-10 07:24:26', 'en'),
('8bdacbe0-e658-4502-b3a4-c89d69dec07c', NULL, '196.124.25.208', '2026-01-15 20:48:45', '2026-01-15 20:48:45', 'en'),
('8c4cf267-a12a-4a25-88de-12fbdb3e984e', NULL, '196.121.66.81', '2025-02-21 23:43:32', '2025-02-21 23:43:32', 'en'),
('8d625fc0-e106-49c4-b5a4-28e1c72ac19b', NULL, '87.201.228.19', '2025-03-28 07:14:29', '2025-03-28 07:14:29', 'ar'),
('8dd2e2e5-571f-40b1-b569-f5ef4559f0a2', NULL, '2.50.176.234', '2026-02-14 04:18:33', '2026-02-14 04:18:33', 'en'),
('8f0be85d-4085-4cc0-b881-dfdf7f1ae3e6', NULL, '94.205.131.44', '2025-04-14 16:46:42', '2025-04-14 16:46:42', 'ar'),
('8f649b76-54e8-4308-b3cf-3f7fe24ab25b', NULL, '91.75.131.40', '2026-01-22 08:09:02', '2026-01-22 08:09:02', 'ar'),
('8fb0ff9d-bcfb-4b97-8dd0-41a10ec6830a', NULL, '46.35.73.222', '2025-07-23 06:08:28', '2025-07-23 06:08:28', 'ar'),
('916d5715-7d21-4802-af88-1445b2fe990b', NULL, '94.205.131.44', '2025-04-14 15:38:42', '2025-04-14 15:38:42', 'ar'),
('91dc7da9-d89f-41ae-afab-639d7ebf42bc', NULL, '46.35.73.222', '2025-07-23 06:07:49', '2025-07-23 06:07:49', 'ar'),
('9234c338-4a89-4bf2-850a-62abfc4b8819', NULL, '176.123.27.254', '2025-07-15 10:10:08', '2025-07-15 10:10:08', 'ar'),
('9293db5d-564f-44c9-814d-0a2933925b8e', NULL, '94.205.131.44', '2025-04-14 15:39:40', '2025-04-14 15:39:40', 'ar'),
('93d168b4-6390-4a1f-947d-db87af4a9078', NULL, '196.121.66.81', '2025-02-21 23:42:13', '2025-02-21 23:42:13', 'en'),
('94258df5-e5c6-4af3-a50d-1c99dedc1870', NULL, '5.38.109.11', '2025-03-15 10:20:09', '2025-03-15 10:20:09', 'ar'),
('94dc0256-0e2c-4c1f-a618-8f81e32849bf', NULL, '94.205.131.44', '2025-04-14 15:42:15', '2025-04-14 15:42:15', 'ar'),
('9679ea6d-7102-4516-9409-f23e600fea04', NULL, '109.200.177.47', '2025-06-28 08:00:32', '2025-06-28 08:00:32', 'ar'),
('9692ef86-ce39-4cca-8319-01a01d04a6c5', NULL, '196.121.66.81', '2025-02-21 22:20:58', '2025-02-21 22:20:58', 'en'),
('97b3ed32-dfd6-4cd8-b50f-0c858dc967e5', NULL, '5.38.109.11', '2025-03-15 10:21:29', '2025-03-15 10:21:29', 'en'),
('98f0e079-a23a-4e78-9c4e-4b5c3d148ea0', NULL, '87.201.228.19', '2025-03-26 17:12:55', '2025-03-26 17:12:55', 'ar'),
('9910a2d6-2738-4e93-bb3b-897b4f9ab249', NULL, '196.121.66.81', '2025-02-21 18:46:40', '2025-02-21 18:46:40', 'ar'),
('99256de2-6cb9-433c-845a-43d111c8ec76', 'f0d3c490-f54a-11ef-90da-9f842e684f4c', '5.38.109.11', '2025-03-20 09:57:05', '2025-03-20 09:57:05', 'en'),
('99667ef9-643e-4998-985d-84591a974685', NULL, '46.35.73.222', '2025-07-23 06:07:52', '2025-07-23 06:07:52', 'ar'),
('997f3d0a-6191-43af-b66c-2736df30c74d', NULL, '2.48.229.51', '2025-02-22 13:09:28', '2025-02-22 13:09:28', 'en'),
('99abee82-a075-4c7a-9085-3b598a0a9333', NULL, '2.50.176.234', '2026-01-25 20:47:36', '2026-01-25 20:47:36', 'en'),
('9a2870fa-ae0e-4fd5-bfbe-0a38a446e7dd', NULL, '94.205.131.44', '2025-04-15 22:37:22', '2025-04-15 22:37:22', 'ar'),
('9a614a81-5485-429c-95fc-b91db5aa22be', NULL, '87.201.228.19', '2025-03-28 10:26:49', '2025-03-28 10:26:49', 'ar'),
('9afc91d2-23f5-4c61-b41d-5184057cac9d', NULL, '196.121.66.81', '2025-02-21 22:28:35', '2025-02-21 22:28:35', 'en'),
('9b1c16e5-b63b-471d-8305-d80f293acf77', NULL, '5.38.109.11', '2025-03-15 10:21:25', '2025-03-15 10:21:25', 'ar'),
('9c3035e7-3c5b-4430-915d-c6cf92b3d9d7', NULL, '94.205.131.44', '2025-04-14 16:40:14', '2025-04-14 16:40:14', 'ar'),
('9d1ceee6-ef0a-47f0-a593-9b4e998c8987', NULL, '94.205.131.44', '2025-04-14 15:41:18', '2025-04-14 15:41:18', 'ar'),
('9d72ddcd-f08d-4b92-b31a-a89b74e12552', NULL, '2.50.177.247', '2026-01-13 06:22:40', '2026-01-13 06:22:40', 'ar'),
('9db5039d-3f55-45be-84c6-9f91ead62ccd', NULL, '94.205.59.126', '2026-01-19 05:05:33', '2026-01-19 05:05:33', 'ar'),
('9e226cc3-f3b3-4b74-a1c1-aa71fb5df6f2', NULL, '5.38.109.11', '2025-03-15 10:27:07', '2025-03-15 10:27:07', 'ar'),
('9f41037f-1a64-4057-983c-425946d7aa1c', NULL, '196.121.66.81', '2025-02-21 23:41:41', '2025-02-21 23:41:41', 'en'),
('9f4c0656-227c-4c20-834b-84726317e106', NULL, '175.110.27.64', '2025-07-05 11:34:53', '2025-07-05 11:34:53', 'ar'),
('9f5a0038-5f0e-4e3e-ac61-9ab360996f6a', NULL, '87.201.228.19', '2025-03-26 17:54:07', '2025-03-26 17:54:07', 'ar'),
('9fdbe36c-62b7-4566-9fe0-06aa4009d575', NULL, '87.201.228.19', '2025-03-27 07:37:06', '2025-03-27 07:37:06', 'ar'),
('a0259569-743d-4e9b-8c92-d75b88b82aad', NULL, '5.38.109.11', '2025-03-15 09:44:56', '2025-03-15 09:44:56', 'ar'),
('a02d64e1-6508-4624-9feb-9f452175215b', NULL, '87.201.228.19', '2025-03-27 07:22:41', '2025-03-27 07:22:41', 'ar'),
('a0462571-f130-4e32-97eb-7e569c3b2056', NULL, '105.69.136.119', '2025-06-28 11:45:56', '2025-06-28 11:45:56', 'en'),
('a0ef7c28-4d15-49a5-a892-fe9fb0150d67', NULL, '196.121.66.81', '2025-02-22 13:21:55', '2025-02-22 13:21:55', 'en'),
('a1905818-61d6-4d45-9a7b-acaf652e7c2f', NULL, '94.205.131.44', '2025-04-15 22:42:53', '2025-04-15 22:42:53', 'en'),
('a2a9ba25-6b6d-4e13-8e3f-ff395d56ba1d', NULL, '94.205.131.44', '2025-04-14 17:06:36', '2025-04-14 17:06:36', 'ar'),
('a2ea1d4d-c464-4708-ba9d-5a575ad59577', NULL, '5.38.109.11', '2025-03-15 09:07:01', '2025-03-15 09:07:01', 'ar'),
('a33904fa-c309-469c-9893-1c93e83b9464', NULL, '196.121.66.81', '2025-02-21 21:55:29', '2025-02-21 21:55:29', 'en'),
('a393e43b-c61e-411f-ab02-507125e607ea', NULL, '87.201.228.19', '2025-03-20 06:28:47', '2025-03-20 06:28:47', 'ar'),
('a47bff98-f911-4feb-81da-1f75873f8212', NULL, '2.48.69.141', '2025-03-28 12:50:17', '2025-03-28 12:50:17', 'ar'),
('a57ce055-fba4-4171-823f-00d2898aae02', NULL, '2.48.69.141', '2025-03-28 07:11:27', '2025-03-28 07:11:27', 'ar'),
('a6dcf8eb-17b6-4cdc-9bc1-48effc0dc8e2', NULL, '87.201.228.19', '2025-03-27 07:34:59', '2025-03-27 07:34:59', 'ar'),
('a6fcc3bc-ad6f-48b1-8833-f68366c5bb6c', NULL, '5.38.109.11', '2025-03-15 10:22:15', '2025-03-15 10:22:15', 'ar'),
('a76c5540-62dc-4857-a2af-cb8c20d72b74', NULL, '2.48.249.31', '2025-04-25 05:41:40', '2025-04-25 05:41:40', 'ar'),
('a7b5a452-4ede-4254-8224-30032d6bb939', NULL, '5.38.109.11', '2025-03-15 09:43:04', '2025-03-15 09:43:04', 'ar'),
('a7b87fe0-a30f-4323-ad0c-bde87337dbe9', NULL, '196.121.66.81', '2025-02-21 18:44:49', '2025-02-21 18:44:49', 'en'),
('a875ba21-0502-49be-8798-0525121f2d95', NULL, '89.189.88.129', '2025-07-06 11:50:41', '2025-07-06 11:50:41', 'ar'),
('a91c6f7b-b118-4990-915f-2e87923c11c1', NULL, '87.201.228.19', '2025-03-26 15:08:12', '2025-03-26 15:08:12', 'en'),
('a955ffa3-0f13-4979-83fd-c48b4e43fb7f', NULL, '196.121.66.81', '2025-02-22 17:22:42', '2025-02-22 17:22:42', 'en'),
('a9802163-d5b8-4523-803d-e62a234cd4f7', NULL, '2.50.176.234', '2026-02-14 04:17:15', '2026-02-14 04:17:15', 'en'),
('aa0d8c70-60c1-4cc0-a3dd-5ebb13eeb478', NULL, '196.112.33.42', '2025-02-28 09:31:09', '2025-02-28 09:31:09', 'en'),
('aa208bce-d5c2-4db5-95bd-c80c31b19d86', NULL, '2.50.177.247', '2026-01-13 22:04:54', '2026-01-13 22:04:54', 'ar'),
('aa23002e-5883-4985-ac46-a5ffcb91385e', NULL, '87.201.228.19', '2025-03-28 07:14:39', '2025-03-28 07:14:39', 'ar'),
('aab90ae2-683c-4404-9ab3-4276fbd0ffce', NULL, '2.48.69.141', '2025-03-28 11:00:48', '2025-03-28 11:00:48', 'ar'),
('aacc81c3-b1d4-4ce2-97e9-ae124fc6a959', NULL, '196.121.66.81', '2025-02-21 23:43:33', '2025-02-21 23:43:33', 'en'),
('acc62b68-6921-4969-953f-16e0e7f40bad', NULL, '176.123.23.19', '2025-07-16 05:30:46', '2025-07-16 05:30:46', 'ar'),
('acdf8313-09b7-4118-9793-34314069682b', NULL, '94.205.131.44', '2025-04-14 16:48:49', '2025-04-14 16:48:49', 'ar'),
('ad085774-a794-4775-86ab-84999ff00c9f', NULL, '87.201.228.19', '2025-03-26 15:08:46', '2025-03-26 15:08:46', 'ar'),
('ad2aca16-e03f-45e4-a49e-fd8c307f93aa', NULL, '176.123.23.19', '2025-07-16 05:30:45', '2025-07-16 05:30:45', 'ar'),
('ad7a5696-3f2b-4730-bd52-298361ffe37a', NULL, '196.121.66.81', '2025-02-21 19:23:05', '2025-02-21 19:23:05', 'en'),
('ad88213e-d06a-4ab2-8535-7f095c1e9583', NULL, '5.38.109.11', '2025-03-20 10:08:40', '2025-03-20 10:08:40', 'ar'),
('adc21d68-ea8e-4cf8-9de9-9a313cc69415', NULL, '2.50.176.234', '2026-02-14 02:48:40', '2026-02-14 02:48:40', 'en'),
('ae333196-1ada-420a-9ef3-33b6d6956a57', NULL, '87.201.228.19', '2025-03-27 07:34:52', '2025-03-27 07:34:52', 'ar'),
('ae4a4fcf-5a3c-4048-9ab7-1b6b09eafd7b', NULL, '109.200.177.47', '2025-06-28 09:43:24', '2025-06-28 09:43:24', 'ar'),
('aec036a4-c96b-46b5-8e3a-85ba4b05e043', NULL, '94.205.131.44', '2025-04-14 15:42:17', '2025-04-14 15:42:17', 'ar'),
('aed72b9f-5008-478e-9a35-e668c753038f', NULL, '87.201.228.19', '2025-03-26 17:05:19', '2025-03-26 17:05:19', 'ar'),
('b031860f-c46a-4b49-98b5-f69b9aaea9fd', NULL, '2.50.177.247', '2026-01-13 06:22:10', '2026-01-13 06:22:10', 'en'),
('b031fd22-ca73-4902-90a4-7afee39a9d96', NULL, '87.201.228.19', '2025-03-27 07:29:29', '2025-03-27 07:29:29', 'ar'),
('b21b6827-eb85-45e4-8ccb-c7b28b5aef86', NULL, '5.38.109.11', '2025-03-09 11:33:03', '2025-03-09 11:33:03', 'ar'),
('b2627b51-2c16-4d52-9ed7-ad571c323b66', NULL, '196.121.66.81', '2025-02-21 19:38:38', '2025-02-21 19:38:38', 'en'),
('b269ad9b-0769-456f-b4f0-501a43726b49', NULL, '94.205.131.44', '2025-04-14 16:18:42', '2025-04-14 16:18:42', 'ar'),
('b2c833b2-e37d-497e-a9f7-c031af255b37', NULL, '5.38.109.11', '2025-03-15 10:26:57', '2025-03-15 10:26:57', 'ar'),
('b2e43db5-08d8-4e4a-8698-2eab812aabe7', NULL, '5.38.109.11', '2025-03-15 09:44:45', '2025-03-15 09:44:45', 'ar'),
('b3d122bc-e171-466a-a504-7e94d07ba4aa', NULL, '105.191.104.49', '2025-03-15 10:19:24', '2025-03-15 10:19:24', 'en'),
('b44ce33d-fde9-48bb-8fb7-c439e567e2dd', NULL, '109.200.177.47', '2025-06-28 09:01:17', '2025-06-28 09:01:17', 'ar'),
('b505f830-835d-4553-8270-d6b08d410918', NULL, '87.201.228.19', '2025-03-27 07:38:05', '2025-03-27 07:38:05', 'ar'),
('b5415fe7-1964-4903-a088-99b4d8ef7053', NULL, '87.201.228.19', '2025-03-27 05:54:21', '2025-03-27 05:54:21', 'ar'),
('b5d8bb3e-2985-44ad-b043-1bd868826392', NULL, '5.38.109.11', '2025-03-20 09:55:18', '2025-03-20 09:55:18', 'ar'),
('b684fca3-3b43-4c1d-a5eb-f121cdb66d12', NULL, '2.48.46.4', '2025-07-10 07:09:50', '2025-07-10 07:09:50', 'ar'),
('b6b04d9a-5111-42de-9d2d-8a4980c20a84', NULL, '2.48.229.51', '2025-02-22 13:18:11', '2025-02-22 13:18:11', 'en'),
('b6efb95c-a524-444e-9277-830ab5d29079', NULL, '87.201.228.19', '2025-03-27 07:25:11', '2025-03-27 07:25:11', 'ar'),
('b72fce99-762a-472a-a791-08f3a50b5f84', NULL, '196.121.66.81', '2025-02-21 23:42:43', '2025-02-21 23:42:43', 'en'),
('b74c73d0-22f1-4a9a-99c0-81c6fd5a813a', NULL, '175.110.27.64', '2025-07-05 08:59:02', '2025-07-05 08:59:02', 'ar'),
('b752690d-a968-46fb-a5a5-d2d12b6fa043', NULL, '5.31.212.171', '2026-01-31 09:15:03', '2026-01-31 09:15:03', 'ar'),
('b776fd11-9c42-4d95-af1d-375492dd0668', NULL, '196.121.66.81', '2025-02-21 19:04:55', '2025-02-21 19:04:55', 'en'),
('b817ca42-8347-40ed-88e4-9a955f6ddf6c', NULL, '5.38.109.11', '2025-02-28 09:41:12', '2025-02-28 09:41:12', 'ar'),
('b86f2ea7-abb1-4dda-bb4d-a00e404f24f9', NULL, '196.121.66.81', '2025-02-21 23:41:09', '2025-02-21 23:41:09', 'en'),
('b8eef2a5-f5c6-4f42-abb6-fcab272786fb', NULL, '94.205.131.44', '2025-04-14 15:39:28', '2025-04-14 15:39:28', 'ar'),
('ba333692-f55e-4c12-8a04-4e729e562504', NULL, '2.48.229.51', '2025-02-22 13:09:42', '2025-02-22 13:09:42', 'en'),
('ba33fcef-391f-46cf-8864-7d2247a27efb', NULL, '94.205.131.44', '2025-04-14 16:40:12', '2025-04-14 16:40:12', 'ar'),
('ba7cca1e-f088-4df7-9a1b-f9bfb2152e01', NULL, '94.205.131.44', '2025-04-14 15:48:32', '2025-04-14 15:48:32', 'ar'),
('bb11e855-4489-46b4-848a-d75d35b00660', NULL, '175.110.27.64', '2025-07-05 11:32:38', '2025-07-05 11:32:38', 'ar'),
('bb19d1dd-4566-48d5-888e-9860d7f08c61', NULL, '94.205.131.44', '2025-04-15 22:43:57', '2025-04-15 22:43:57', 'ar'),
('bb5bcce2-e781-443a-abb0-0fcee55df2c3', NULL, '176.123.27.254', '2025-07-15 08:45:03', '2025-07-15 08:45:03', 'ar'),
('bc1153ea-d604-4f6a-ae31-454f787c4850', NULL, '109.200.177.47', '2025-06-28 08:00:58', '2025-06-28 08:00:58', 'ar'),
('bca9f4b1-b495-48ce-9677-6a311b8e7153', NULL, '2.48.229.51', '2025-02-22 13:18:18', '2025-02-22 13:18:18', 'en'),
('bd7f8cac-d0cb-4b15-9cf1-e3e53eee23a1', NULL, '45.216.6.109', '2026-01-11 22:38:06', '2026-01-11 22:38:06', 'en'),
('bdb8a59e-18fd-4578-9d89-201ac3a2ea2e', 'f0d3c490-f54a-11ef-90da-9f842e684f4c', '5.38.109.11', '2025-03-20 09:56:06', '2025-03-20 09:56:06', 'en'),
('be29b803-b582-4c3b-9053-a106ebb5034a', NULL, '2.50.176.234', '2026-02-14 02:50:11', '2026-02-14 02:50:11', 'en'),
('be9d5f40-ecf5-4151-a886-f1a05e3a4d44', NULL, '87.201.228.19', '2025-03-26 16:54:52', '2025-03-26 16:54:52', 'ar'),
('bf4fce2a-aef8-459a-b73a-ae08398f4b2c', NULL, '87.201.250.226', '2026-01-13 20:38:16', '2026-01-13 20:38:16', 'ar'),
('bf5d9d58-6dcd-4fbd-8de3-eae93564af58', NULL, '2.48.21.159', '2025-07-01 04:34:14', '2025-07-01 04:34:14', 'ar'),
('bf8763a8-1298-4dc9-bc2d-df554efba402', NULL, '87.201.228.19', '2025-03-28 07:14:23', '2025-03-28 07:14:23', 'ar'),
('bfc0d0dc-2d77-43ec-9cd8-9c3243423fa6', 'f0d3c490-f54a-11ef-90da-9f842e684f4c', '5.38.109.11', '2025-03-15 10:37:45', '2025-03-15 10:37:45', 'en'),
('bfe0c2bd-2767-4cea-b618-18e778a86b66', NULL, '87.201.228.19', '2025-03-27 07:36:53', '2025-03-27 07:36:53', 'ar'),
('c007d11f-6c1f-4c69-9cb3-c55e3a6bb55f', NULL, '2.48.69.141', '2025-03-28 11:00:54', '2025-03-28 11:00:54', 'ar'),
('c03949e3-0e25-4e74-9b1d-c93b94206d55', NULL, '196.124.25.208', '2026-01-15 20:48:51', '2026-01-15 20:48:51', 'en'),
('c0811c69-ceed-4366-a97f-836f7ebe3bce', NULL, '2.48.21.159', '2025-07-05 08:51:03', '2025-07-05 08:51:03', 'ar'),
('c090de22-ecc1-43b0-84c2-792e3aef1f26', NULL, '134.35.78.51', '2025-07-17 10:59:39', '2025-07-17 10:59:39', 'ar'),
('c2452442-d91f-4654-a6d6-52e6ba81f069', NULL, '109.200.177.47', '2025-06-28 09:01:06', '2025-06-28 09:01:06', 'ar'),
('c36aa20f-957f-45d9-8cc6-b39dfff36e6c', NULL, '87.201.228.19', '2025-03-27 07:29:35', '2025-03-27 07:29:35', 'ar'),
('c36b9ac5-5145-45a4-ac97-dc53f6310455', 'fbe9b120-539e-11f0-a0cd-3fac7520b8fb', '105.69.180.17', '2025-06-28 10:39:42', '2025-06-28 10:39:42', 'en'),
('c4993e10-fdcc-43c3-b185-ac4fd8cf7a55', NULL, '5.38.109.11', '2025-03-15 10:21:42', '2025-03-15 10:21:42', 'en'),
('c6340193-f727-44f4-a32c-86aa3cb280e4', NULL, '2.50.176.234', '2026-02-14 02:48:54', '2026-02-14 02:48:54', 'ar'),
('c650c82a-ae3b-4178-af05-69b1318e6d09', NULL, '196.121.66.81', '2025-02-21 19:38:37', '2025-02-21 19:38:37', 'en'),
('c9372211-7fc9-4edf-a463-9b02b4ede2a1', NULL, '94.205.230.143', '2026-01-14 08:41:33', '2026-01-14 08:41:33', 'ar'),
('ca615fa7-ae84-4a3a-9c54-162c3cc8cd31', NULL, '2.48.46.4', '2025-07-10 07:26:04', '2025-07-10 07:26:04', 'ar'),
('cb150605-bb86-4b57-985d-ed8e657086e0', NULL, '2.50.176.234', '2026-01-24 01:23:32', '2026-01-24 01:23:32', 'en'),
('cbe40751-d038-4509-a101-2be43d616af0', NULL, '94.205.131.44', '2025-04-14 15:38:44', '2025-04-14 15:38:44', 'ar'),
('cc9f9af7-8331-48b8-8763-b8cb8e996dba', NULL, '175.110.27.64', '2025-07-05 08:59:01', '2025-07-05 08:59:01', 'ar'),
('ccc27559-8d65-40fc-80b1-90e3eebd7a68', NULL, '2.50.176.234', '2026-01-24 01:22:07', '2026-01-24 01:22:07', 'ar'),
('cd09f977-3c8e-4992-ac55-ba7b61dcf41e', NULL, '176.123.27.254', '2025-07-15 08:45:01', '2025-07-15 08:45:01', 'ar'),
('ce3c6b02-a670-4203-b525-1b4bba4fc690', NULL, '196.121.66.81', '2025-02-22 13:21:52', '2025-02-22 13:21:52', 'en'),
('ce6f8d68-bd7c-401f-a676-8528bd758c5d', NULL, '196.121.66.81', '2025-02-21 18:49:37', '2025-02-21 18:49:37', 'en'),
('cec3999b-7dd2-40f0-a8ab-7c9df52554f4', NULL, '87.201.228.19', '2025-03-26 16:43:06', '2025-03-26 16:43:06', 'ar'),
('cffe66a8-dfac-44fc-a073-ff95128247b2', NULL, '87.201.228.19', '2025-03-26 15:08:22', '2025-03-26 15:08:22', 'ar'),
('d1cecc33-e02b-470e-896f-92a9275dab4a', NULL, '5.38.109.11', '2025-03-09 09:41:56', '2025-03-09 09:41:56', 'ar'),
('d1cee433-99d6-4f3f-ad0e-316e8710e264', NULL, '89.189.88.129', '2025-07-06 11:50:40', '2025-07-06 11:50:40', 'ar'),
('d2ef02db-b792-4813-bd58-0cf70d6f182a', NULL, '2.50.177.247', '2026-01-15 02:05:00', '2026-01-15 02:05:00', 'ar'),
('d41794e6-b9cc-4fa3-9385-e1e2a1beec19', NULL, '196.112.33.42', '2025-02-28 09:42:12', '2025-02-28 09:42:12', 'en'),
('d443a89a-b4ad-4a38-8ce0-dda0e80493ac', NULL, '2.48.46.4', '2025-07-10 07:09:31', '2025-07-10 07:09:31', 'ar'),
('d4eb74ef-747e-425f-99ed-c16f92d032ef', NULL, '2.48.249.31', '2025-04-27 04:12:23', '2025-04-27 04:12:23', 'ar'),
('d6ad0c4a-d637-4c4d-a877-fffacbccf46e', NULL, '94.205.131.44', '2025-04-14 16:30:21', '2025-04-14 16:30:21', 'ar'),
('d6cd8d34-3605-4d30-aa43-5a979b8fee02', NULL, '176.123.27.254', '2025-07-15 08:45:09', '2025-07-15 08:45:09', 'ar'),
('d73b906b-a18d-4628-b56c-35f835ef990c', NULL, '196.121.66.81', '2025-02-21 22:29:06', '2025-02-21 22:29:06', 'en'),
('d8135d65-12f9-410c-8f0a-eaf4275e8001', NULL, '87.201.228.19', '2025-03-27 01:32:35', '2025-03-27 01:32:35', 'ar'),
('d8b8265f-6ab0-4df3-a22c-687c60ede7e5', NULL, '87.201.250.226', '2026-01-13 20:33:54', '2026-01-13 20:33:54', 'ar'),
('d9fa7091-a473-45ea-813b-d94e863e9c81', NULL, '196.113.48.112', '2025-03-06 13:22:40', '2025-03-06 13:22:40', 'en'),
('db9f7aea-aa6a-40e0-a6c9-91bc0102591e', NULL, '196.121.66.81', '2025-02-21 22:28:28', '2025-02-21 22:28:28', 'en'),
('dc1536b8-401f-470c-a0f1-88def1e947bc', NULL, '87.201.250.226', '2026-01-13 20:33:15', '2026-01-13 20:33:15', 'ar'),
('dc675a66-2dd7-476c-b656-9130eb5f10a8', NULL, '87.201.228.19', '2025-03-27 07:25:19', '2025-03-27 07:25:19', 'ar'),
('dc929002-26d5-4268-ac74-b8b2fc94ca7b', NULL, '94.205.131.44', '2025-04-14 16:40:32', '2025-04-14 16:40:32', 'ar'),
('dd33d863-9a52-4e5c-9527-6e7e9960a884', NULL, '94.205.131.44', '2025-04-14 16:21:58', '2025-04-14 16:21:58', 'ar'),
('dd9574e2-2682-4228-ac99-d923eb52c0b4', NULL, '94.205.131.44', '2025-04-14 17:06:43', '2025-04-14 17:06:43', 'ar'),
('ddcb6a82-a886-4bba-9a28-3eadb35f8ff2', NULL, '196.121.66.81', '2025-02-22 18:36:26', '2025-02-22 18:36:26', 'en'),
('dddf5c8d-0811-420e-82a4-0a419d5fd1fa', NULL, '2.50.177.247', '2026-01-13 22:04:23', '2026-01-13 22:04:23', 'en'),
('de0b15e7-550f-4f91-a6fb-1baef4c42174', NULL, '2.50.177.247', '2026-01-13 06:22:43', '2026-01-13 06:22:43', 'ar'),
('deba0d1e-32ec-4201-94fb-e9e37c60eeea', NULL, '196.121.66.81', '2025-02-21 18:44:18', '2025-02-21 18:44:18', 'en'),
('e068b928-a08d-4fec-8737-d9931ced184a', NULL, '2.50.176.234', '2026-02-14 04:19:08', '2026-02-14 04:19:08', 'ar'),
('e19495b1-7b24-4609-af14-e078beacf2b1', NULL, '196.124.25.208', '2026-01-15 20:48:55', '2026-01-15 20:48:55', 'en'),
('e19ce8fc-5f62-4a02-814e-fc8be34ac36c', NULL, '2.48.21.159', '2025-07-01 04:33:32', '2025-07-01 04:33:32', 'ar'),
('e1b8ea80-a6ea-4a4d-96f5-caf98c7a92a4', NULL, '192.168.50.57', '2024-11-19 15:49:05', '2024-11-19 15:49:05', 'en'),
('e36b51a7-1a66-43bf-839d-8b2e90369fbc', NULL, '196.124.25.208', '2026-01-15 20:48:04', '2026-01-15 20:48:04', 'en'),
('e422be5c-a0e0-450b-8899-368274944be0', NULL, '87.201.228.19', '2025-03-26 18:02:46', '2025-03-26 18:02:46', 'ar'),
('e44c88ef-fb51-4573-ba38-3fd0e5377548', NULL, '46.35.73.222', '2025-07-23 04:46:51', '2025-07-23 04:46:51', 'ar'),
('e469710a-2d06-4d14-8045-0cb25cceade2', NULL, '196.121.66.81', '2025-02-21 19:39:25', '2025-02-21 19:39:25', 'en'),
('e533ed60-d52f-4586-9c00-bc580cc44d80', NULL, '46.35.73.222', '2025-07-23 06:07:54', '2025-07-23 06:07:54', 'ar'),
('e5a1537d-9849-493b-ab79-a1dffb9180a9', 'ba1894c0-f014-11ef-b14f-6dddeb97ee26', '196.121.66.81', '2025-02-21 18:45:06', '2025-02-21 18:45:06', 'en'),
('e5f41431-5e26-4a0f-b555-a7a8d5755f3e', NULL, '2.50.177.247', '2026-01-15 02:04:49', '2026-01-15 02:04:49', 'ar'),
('e641d99f-bf53-445e-822d-b1e315ed452b', NULL, '94.205.131.44', '2025-04-14 16:30:20', '2025-04-14 16:30:20', 'ar'),
('e6e42081-b691-43bf-a32e-1c32c8c94511', NULL, '196.121.66.81', '2025-02-21 22:29:21', '2025-02-21 22:29:21', 'en'),
('e8239a59-7dde-4041-853b-c2c6f55ed25b', NULL, '2.48.206.100', '2025-04-16 12:05:30', '2025-04-16 12:05:30', 'ar'),
('e84840f5-5f71-4406-86d5-84b7665d98a4', NULL, '5.38.109.11', '2025-03-15 10:20:26', '2025-03-15 10:20:26', 'ar'),
('e883960b-dca2-4386-9765-2af13923ce6b', NULL, '45.217.75.143', '2025-03-09 09:38:48', '2025-03-09 09:38:48', 'en'),
('e8878f8e-206e-4a70-be00-ff32ddc00aeb', NULL, '45.216.6.109', '2026-01-11 22:38:07', '2026-01-11 22:38:07', 'en'),
('e88e4988-34cb-4267-b9cf-9d3f98bbff3a', NULL, '2.48.46.4', '2025-07-10 05:11:28', '2025-07-10 05:11:28', 'ar');
INSERT INTO `guests` (`id`, `guest_id`, `ip_address`, `created_at`, `updated_at`, `current_language_key`) VALUES
('e9095f61-aecf-436e-b409-640e74758c25', NULL, '196.121.66.81', '2025-02-21 22:30:03', '2025-02-21 22:30:03', 'en'),
('e9c26181-f434-4f63-afb4-f88bb9a1453a', NULL, '105.69.180.17', '2025-06-28 10:38:05', '2025-06-28 10:38:05', 'en'),
('ea70b63c-645f-4f5d-9306-e03484be211a', NULL, '196.112.33.42', '2025-02-28 09:31:17', '2025-02-28 09:31:17', 'en'),
('ea73a156-7845-45fd-baef-cf735aa50cab', NULL, '87.201.250.226', '2026-01-13 20:35:07', '2026-01-13 20:35:07', 'ar'),
('eaa3ebda-b47d-48c7-9e73-53bc4359e475', NULL, '87.201.228.19', '2025-03-27 07:22:34', '2025-03-27 07:22:34', 'ar'),
('eac9110e-8f40-4338-bc47-b0ed60061f39', NULL, '105.69.180.17', '2025-06-28 10:38:06', '2025-06-28 10:38:06', 'en'),
('eaefbb40-38a2-4490-9921-1b27a3c52cba', NULL, '5.38.109.11', '2025-02-28 09:39:35', '2025-02-28 09:39:35', 'en'),
('eb2ebe0f-8c7a-4a8d-95be-ece31d7d4936', 'f0d3c490-f54a-11ef-90da-9f842e684f4c', '5.38.109.11', '2025-03-15 09:37:32', '2025-03-15 09:37:32', 'en'),
('eba0a9a8-aa31-411c-a5a0-5c0c11700d9c', NULL, '2.50.176.234', '2026-02-14 02:49:06', '2026-02-14 02:49:06', 'en'),
('eea00974-2cfa-484f-b2b1-0808eee866f6', NULL, '94.205.131.44', '2025-04-14 16:36:56', '2025-04-14 16:36:56', 'ar'),
('ef55dcce-6291-4228-8e4c-2cc331444465', NULL, '2.50.176.234', '2026-02-14 04:18:42', '2026-02-14 04:18:42', 'en'),
('ef5fd072-780a-4faa-b706-4a875b5a059f', NULL, '196.121.66.81', '2025-02-22 13:21:56', '2025-02-22 13:21:56', 'en'),
('efbcb025-0687-46c4-a057-ee454ed90f13', NULL, '94.205.131.44', '2025-04-14 16:39:30', '2025-04-14 16:39:30', 'ar'),
('efbff12f-97e7-4290-90bf-589701214abf', NULL, '94.205.131.44', '2025-04-14 15:39:41', '2025-04-14 15:39:41', 'ar'),
('f014d686-163b-427e-a3b2-3be968cf4982', NULL, '196.121.66.81', '2025-02-21 21:21:46', '2025-02-21 21:21:46', 'en'),
('f11b3049-699b-4b75-a081-723f33fd0573', NULL, '94.205.131.44', '2025-04-14 16:40:33', '2025-04-14 16:40:33', 'ar'),
('f2925d2e-6d1e-43b3-b53a-73ff6af9340e', NULL, '196.124.25.208', '2026-01-15 20:48:00', '2026-01-15 20:48:00', 'ar'),
('f2fa6c22-a464-443d-8d91-c156ee69052d', NULL, '45.216.6.109', '2026-01-11 22:39:17', '2026-01-11 22:39:17', 'en'),
('f31ef4b2-f09b-4d30-802a-1d356b115e49', NULL, '176.204.97.15', '2025-04-27 04:12:30', '2025-04-27 04:12:30', 'ar'),
('f40ccd76-cda0-4bfc-8d3e-e4e792944273', NULL, '5.38.109.11', '2025-03-15 09:42:53', '2025-03-15 09:42:53', 'ar'),
('f469804f-db38-4fca-8797-3358fd2859fe', NULL, '2.50.176.234', '2026-02-14 02:47:54', '2026-02-14 02:47:54', 'en'),
('f4cb6144-97a5-4e1d-949b-09e4394d4bb5', NULL, '2.48.46.4', '2025-07-10 07:26:28', '2025-07-10 07:26:28', 'en'),
('f51acee1-5197-4213-b35c-2e3cc0f9aa6b', NULL, '5.38.109.11', '2025-03-20 10:08:31', '2025-03-20 10:08:31', 'ar'),
('f5c67a88-fd9e-44f1-ab12-69ee2c2a5d55', NULL, '94.205.131.44', '2025-04-15 22:55:58', '2025-04-15 22:55:58', 'ar'),
('f83dcdad-d87b-488f-9e65-f3b880ba863c', 'f0d3c490-f54a-11ef-90da-9f842e684f4c', '5.38.109.11', '2025-03-15 10:37:43', '2025-03-15 10:37:43', 'en'),
('f997043b-f5d5-4f05-859e-07ba1f693eeb', NULL, '2.50.177.247', '2026-01-13 06:24:06', '2026-01-13 06:24:06', 'ar'),
('f9ab4167-23e3-4a52-82e1-544603a1b7d3', NULL, '2.48.229.51', '2025-02-22 17:16:14', '2025-02-22 17:16:14', 'en'),
('fa3cf579-c812-4e28-af06-d17a94a65be2', NULL, '87.201.250.226', '2026-01-13 20:33:14', '2026-01-13 20:33:14', 'ar'),
('fa3d14d1-2d57-4ea4-8a8a-5fc5600beae4', NULL, '2.48.229.51', '2025-02-22 13:18:51', '2025-02-22 13:18:51', 'en'),
('fa413a0a-762f-40c9-b536-f8b3fa5e41c4', NULL, '109.200.177.47', '2025-06-28 09:41:22', '2025-06-28 09:41:22', 'ar'),
('fa4d4a9d-5fc8-4a18-8880-7d99672182e5', NULL, '87.201.228.19', '2025-03-26 16:36:31', '2025-03-26 16:36:31', 'ar'),
('fb1bcc7c-3fd1-4796-b471-d296063103e0', NULL, '2.48.21.159', '2025-07-01 04:34:37', '2025-07-01 04:34:37', 'ar'),
('fbe05cfa-ca3f-4c5f-9112-fff1c3b0365a', NULL, '109.200.177.47', '2025-06-28 08:00:38', '2025-06-28 08:00:38', 'ar'),
('fbf55a31-5efd-4e88-af4b-43590b97fe39', NULL, '2.50.176.234', '2026-02-14 04:19:24', '2026-02-14 04:19:24', 'ar'),
('fbfed134-aa48-4378-b54f-b5790864bf1c', NULL, '2.50.176.234', '2026-01-24 01:21:40', '2026-01-24 01:21:40', 'ar'),
('fbff6fa2-ff6c-4841-9ea4-a7f0f9310ed7', NULL, '5.38.109.11', '2025-03-15 10:21:50', '2025-03-15 10:21:50', 'en'),
('fc03f4bb-7863-4cca-aaea-f9e7407ccd90', NULL, '2.48.69.141', '2025-03-28 10:51:30', '2025-03-28 10:51:30', 'ar'),
('fc42c157-4c33-4ba6-993b-6557265b2bae', NULL, '2.50.176.234', '2026-02-14 02:48:29', '2026-02-14 02:48:29', 'en'),
('fd2f78cb-26da-4916-b8e6-dbd93eceed16', NULL, '94.205.131.44', '2025-04-15 22:37:02', '2025-04-15 22:37:02', 'en'),
('fd3708b7-6676-4a14-93e9-0628b1c7ba42', NULL, '2.48.229.51', '2025-02-22 13:16:41', '2025-02-22 13:16:41', 'en'),
('fd4dc5e0-705d-4c08-8313-525d8f2d6f24', '52763500-5911-11f0-9657-898692d494fa', '175.110.27.64', '2025-07-05 11:35:13', '2025-07-05 11:35:13', 'en'),
('fe53c811-4568-4ee4-bd7c-5f407ac616ab', NULL, '196.121.66.81', '2025-02-21 19:05:29', '2025-02-21 19:05:29', 'en'),
('fe6a0d5b-5a94-4cc8-b465-1246213cc6ca', NULL, '2.48.229.51', '2025-02-22 13:14:26', '2025-02-22 13:14:26', 'en'),
('fe77759f-6b92-43b4-9cd3-a6ceb20cf26c', NULL, '94.205.59.126', '2026-01-19 05:04:44', '2026-01-19 05:04:44', 'ar'),
('fec82788-9f42-4ecb-a118-e6feec3bb4ad', NULL, '196.121.66.81', '2025-02-21 19:23:08', '2025-02-21 19:23:08', 'en'),
('fee2b6f2-a1a0-47b9-bff2-b6f899a51fec', NULL, '45.216.6.109', '2026-01-11 22:38:08', '2026-01-11 22:38:08', 'en'),
('ff6aaa35-abec-4c07-9ced-ec22bb7e48ad', NULL, '196.121.66.81', '2025-02-22 13:21:08', '2025-02-22 13:21:08', 'en');

-- --------------------------------------------------------

--
-- Table structure for table `ignored_posts`
--

CREATE TABLE `ignored_posts` (
  `id` char(36) COLLATE utf8mb4_unicode_ci NOT NULL,
  `post_id` char(36) COLLATE utf8mb4_unicode_ci NOT NULL,
  `provider_id` char(36) COLLATE utf8mb4_unicode_ci NOT NULL,
  `created_at` timestamp NULL DEFAULT NULL,
  `updated_at` timestamp NULL DEFAULT NULL
) ENGINE=InnoDB DEFAULT CHARSET=utf8mb4 COLLATE=utf8mb4_unicode_ci;

-- --------------------------------------------------------

--
-- Table structure for table `landing_page_features`
--

CREATE TABLE `landing_page_features` (
  `id` char(36) COLLATE utf8mb4_unicode_ci NOT NULL,
  `title` varchar(255) COLLATE utf8mb4_unicode_ci DEFAULT NULL,
  `sub_title` varchar(255) COLLATE utf8mb4_unicode_ci DEFAULT NULL,
  `image_1` varchar(255) COLLATE utf8mb4_unicode_ci DEFAULT NULL,
  `image_2` varchar(255) COLLATE utf8mb4_unicode_ci DEFAULT NULL,
  `created_at` timestamp NULL DEFAULT NULL,
  `updated_at` timestamp NULL DEFAULT NULL
) ENGINE=InnoDB DEFAULT CHARSET=utf8mb4 COLLATE=utf8mb4_unicode_ci;

--
-- Dumping data for table `landing_page_features`
--

INSERT INTO `landing_page_features` (`id`, `title`, `sub_title`, `image_1`, `image_2`, `created_at`, `updated_at`) VALUES
('75c2a2cb-d73d-46dc-b9d3-d6d1cf690729', 'GET YOUR SERVICE ANYTIME', 'Visit our app and select your location to see available services near you', '2025-02-21-67b84bb13362a.png', '2025-02-21-67b84bb13583a.png', '2025-02-21 22:47:29', '2025-02-21 22:47:29');

-- --------------------------------------------------------

--
-- Table structure for table `landing_page_specialities`
--

CREATE TABLE `landing_page_specialities` (
  `id` char(36) COLLATE utf8mb4_unicode_ci NOT NULL,
  `title` varchar(255) COLLATE utf8mb4_unicode_ci DEFAULT NULL,
  `description` varchar(255) COLLATE utf8mb4_unicode_ci DEFAULT NULL,
  `image` varchar(255) COLLATE utf8mb4_unicode_ci DEFAULT NULL,
  `created_at` timestamp NULL DEFAULT NULL,
  `updated_at` timestamp NULL DEFAULT NULL
) ENGINE=InnoDB DEFAULT CHARSET=utf8mb4 COLLATE=utf8mb4_unicode_ci;

--
-- Dumping data for table `landing_page_specialities`
--

INSERT INTO `landing_page_specialities` (`id`, `title`, `description`, `image`, `created_at`, `updated_at`) VALUES
('166cfec0-a37c-46a0-966e-bb992b8eb624', '6,465+', 'Happy Clients', '2025-02-21-67b84c6488ee7.png', '2025-02-21 22:50:28', '2025-02-21 22:50:28'),
('25213444-c416-4848-9a23-2b0c4092c7de', '3,433+', 'Service Providers', '2025-02-21-67b84d3a4df31.png', '2025-02-21 22:54:02', '2025-02-21 22:54:02'),
('e79d7baa-117a-4708-9ca6-7c1ffd393da2', '24/7', 'Customer Support', '2025-02-21-67b84d16dc35d.png', '2025-02-21 22:53:26', '2025-02-21 22:53:26');

-- --------------------------------------------------------

--
-- Table structure for table `landing_page_testimonials`
--

CREATE TABLE `landing_page_testimonials` (
  `id` char(36) COLLATE utf8mb4_unicode_ci NOT NULL,
  `name` varchar(255) COLLATE utf8mb4_unicode_ci DEFAULT NULL,
  `designation` varchar(255) COLLATE utf8mb4_unicode_ci DEFAULT NULL,
  `review` varchar(255) COLLATE utf8mb4_unicode_ci DEFAULT NULL,
  `image` varchar(255) COLLATE utf8mb4_unicode_ci DEFAULT NULL,
  `created_at` timestamp NULL DEFAULT NULL,
  `updated_at` timestamp NULL DEFAULT NULL
) ENGINE=InnoDB DEFAULT CHARSET=utf8mb4 COLLATE=utf8mb4_unicode_ci;

--
-- Dumping data for table `landing_page_testimonials`
--

INSERT INTO `landing_page_testimonials` (`id`, `name`, `designation`, `review`, `image`, `created_at`, `updated_at`) VALUES
('455f102c-97eb-42f8-bb97-473eb6887eef', 'Mike', 'Designer', 'Thank you! That was very helpful! The Service men were very professionals & very caution about safety', '2023-08-31-64ef36f7190ba.png', '2023-12-28 14:00:58', '2023-12-28 14:00:58');

-- --------------------------------------------------------

--
-- Table structure for table `loyalty_point_transactions`
--

CREATE TABLE `loyalty_point_transactions` (
  `id` char(36) COLLATE utf8mb4_unicode_ci NOT NULL,
  `user_id` char(36) COLLATE utf8mb4_unicode_ci NOT NULL,
  `credit` decimal(24,2) NOT NULL DEFAULT '0.00',
  `debit` decimal(24,2) NOT NULL DEFAULT '0.00',
  `balance` decimal(24,2) NOT NULL DEFAULT '0.00',
  `reference` varchar(255) COLLATE utf8mb4_unicode_ci DEFAULT NULL,
  `transaction_type` varchar(255) COLLATE utf8mb4_unicode_ci DEFAULT NULL,
  `created_at` timestamp NULL DEFAULT NULL,
  `updated_at` timestamp NULL DEFAULT NULL
) ENGINE=InnoDB DEFAULT CHARSET=utf8mb4 COLLATE=utf8mb4_unicode_ci;

-- --------------------------------------------------------

--
-- Table structure for table `migrations`
--

CREATE TABLE `migrations` (
  `id` int UNSIGNED NOT NULL,
  `migration` varchar(255) COLLATE utf8mb4_unicode_ci NOT NULL,
  `batch` int NOT NULL
) ENGINE=InnoDB DEFAULT CHARSET=utf8mb4 COLLATE=utf8mb4_unicode_ci;

--
-- Dumping data for table `migrations`
--

INSERT INTO `migrations` (`id`, `migration`, `batch`) VALUES
(1, '2014_10_12_100000_create_password_resets_table', 1),
(2, '2016_06_01_000001_create_oauth_auth_codes_table', 1),
(3, '2016_06_01_000002_create_oauth_access_tokens_table', 1),
(4, '2016_06_01_000003_create_oauth_refresh_tokens_table', 1),
(5, '2016_06_01_000004_create_oauth_clients_table', 1),
(6, '2016_06_01_000005_create_oauth_personal_access_clients_table', 1),
(7, '2019_12_14_000001_create_personal_access_tokens_table', 1),
(8, '2022_02_28_094005_create_users_table', 1),
(9, '2022_02_28_094802_create_roles_table', 1),
(10, '2022_02_28_094823_create_user_roles_table', 1),
(11, '2022_03_01_092248_create_modules_table', 1),
(12, '2022_03_01_093500_create_role_modules_table', 1),
(13, '2022_03_05_085155_create_zones_table', 1),
(14, '2022_03_06_035439_create_categories_table', 1),
(15, '2022_03_06_042053_create_category_zone_table', 1),
(16, '2022_03_06_091813_create_discounts_table', 1),
(17, '2022_03_06_092202_create_services_table', 1),
(18, '2022_03_06_094413_create_variations_table', 1),
(19, '2022_03_07_063157_create_discount_types_table', 1),
(21, '2022_03_07_065305_create_provider_sub_category_table', 1),
(22, '2022_03_07_090055_create_coupons_table', 1),
(23, '2022_03_07_110744_create_campaigns_table', 1),
(24, '2022_03_08_052530_create_banners_table', 1),
(25, '2022_03_08_090735_create_transactions_table', 1),
(26, '2022_03_10_074138_create_accounts_table', 1),
(27, '2022_05_09_122054_add_variant_key_in_variation', 2),
(28, '2022_05_12_100348_create_faqs_table', 3),
(29, '2022_05_18_041330_discount_table_col_modify', 4),
(30, '2022_05_21_035041_add_coupon_type', 5),
(31, '2022_05_22_120123_add_banner_redirection_link', 6),
(33, '2022_05_24_043332_remove_and_reformat_urder_table_col', 8),
(34, '2022_03_07_064337_create_providers_table', 9),
(35, '2022_05_25_054015_create_business_settings_table', 10),
(36, '2022_06_05_061932_create_bookings_table', 11),
(37, '2022_06_05_063828_create_booking_details_table', 11),
(38, '2022_06_05_065027_create_booking_status_histories_table', 11),
(39, '2022_06_05_065040_create_booking_schedule_histories_table', 11),
(40, '2022_06_08_070555_add_status_col_toRole', 12),
(41, '2022_06_11_074614_category_sub_added_booking', 13),
(42, '2022_06_11_110610_create_user_zones_table', 13),
(43, '2022_06_12_034552_create_user_addresses_table', 13),
(44, '2022_06_13_120346_add_column_is_approved_to_provider_table', 14),
(45, '2022_06_14_104816_create_bank_details_table', 15),
(46, '2022_06_15_025832_role_table_customization', 16),
(47, '2022_06_15_043227_create_subscribed_services_table', 16),
(48, '2022_06_16_060054_tnx_add', 17),
(49, '2022_06_16_060137_acc_add', 18),
(51, '2022_06_18_052537_create_reviews_table', 19),
(52, '2022_06_18_095222_create_withdraw_requests_table', 20),
(53, '2022_06_16_094936_create_servicemen_table', 21),
(54, '2022_06_19_063119_add_serviceman_col', 22),
(55, '2022_06_20_085647_add_col_to_serviceman', 23),
(56, '2022_06_22_082434_create_carts_table', 24),
(57, '2022_06_22_121556_create_cart_service_infos_table', 24),
(58, '2022_06_22_090257_column_add_to_withdraw_request_table', 25),
(59, '2022_07_03_065118_add_zone_id_in_providers', 26),
(61, '2022_07_17_064031_add_addres_type', 27),
(62, '2022_07_17_071324_add_addres_type1', 27),
(63, '2022_07_19_040550_change-col-name', 28),
(64, '2022_07_03_095424_create_push_notifications_table', 29),
(65, '2022_07_21_050907_pass_reset_table_col_add', 30),
(66, '2022_07_21_054008_pass_reset_table_col_add1', 30),
(67, '2022_07_21_104205_add_booking_id_col', 31),
(68, '2022_07_24_051517_add_cus_col_in_review', 32),
(69, '2022_07_31_093836_create_channel_lists_table', 33),
(70, '2022_07_31_093916_create_channel_users_table', 33),
(71, '2022_07_31_094036_create_channel_conversations_table', 33),
(72, '2022_07_31_104246_create_conversation_files_table', 33),
(73, '2022_07_31_113436_add_new_col_campaign', 33),
(74, '2022_08_02_054322_update_col_type', 34),
(75, '2022_08_06_031433_add_col_in_booking_table', 35),
(76, '2022_08_06_031649_add_col_in_booking_details_table', 35),
(77, '2022_08_06_045001_remove_col_from_user', 36),
(78, '2022_08_21_031258_add_col_to_channel_list', 37),
(79, '2022_08_21_033729_add_col_to_channel_user_table', 37),
(80, '2022_08_23_060744_col_add_to_tnx_table', 38),
(81, '2022_08_28_044249_col_change_to_business_settings_table', 39),
(82, '2022_08_31_070329_col_add_to_booking_details_table', 40),
(83, '2022_09_01_135800_create_user_verifications_table', 41),
(84, '2022_09_12_062925_col_add_to_booking_table', 42),
(85, '2022_09_17_185044_add_col_to_bank_destails', 43),
(86, '2022_09_21_235326_col_add_to_withdraw_requests_table', 44),
(87, '2022_10_03_175305_add_zone_id_in_address', 44),
(88, '2022_11_21_175412_add_col_to_withdraw_requests_table', 45),
(89, '2022_11_21_230747_create_withdrawal_methods_table', 45),
(90, '2022_11_29_232809_create_booking_details_amounts_table', 45),
(91, '2022_12_05_184417_col_add_to_services_table', 45),
(92, '2022_12_06_002432_create_recent_views_table', 45),
(93, '2022_12_08_201359_create_recent_searches_table', 45),
(94, '2022_12_26_115139_add_col_to_accounts_table', 45),
(95, '2023_01_16_152849_add_col_to_booking_details_amounts_table', 45),
(96, '2023_01_24_230519_add_col_to_users_table', 46),
(97, '2023_01_25_195038_add_col_to_transactions_table', 46),
(98, '2023_01_26_174101_Create_loyalty_point_transactions_table', 46),
(99, '2023_01_27_001826_add_col_to_categories_table', 46),
(100, '2023_01_29_011739_create_tags_table', 46),
(101, '2023_01_29_162753_create_table_service_tag', 46),
(102, '2023_02_02_231012_create_service_requests_table', 46),
(103, '2023_02_05_200352_create_added_to_carts_table', 46),
(104, '2023_02_05_214409_create_visited_services_table', 46),
(105, '2023_02_05_225314_create_searched_data_table', 46),
(106, '2023_02_08_174014_add_provider_id_to_carts_table', 46),
(107, '2023_04_29_185100_create_posts_table', 47),
(108, '2023_04_29_185107_create_post_additional_instructions_table', 47),
(109, '2023_04_29_185114_create_post_bids_table', 47),
(110, '2023_04_29_185127_create_ignored_posts_table', 47),
(111, '2023_05_08_161525_add_col_to_services_table', 47),
(112, '2023_05_16_130004_add_col_to_providers_table', 47),
(113, '2023_05_16_231127_create_coupon_customers_table', 47),
(115, '2023_05_21_095745_add_col_to_users_table', 47),
(116, '2023_05_21_101102_add_col_to_user_verifications_table', 47),
(117, '2023_05_29_184809_add_col_to_posts_table', 48),
(118, '2023_05_30_102205_add_additional_charge_col_to_bookings_table', 48),
(119, '2023_05_31_103005_add_col_to_bookings_table', 49),
(120, '2023_05_17_144146_add_col_to_posts_table', 50),
(121, '2023_06_11_221500_add_removed_coupon_amount_col_in_booking_table', 51),
(122, '2023_06_26_154947_add_column_to_bookings_table', 51),
(123, '2023_07_12_105915_add_is_guest_column_to_carts_table', 51),
(124, '2023_07_12_105941_add_is_guest_column_to_added_to_carts_table', 51),
(125, '2023_07_12_110032_add_is_guest_column_to_bookings_table', 51),
(126, '2023_07_13_094305_add_is_guest_column_to_transactions_table', 51),
(127, '2023_07_13_094337_add_is_guest_column_to_booking_schedule_histories_table', 51),
(128, '2023_07_13_094413_add_is_guest_column_to_booking_status_histories_table', 51),
(129, '2023_07_13_105419_create_guests_table', 51),
(130, '2023_07_13_180332_add_is_guest_column_to_added_to_user_addresses_table', 51),
(131, '2023_07_17_142048_add_is_verified_col_to_bookings_table', 51),
(132, '2023_07_17_184044_add_is_guest_col_to_posts_table', 51),
(133, '2023_07_19_111811_add_house_and_street_col_in_user_addresses_table', 51),
(134, '2023_07_29_133252_create_booking_partial_payments_table', 51),
(135, '2023_08_06_152659_create_offline_payments_table', 51),
(136, '2023_08_07_153312_create_booking_offline_payments_table', 51),
(137, '2023_08_08_094402_create_bonuses_table', 51),
(138, '2023_08_10_182955_add_fee_column_to_bookings_table', 51),
(139, '2023_08_24_132317_create_provider_settings_table', 51),
(140, '2023_10_31_171211_create_translations_table', 52),
(141, '2023_11_07_182712_create_landing_page_features_table', 52),
(142, '2023_11_08_092558_create_landing_page_specialities_table', 52),
(143, '2023_11_08_094847_create_landing_page_testimonials_table', 52),
(144, '2023_11_08_174249_add_current_language_to_users_table', 52),
(145, '2023_11_08_174418_add_current_language_to_guests_table', 52),
(146, '2023_11_16_110101_create_data_settings_table', 52),
(147, '2023_11_19_112426_add_is_suspended_col_to_providers_table', 52),
(148, '2023_11_19_155434_add_soft_deletes_to_providers_table', 52),
(149, '2023_12_20_135725_add_service_availability_to_providers_table', 53),
(150, '2024_01_28_080833_create_booking_additional_information_table', 54),
(151, '2024_01_29_115651_create_post_additional_information_table', 54),
(152, '2024_02_10_183058_rename_file_name_col_to_conversation_files_table', 54),
(153, '2024_02_10_184243_add_original_file_name_col_to_conversation_files_table', 54),
(154, '2024_02_15_143856_make_col_nullable_to_service_requests_table', 54),
(155, '2024_02_29_140738_add_col_to_booking_offline_payments_table', 54),
(156, '2024_03_20_053908_create_favorite_providers_table', 55),
(157, '2024_03_20_134756_create_favorite_services_table', 55),
(158, '2024_03_27_102042_add_total_referral_discount_amount_to_bookings_table', 55),
(159, '2024_04_02_102509_create_push_notification_users_table', 55),
(160, '2024_04_22_132349_create_advertisements_table', 55),
(161, '2024_04_22_134754_create_advertisement_attachments_table', 55),
(162, '2024_04_22_181536_create_advertisement_notes_table', 55),
(163, '2024_04_25_160923_create_advertisement_settings_table', 55),
(164, '2024_04_29_133239_create_role_accesses_table', 55),
(165, '2024_04_29_135809_create_role_sections_table', 55),
(166, '2024_05_02_114745_create_employee_role_sections_table', 55),
(167, '2024_05_02_114900_create_employee_role_accesses_table', 55),
(168, '2024_05_09_141125_drop_col_form_roles_tabel', 55),
(169, '2024_05_09_142158_drop_col_form_employee_role_section_tabel', 55),
(170, '2024_05_09_142555_drop_role_modules_tabel', 55),
(171, '2024_05_09_142749_drop_user_roles_tabel', 55),
(172, '2024_05_09_143102_drop_role_section_tabel', 55),
(173, '2024_05_13_112445_add_is_updated_to_advertisements_table', 55),
(174, '2024_05_13_155906_add_to_col_role_accesses_tabel', 55),
(175, '2024_05_13_162125_add_to_col_employee_role_accesses_tabel', 55),
(176, '2024_05_21_105847_create_subscription_packages_table', 56),
(177, '2024_05_21_105930_create_subscription_package_features_table', 56),
(178, '2024_05_21_105958_create_subscription_package_limits_table', 56),
(179, '2024_05_22_152625_create_storages_table', 56),
(180, '2024_05_26_100825_create_package_subscribers_table', 56),
(181, '2024_05_26_100851_create_package_subscriber_features_table', 56),
(182, '2024_05_26_100918_create_package_subscriber_limits_table', 56),
(183, '2024_05_28_170817_create_package_subscriber_logs_table', 56),
(184, '2024_06_02_173558_add_to_col_package_subscriber_table', 56),
(185, '2024_06_04_142029_rename_col_package_subscriber_features_tabel', 56),
(186, '2024_06_06_160149_add_to_col_transaction_id_to_package_subscriber_logs_tabel', 56),
(187, '2024_06_11_115322_add_to_col_package_subscription_tabel', 56),
(188, '2024_06_12_152132_add_is_notified_in_package_subscribers', 56),
(189, '2024_06_25_113732_create_subscription_booking_types_table', 56),
(190, '2024_07_11_130225_create_subscription_subscriber_bookings_table', 57),
(191, '2024_08_01_085757_create_login_setups_table', 58),
(192, '2024_08_04_171331_create_notification_setups_table', 58),
(193, '2024_08_06_204700_create_provider_notification_setups_table', 58),
(194, '2024_09_02_131527_create_review_replies_table', 59),
(195, '2024_09_02_132320_add_to_col_readable_id_in_review_table', 59),
(196, '2024_09_05_173819_create_seo_settings_table', 59),
(197, '2024_09_07_132218_create_error_logs_table', 59),
(198, '2024_09_21_145743_create_cron_jobs_table', 59),
(199, '2024_09_25_133132_add_to_col_cron_jobs_table', 59),
(200, '2024_10_17_123023_create_booking_repeats_table', 60),
(201, '2024_10_19_103658_add_to_col_bookings_table', 60),
(202, '2024_10_19_133157_create_booking_repeat_details_table', 60),
(203, '2024_10_21_141011_add_to_col_carts_table', 60),
(204, '2024_10_21_174902_add_to_col_booking_details_amounts_table', 60),
(205, '2024_10_22_115400_add_to_col_booking_schedule_histories_table', 60),
(206, '2024_10_22_115502_add_to_col_booking_status_histories_table', 60),
(207, '2024_10_24_160708_create_booking_ignores_table', 60),
(208, '2024_11_02_114859_create_booking_repeat_histories_table', 60),
(209, '2024_11_10_113216_add_to_col_transactions_table', 60);

-- --------------------------------------------------------

--
-- Table structure for table `modules`
--

CREATE TABLE `modules` (
  `id` char(36) COLLATE utf8mb4_unicode_ci NOT NULL,
  `module_name` varchar(191) COLLATE utf8mb4_unicode_ci DEFAULT NULL,
  `module_display_name` varchar(191) COLLATE utf8mb4_unicode_ci DEFAULT NULL,
  `icon` varchar(191) COLLATE utf8mb4_unicode_ci DEFAULT NULL,
  `created_at` timestamp NULL DEFAULT NULL,
  `updated_at` timestamp NULL DEFAULT NULL
) ENGINE=InnoDB DEFAULT CHARSET=utf8mb4 COLLATE=utf8mb4_unicode_ci;

-- --------------------------------------------------------

--
-- Table structure for table `oauth_auth_codes`
--

CREATE TABLE `oauth_auth_codes` (
  `id` varchar(100) COLLATE utf8mb4_unicode_ci NOT NULL,
  `user_id` char(36) COLLATE utf8mb4_unicode_ci NOT NULL,
  `client_id` char(36) COLLATE utf8mb4_unicode_ci NOT NULL,
  `scopes` text COLLATE utf8mb4_unicode_ci,
  `revoked` tinyint(1) NOT NULL,
  `expires_at` datetime DEFAULT NULL
) ENGINE=InnoDB DEFAULT CHARSET=utf8mb4 COLLATE=utf8mb4_unicode_ci;

-- --------------------------------------------------------

--
-- Table structure for table `oauth_personal_access_clients`
--

CREATE TABLE `oauth_personal_access_clients` (
  `id` bigint UNSIGNED NOT NULL,
  `client_id` char(36) COLLATE utf8mb4_unicode_ci NOT NULL,
  `created_at` timestamp NULL DEFAULT NULL,
  `updated_at` timestamp NULL DEFAULT NULL
) ENGINE=InnoDB DEFAULT CHARSET=utf8mb4 COLLATE=utf8mb4_unicode_ci;

--
-- Dumping data for table `oauth_personal_access_clients`
--

INSERT INTO `oauth_personal_access_clients` (`id`, `client_id`, `created_at`, `updated_at`) VALUES
(1, '95faaac6-c1d2-4d4c-beb1-04196dd2fa8e', '2022-04-04 02:13:15', '2022-04-04 02:13:15');

-- --------------------------------------------------------

--
-- Table structure for table `offline_payments`
--

CREATE TABLE `offline_payments` (
  `id` char(36) COLLATE utf8mb4_unicode_ci NOT NULL,
  `method_name` varchar(255) COLLATE utf8mb4_unicode_ci NOT NULL,
  `payment_information` longtext CHARACTER SET utf8mb4 COLLATE utf8mb4_bin NOT NULL,
  `customer_information` longtext CHARACTER SET utf8mb4 COLLATE utf8mb4_bin NOT NULL,
  `is_active` tinyint(1) NOT NULL DEFAULT '1',
  `created_at` timestamp NULL DEFAULT NULL,
  `updated_at` timestamp NULL DEFAULT NULL
) ENGINE=InnoDB DEFAULT CHARSET=utf8mb4 COLLATE=utf8mb4_unicode_ci;

--
-- Dumping data for table `offline_payments`
--

INSERT INTO `offline_payments` (`id`, `method_name`, `payment_information`, `customer_information`, `is_active`, `created_at`, `updated_at`) VALUES
('47c0a760-303b-477b-ab3e-94af889ec6df', 'ADIB BANK', '[{\"title\":\"adib_bank__1\",\"data\":\"11\"}]', '[{\"field_name\":\"payment_note\",\"placeholder\":\"payment_note\",\"is_required\":0},{\"field_name\":\"test_name\",\"placeholder\":\"test hold\",\"is_required\":0}]', 1, '2025-02-21 14:01:01', '2025-02-21 14:01:01'),
('c0e7a5d1-dde7-4a95-9447-8a36e3246757', 'Bank Transfer', '[{\"title\":\"bank_name\",\"data\":\"Adib\"},{\"title\":\"number_account\",\"data\":\"1235\"}]', '[{\"field_name\":\"payment_note\",\"placeholder\":\"payment_note\",\"is_required\":0},{\"field_name\":\"recieve\",\"placeholder\":\"Recieve\",\"is_required\":1}]', 1, '2025-02-21 14:09:01', '2025-02-21 14:09:01');

-- --------------------------------------------------------

--
-- Table structure for table `package_subscribers`
--

CREATE TABLE `package_subscribers` (
  `id` char(36) COLLATE utf8mb4_unicode_ci NOT NULL,
  `provider_id` char(36) COLLATE utf8mb4_unicode_ci DEFAULT NULL,
  `subscription_package_id` char(36) COLLATE utf8mb4_unicode_ci DEFAULT NULL,
  `package_subscriber_log_id` char(36) COLLATE utf8mb4_unicode_ci DEFAULT NULL,
  `package_name` varchar(255) COLLATE utf8mb4_unicode_ci DEFAULT NULL,
  `package_price` decimal(24,2) NOT NULL DEFAULT '0.00',
  `package_start_date` timestamp NULL DEFAULT NULL,
  `package_end_date` timestamp NULL DEFAULT NULL,
  `trial_duration` int NOT NULL DEFAULT '0',
  `vat_percentage` double(8,2) NOT NULL DEFAULT '0.00',
  `vat_amount` double(8,2) NOT NULL DEFAULT '0.00',
  `payment_method` varchar(50) COLLATE utf8mb4_unicode_ci DEFAULT NULL,
  `created_at` timestamp NULL DEFAULT NULL,
  `updated_at` timestamp NULL DEFAULT NULL,
  `is_canceled` tinyint NOT NULL DEFAULT '0',
  `payment_id` char(36) COLLATE utf8mb4_unicode_ci DEFAULT NULL,
  `is_notified` tinyint NOT NULL DEFAULT '0'
) ENGINE=InnoDB DEFAULT CHARSET=utf8mb4 COLLATE=utf8mb4_unicode_ci;

-- --------------------------------------------------------

--
-- Table structure for table `package_subscriber_features`
--

CREATE TABLE `package_subscriber_features` (
  `id` char(36) COLLATE utf8mb4_unicode_ci NOT NULL,
  `provider_id` char(36) COLLATE utf8mb4_unicode_ci DEFAULT NULL,
  `package_subscriber_log_id` char(36) COLLATE utf8mb4_unicode_ci DEFAULT NULL,
  `feature` varchar(255) COLLATE utf8mb4_unicode_ci DEFAULT NULL,
  `created_at` timestamp NULL DEFAULT NULL,
  `updated_at` timestamp NULL DEFAULT NULL
) ENGINE=InnoDB DEFAULT CHARSET=utf8mb4 COLLATE=utf8mb4_unicode_ci;

--
-- Dumping data for table `package_subscriber_features`
--

INSERT INTO `package_subscriber_features` (`id`, `provider_id`, `package_subscriber_log_id`, `feature`, `created_at`, `updated_at`) VALUES
('0ca3d01f-b464-471d-ae8b-2ee423798c7d', 'c24f1c10-fb37-4e7d-97ae-205741ff025f', 'ee0b7b35-c2c0-4217-9ef2-f7343162dd60', 'bidding', '2025-05-13 04:12:34', '2025-05-13 04:12:34'),
('0e9edf80-7697-437f-a246-247a999a33c1', 'f9268c0e-0d77-4a17-a471-7809ede9d80a', 'e67dfb64-68f7-486a-9152-b7707a5bed1a', 'review', '2025-02-21 21:13:59', '2025-02-21 21:13:59'),
('181812ea-24cd-4619-8ae3-2c89c68d27d3', 'f9268c0e-0d77-4a17-a471-7809ede9d80a', 'e67dfb64-68f7-486a-9152-b7707a5bed1a', 'chat', '2025-02-21 21:13:59', '2025-02-21 21:13:59'),
('1cab315e-26fe-4d2e-af88-3af93d6c0344', 'c24f1c10-fb37-4e7d-97ae-205741ff025f', 'bf86e66e-fb8a-4089-9606-9cd606ac270d', 'bidding', '2025-05-13 10:48:13', '2025-05-13 10:48:13'),
('27b6565b-9c4b-42a2-80b9-2e47c47664ff', 'f9268c0e-0d77-4a17-a471-7809ede9d80a', 'e67dfb64-68f7-486a-9152-b7707a5bed1a', 'service_request', '2025-02-21 21:13:59', '2025-02-21 21:13:59'),
('2c4b84d2-5344-4e6a-a484-8e86ba6d134c', 'c24f1c10-fb37-4e7d-97ae-205741ff025f', 'ee0b7b35-c2c0-4217-9ef2-f7343162dd60', 'chat', '2025-05-13 04:12:34', '2025-05-13 04:12:34'),
('3119e6fb-a712-4535-950f-db6c7a7b1bf9', 'c24f1c10-fb37-4e7d-97ae-205741ff025f', 'ee0b7b35-c2c0-4217-9ef2-f7343162dd60', 'review', '2025-05-13 04:12:34', '2025-05-13 04:12:34'),
('317c86c1-f142-4521-adfe-070c076ba608', 'c24f1c10-fb37-4e7d-97ae-205741ff025f', 'bf86e66e-fb8a-4089-9606-9cd606ac270d', 'schedule_service', '2025-05-13 10:48:13', '2025-05-13 10:48:13'),
('331546ed-2ee7-4bb7-b972-fbada608c0a9', 'c24f1c10-fb37-4e7d-97ae-205741ff025f', 'ee0b7b35-c2c0-4217-9ef2-f7343162dd60', 'mobile_app', '2025-05-13 04:12:34', '2025-05-13 04:12:34'),
('40285ca0-4d25-4b33-8f4a-12d1eaba9d3a', 'c24f1c10-fb37-4e7d-97ae-205741ff025f', 'bf86e66e-fb8a-4089-9606-9cd606ac270d', 'reports_&_analytics', '2025-05-13 10:48:13', '2025-05-13 10:48:13'),
('430a332d-5a89-4d9b-9047-7d9e10fabeee', 'c24f1c10-fb37-4e7d-97ae-205741ff025f', 'ee0b7b35-c2c0-4217-9ef2-f7343162dd60', 'reports_&_analytics', '2025-05-13 04:12:34', '2025-05-13 04:12:34'),
('4ff47422-fb78-4e75-9244-96a60839dad6', 'c24f1c10-fb37-4e7d-97ae-205741ff025f', 'bf86e66e-fb8a-4089-9606-9cd606ac270d', 'mobile_app', '2025-05-13 10:48:13', '2025-05-13 10:48:13'),
('5840887e-ec3c-416c-bae1-c2bf9ae3df75', 'c24f1c10-fb37-4e7d-97ae-205741ff025f', 'bf86e66e-fb8a-4089-9606-9cd606ac270d', 'chat', '2025-05-13 10:48:13', '2025-05-13 10:48:13'),
('5ab1e290-2003-4f28-a48d-eef86aed0df1', 'c24f1c10-fb37-4e7d-97ae-205741ff025f', 'ee0b7b35-c2c0-4217-9ef2-f7343162dd60', 'advertisement', '2025-05-13 04:12:34', '2025-05-13 04:12:34'),
('69bb07ca-d2d5-417d-b94b-438b10c14977', 'f9268c0e-0d77-4a17-a471-7809ede9d80a', 'e67dfb64-68f7-486a-9152-b7707a5bed1a', 'mobile_app', '2025-02-21 21:13:59', '2025-02-21 21:13:59'),
('ab234d45-deb4-440f-8f8e-4341ba0116b1', 'c24f1c10-fb37-4e7d-97ae-205741ff025f', 'ee0b7b35-c2c0-4217-9ef2-f7343162dd60', 'schedule_service', '2025-05-13 04:12:34', '2025-05-13 04:12:34'),
('b1418f53-f3f9-4d45-95a4-e9bef21de157', 'c24f1c10-fb37-4e7d-97ae-205741ff025f', 'bf86e66e-fb8a-4089-9606-9cd606ac270d', 'service_request', '2025-05-13 10:48:13', '2025-05-13 10:48:13'),
('b4cb1f6d-250e-4e54-ac57-399d1aa87385', 'f9268c0e-0d77-4a17-a471-7809ede9d80a', 'e67dfb64-68f7-486a-9152-b7707a5bed1a', 'reports_&_analytics', '2025-02-21 21:13:59', '2025-02-21 21:13:59'),
('ba58c72c-774b-46f0-b39c-49b137635841', 'c24f1c10-fb37-4e7d-97ae-205741ff025f', 'bf86e66e-fb8a-4089-9606-9cd606ac270d', 'review', '2025-05-13 10:48:13', '2025-05-13 10:48:13'),
('c114cc71-fb4c-4149-b54d-62bc710abc36', 'f9268c0e-0d77-4a17-a471-7809ede9d80a', 'e67dfb64-68f7-486a-9152-b7707a5bed1a', 'advertisement', '2025-02-21 21:13:59', '2025-02-21 21:13:59'),
('d0cacf18-177e-4d55-b32f-59755ba596ca', 'c24f1c10-fb37-4e7d-97ae-205741ff025f', 'ee0b7b35-c2c0-4217-9ef2-f7343162dd60', 'service_request', '2025-05-13 04:12:34', '2025-05-13 04:12:34'),
('d9a88128-32bf-4b95-a8b9-6c927e96bab2', 'f9268c0e-0d77-4a17-a471-7809ede9d80a', 'e67dfb64-68f7-486a-9152-b7707a5bed1a', 'schedule_service', '2025-02-21 21:13:59', '2025-02-21 21:13:59'),
('e9769377-40e4-4d54-a1fb-53f728adb25f', 'c24f1c10-fb37-4e7d-97ae-205741ff025f', 'bf86e66e-fb8a-4089-9606-9cd606ac270d', 'advertisement', '2025-05-13 10:48:13', '2025-05-13 10:48:13'),
('f1f33a2b-3f20-454c-a77e-97fe24765eb7', 'f9268c0e-0d77-4a17-a471-7809ede9d80a', 'e67dfb64-68f7-486a-9152-b7707a5bed1a', 'bidding', '2025-02-21 21:13:59', '2025-02-21 21:13:59');

-- --------------------------------------------------------

--
-- Table structure for table `package_subscriber_logs`
--

CREATE TABLE `package_subscriber_logs` (
  `id` char(36) COLLATE utf8mb4_unicode_ci NOT NULL,
  `provider_id` char(36) COLLATE utf8mb4_unicode_ci DEFAULT NULL,
  `subscription_package_id` char(36) COLLATE utf8mb4_unicode_ci DEFAULT NULL,
  `package_name` varchar(255) COLLATE utf8mb4_unicode_ci DEFAULT NULL,
  `package_price` decimal(24,2) NOT NULL DEFAULT '0.00',
  `start_date` timestamp NULL DEFAULT NULL,
  `end_date` timestamp NULL DEFAULT NULL,
  `vat_percentage` double(8,2) NOT NULL DEFAULT '0.00',
  `vat_amount` double(8,2) NOT NULL DEFAULT '0.00',
  `payment_id` varchar(50) COLLATE utf8mb4_unicode_ci DEFAULT NULL,
  `created_at` timestamp NULL DEFAULT NULL,
  `updated_at` timestamp NULL DEFAULT NULL,
  `primary_transaction_id` char(36) COLLATE utf8mb4_unicode_ci NOT NULL DEFAULT '0'
) ENGINE=InnoDB DEFAULT CHARSET=utf8mb4 COLLATE=utf8mb4_unicode_ci;

--
-- Dumping data for table `package_subscriber_logs`
--

INSERT INTO `package_subscriber_logs` (`id`, `provider_id`, `subscription_package_id`, `package_name`, `package_price`, `start_date`, `end_date`, `vat_percentage`, `vat_amount`, `payment_id`, `created_at`, `updated_at`, `primary_transaction_id`) VALUES
('bf86e66e-fb8a-4089-9606-9cd606ac270d', 'c24f1c10-fb37-4e7d-97ae-205741ff025f', 'b5d32923-af9e-4a06-b139-b4f3d4e9437f', 'باقية تجريبية', 100.00, '2025-05-13 10:48:13', '2025-08-10 10:48:13', 0.00, 0.00, 'bd19eca5-10d6-4ca7-9d58-6910c6a77d9a', '2025-05-13 10:48:13', '2025-05-13 10:48:13', '40edc613-ecc4-4236-b076-2c4ca7708837'),
('e67dfb64-68f7-486a-9152-b7707a5bed1a', 'f9268c0e-0d77-4a17-a471-7809ede9d80a', 'b5d32923-af9e-4a06-b139-b4f3d4e9437f', 'باقية تجريبية', 0.00, '2025-02-21 21:13:59', '2025-02-27 21:13:59', 0.00, 0.00, NULL, '2025-02-21 21:13:59', '2025-02-21 21:13:59', '0'),
('ee0b7b35-c2c0-4217-9ef2-f7343162dd60', 'c24f1c10-fb37-4e7d-97ae-205741ff025f', 'b5d32923-af9e-4a06-b139-b4f3d4e9437f', 'باقية تجريبية', 100.00, '2025-05-13 04:12:34', '2025-08-10 04:12:34', 0.00, 0.00, '4209d15c-58ad-4161-aac2-ae478e6ed6aa', '2025-05-13 04:12:34', '2025-05-13 04:12:34', 'a9fd1263-50ea-45fa-b36b-53e339def39e');

-- --------------------------------------------------------

--
-- Table structure for table `payment_requests`
--

CREATE TABLE `payment_requests` (
  `id` char(36) COLLATE utf8mb4_unicode_ci NOT NULL,
  `payer_id` varchar(64) COLLATE utf8mb4_unicode_ci DEFAULT NULL,
  `receiver_id` varchar(64) COLLATE utf8mb4_unicode_ci DEFAULT NULL,
  `payment_amount` decimal(24,2) NOT NULL DEFAULT '0.00',
  `gateway_callback_url` varchar(191) COLLATE utf8mb4_unicode_ci DEFAULT NULL,
  `success_hook` varchar(100) COLLATE utf8mb4_unicode_ci DEFAULT NULL,
  `failure_hook` varchar(100) COLLATE utf8mb4_unicode_ci DEFAULT NULL,
  `transaction_id` varchar(100) COLLATE utf8mb4_unicode_ci DEFAULT NULL,
  `currency_code` varchar(20) COLLATE utf8mb4_unicode_ci NOT NULL DEFAULT 'USD',
  `payment_method` varchar(50) COLLATE utf8mb4_unicode_ci DEFAULT NULL,
  `additional_data` longtext CHARACTER SET utf8mb4 COLLATE utf8mb4_bin,
  `is_paid` tinyint(1) NOT NULL DEFAULT '0',
  `created_at` timestamp NULL DEFAULT NULL,
  `updated_at` timestamp NULL DEFAULT NULL,
  `payer_information` longtext CHARACTER SET utf8mb4 COLLATE utf8mb4_bin,
  `external_redirect_link` varchar(255) COLLATE utf8mb4_unicode_ci DEFAULT NULL,
  `receiver_information` longtext CHARACTER SET utf8mb4 COLLATE utf8mb4_bin,
  `attribute_id` varchar(64) COLLATE utf8mb4_unicode_ci DEFAULT NULL,
  `attribute` varchar(255) COLLATE utf8mb4_unicode_ci DEFAULT NULL,
  `payment_platform` varchar(255) COLLATE utf8mb4_unicode_ci DEFAULT NULL
) ENGINE=InnoDB DEFAULT CHARSET=utf8mb4 COLLATE=utf8mb4_unicode_ci;

--
-- Dumping data for table `payment_requests`
--

INSERT INTO `payment_requests` (`id`, `payer_id`, `receiver_id`, `payment_amount`, `gateway_callback_url`, `success_hook`, `failure_hook`, `transaction_id`, `currency_code`, `payment_method`, `additional_data`, `is_paid`, `created_at`, `updated_at`, `payer_information`, `external_redirect_link`, `receiver_information`, `attribute_id`, `attribute`, `payment_platform`) VALUES
('64cce7ab-e045-4805-8aeb-2b0335091593', '2d69016c-ca73-4481-86e6-b504d3c57cb1', NULL, 1.00, NULL, 'subscription_success', 'subscription_fail', NULL, 'USD', 'ssl_commerz', '{\"provider_id\":\"f9268c0e-0d77-4a17-a471-7809ede9d80a\",\"access_token\":\"MmQ2OTAxNmMtY2E3My00NDgxLTg2ZTYtYjUwNGQzYzU3Y2Ix\",\"amount\":\"1\",\"name\":\"\\u0628\\u0627\\u0642\\u0629 \\u0645\\u062c\\u0627\\u0646\\u064a\\u0629\",\"package_status\":\"business_plan_change\",\"payment_platform\":\"app\",\"package_id\":\"75f567c8-919d-4ffe-abb7-9558d3d649d5\",\"payment_method\":\"ssl_commerz\",\"callback\":\"https:\\/\\/sahlapps.com\"}', 0, '2025-02-21 13:55:46', '2025-02-21 13:55:46', '{\"name\":\" \",\"email\":\"info@plinee.com\",\"phone\":\"+971505994530\",\"address\":\"\"}', 'https://sahlapps.com', '{\"name\":\"receiver_name\",\"image\":\"example.png\"}', '1740099346', 'provider_id', 'app'),
('f4b5988d-3193-4581-9777-f7438391a7d7', '2d69016c-ca73-4481-86e6-b504d3c57cb1', NULL, 1.00, NULL, 'subscription_success', 'subscription_fail', NULL, 'USD', 'stripe', '{\"provider_id\":\"f9268c0e-0d77-4a17-a471-7809ede9d80a\",\"access_token\":\"MmQ2OTAxNmMtY2E3My00NDgxLTg2ZTYtYjUwNGQzYzU3Y2Ix\",\"amount\":\"1\",\"name\":\"\\u0628\\u0627\\u0642\\u0629 \\u0645\\u062c\\u0627\\u0646\\u064a\\u0629\",\"package_status\":\"business_plan_change\",\"payment_platform\":\"app\",\"package_id\":\"75f567c8-919d-4ffe-abb7-9558d3d649d5\",\"payment_method\":\"stripe\",\"callback\":\"https:\\/\\/sahlapps.com\"}', 0, '2025-02-21 14:17:14', '2025-02-21 14:17:14', '{\"name\":\" \",\"email\":\"info@plinee.com\",\"phone\":\"+971505994530\",\"address\":\"\"}', 'https://sahlapps.com', '{\"name\":\"receiver_name\",\"image\":\"example.png\"}', '1740100634', 'provider_id', 'app'),
('e20f81cb-4049-4fc7-8457-a3b2fc364889', '2d69016c-ca73-4481-86e6-b504d3c57cb1', NULL, 1.00, NULL, 'subscription_success', 'subscription_fail', NULL, 'USD', 'stripe', '{\"provider_id\":\"f9268c0e-0d77-4a17-a471-7809ede9d80a\",\"access_token\":\"MmQ2OTAxNmMtY2E3My00NDgxLTg2ZTYtYjUwNGQzYzU3Y2Ix\",\"amount\":\"1\",\"name\":\"\\u0628\\u0627\\u0642\\u0629 \\u0645\\u062c\\u0627\\u0646\\u064a\\u0629\",\"package_status\":\"business_plan_change\",\"payment_platform\":\"app\",\"package_id\":\"75f567c8-919d-4ffe-abb7-9558d3d649d5\",\"payment_method\":\"stripe\",\"callback\":\"https:\\/\\/sahlapps.com\"}', 0, '2025-02-21 14:17:43', '2025-02-21 14:17:43', '{\"name\":\" \",\"email\":\"info@plinee.com\",\"phone\":\"+971505994530\",\"address\":\"\"}', 'https://sahlapps.com', '{\"name\":\"receiver_name\",\"image\":\"example.png\"}', '1740100663', 'provider_id', 'app'),
('6f9f67e4-c8b3-4c09-9c39-c09dc423ef58', '2d69016c-ca73-4481-86e6-b504d3c57cb1', NULL, 1.00, NULL, 'subscription_success', 'subscription_fail', NULL, 'USD', 'stripe', '{\"provider_id\":\"f9268c0e-0d77-4a17-a471-7809ede9d80a\",\"access_token\":\"MmQ2OTAxNmMtY2E3My00NDgxLTg2ZTYtYjUwNGQzYzU3Y2Ix\",\"amount\":\"1\",\"name\":\"\\u0628\\u0627\\u0642\\u0629 \\u0645\\u062c\\u0627\\u0646\\u064a\\u0629\",\"package_status\":\"business_plan_change\",\"payment_platform\":\"app\",\"package_id\":\"75f567c8-919d-4ffe-abb7-9558d3d649d5\",\"payment_method\":\"stripe\",\"callback\":\"https:\\/\\/sahlapps.com\"}', 0, '2025-02-21 21:11:52', '2025-02-21 21:11:52', '{\"name\":\" \",\"email\":\"info@plinee.com\",\"phone\":\"+971505994530\",\"address\":\"\"}', 'https://sahlapps.com', '{\"name\":\"receiver_name\",\"image\":\"example.png\"}', '1740125512', 'provider_id', 'app'),
('4209d15c-58ad-4161-aac2-ae478e6ed6aa', '3bfe09c9-152f-456a-9386-a7809a37ffd5', NULL, 100.00, NULL, 'subscription_success', 'subscription_fail', NULL, 'USD', 'manually', '{\"_token\":\"xUkITExwWXdkQXN00WDXSzObdHLFp24nBnZHq7ze\",\"_method\":\"PUT\",\"company_name\":\"Bilal\",\"company_phone\":\"+971559949641\",\"company_email\":\"eng.bilal.keshta@gmail.com\",\"zone_id\":\"58df6658-2fbf-486f-a668-6df385891f16\",\"company_address\":\"test\",\"identity_type\":\"passport\",\"identity_number\":\"2234456\",\"contact_person_name\":\"Bilal\",\"contact_person_phone\":\"+971559949641\",\"contact_person_email\":\"eng.bilal.keshta@gmail.com\",\"account_phone\":\"+971559949641\",\"password\":null,\"confirm_password\":null,\"latitude\":\"25.318479530703403\",\"longitude\":\"55.38344968110324\",\"plan_type\":\"subscription_based\",\"selected_package_id\":\"b5d32923-af9e-4a06-b139-b4f3d4e9437f\",\"plan\":\"on\",\"plan_price\":\"received_money\"}', 1, '2025-05-13 04:12:34', '2025-05-13 04:12:34', NULL, NULL, NULL, 'c24f1c10-fb37-4e7d-97ae-205741ff025f', 'provider-reg', 'web'),
('bd19eca5-10d6-4ca7-9d58-6910c6a77d9a', '3bfe09c9-152f-456a-9386-a7809a37ffd5', NULL, 100.00, NULL, 'subscription_success', 'subscription_fail', NULL, 'USD', 'manually', '{\"_token\":\"SoQ33ia6aITYzHsSWS3RdSsWEOAuMaGvzvsfnwyt\",\"_method\":\"PUT\",\"company_name\":\"Bilal\",\"company_phone\":\"+971559949641\",\"company_email\":\"eng.bilal.keshta@gmail.com\",\"zone_id\":\"58df6658-2fbf-486f-a668-6df385891f16\",\"company_address\":\"test\",\"identity_type\":\"passport\",\"identity_number\":\"2234456\",\"contact_person_name\":\"Bilal\",\"contact_person_phone\":\"+971559949641\",\"contact_person_email\":\"eng.bilal.keshta@gmail.com\",\"account_phone\":\"+971559949641\",\"password\":null,\"confirm_password\":null,\"latitude\":\"25.318479530703403\",\"longitude\":\"55.38344968110324\",\"plan_type\":\"subscription_based\",\"selected_package_id\":\"b5d32923-af9e-4a06-b139-b4f3d4e9437f\",\"plan\":\"on\",\"plan_price\":\"received_money\"}', 1, '2025-05-13 10:48:12', '2025-05-13 10:48:12', NULL, NULL, NULL, 'c24f1c10-fb37-4e7d-97ae-205741ff025f', 'provider-reg', 'web');

-- --------------------------------------------------------

--
-- Table structure for table `posts`
--

CREATE TABLE `posts` (
  `id` char(36) COLLATE utf8mb4_unicode_ci NOT NULL,
  `service_description` text COLLATE utf8mb4_unicode_ci,
  `booking_schedule` datetime DEFAULT NULL,
  `is_booked` tinyint(1) NOT NULL DEFAULT '0',
  `is_checked` tinyint(1) NOT NULL DEFAULT '0',
  `customer_user_id` char(36) COLLATE utf8mb4_unicode_ci NOT NULL,
  `service_id` char(36) COLLATE utf8mb4_unicode_ci DEFAULT NULL,
  `category_id` char(36) COLLATE utf8mb4_unicode_ci DEFAULT NULL,
  `sub_category_id` char(36) COLLATE utf8mb4_unicode_ci DEFAULT NULL,
  `service_address_id` char(36) COLLATE utf8mb4_unicode_ci DEFAULT NULL,
  `zone_id` char(36) COLLATE utf8mb4_unicode_ci DEFAULT NULL,
  `booking_id` char(36) COLLATE utf8mb4_unicode_ci DEFAULT NULL,
  `created_at` timestamp NULL DEFAULT NULL,
  `updated_at` timestamp NULL DEFAULT NULL,
  `is_guest` tinyint(1) NOT NULL DEFAULT '0'
) ENGINE=InnoDB DEFAULT CHARSET=utf8mb4 COLLATE=utf8mb4_unicode_ci;

-- --------------------------------------------------------

--
-- Table structure for table `post_additional_instructions`
--

CREATE TABLE `post_additional_instructions` (
  `id` char(36) COLLATE utf8mb4_unicode_ci NOT NULL,
  `details` text COLLATE utf8mb4_unicode_ci,
  `post_id` char(36) COLLATE utf8mb4_unicode_ci NOT NULL,
  `created_at` timestamp NULL DEFAULT NULL,
  `updated_at` timestamp NULL DEFAULT NULL
) ENGINE=InnoDB DEFAULT CHARSET=utf8mb4 COLLATE=utf8mb4_unicode_ci;

-- --------------------------------------------------------

--
-- Table structure for table `post_bids`
--

CREATE TABLE `post_bids` (
  `id` char(36) COLLATE utf8mb4_unicode_ci NOT NULL,
  `offered_price` decimal(24,2) NOT NULL DEFAULT '0.00',
  `provider_note` text COLLATE utf8mb4_unicode_ci,
  `status` varchar(255) COLLATE utf8mb4_unicode_ci NOT NULL,
  `post_id` char(36) COLLATE utf8mb4_unicode_ci NOT NULL,
  `provider_id` char(36) COLLATE utf8mb4_unicode_ci DEFAULT NULL,
  `created_at` timestamp NULL DEFAULT NULL,
  `updated_at` timestamp NULL DEFAULT NULL
) ENGINE=InnoDB DEFAULT CHARSET=utf8mb4 COLLATE=utf8mb4_unicode_ci;

-- --------------------------------------------------------

--
-- Table structure for table `providers`
--

CREATE TABLE `providers` (
  `id` char(36) COLLATE utf8mb4_unicode_ci NOT NULL,
  `user_id` char(36) COLLATE utf8mb4_unicode_ci DEFAULT NULL,
  `company_name` varchar(191) COLLATE utf8mb4_unicode_ci DEFAULT NULL,
  `company_phone` varchar(25) COLLATE utf8mb4_unicode_ci DEFAULT NULL,
  `company_address` varchar(191) COLLATE utf8mb4_unicode_ci DEFAULT NULL,
  `company_email` varchar(191) COLLATE utf8mb4_unicode_ci DEFAULT NULL,
  `logo` varchar(191) COLLATE utf8mb4_unicode_ci DEFAULT NULL,
  `contact_person_name` varchar(191) COLLATE utf8mb4_unicode_ci DEFAULT NULL,
  `contact_person_phone` varchar(25) COLLATE utf8mb4_unicode_ci DEFAULT NULL,
  `contact_person_email` varchar(191) COLLATE utf8mb4_unicode_ci DEFAULT NULL,
  `order_count` int UNSIGNED NOT NULL DEFAULT '0',
  `service_man_count` int UNSIGNED NOT NULL DEFAULT '0',
  `service_capacity_per_day` int UNSIGNED NOT NULL DEFAULT '0',
  `rating_count` int UNSIGNED NOT NULL DEFAULT '0',
  `avg_rating` double(8,4) NOT NULL DEFAULT '0.0000',
  `commission_status` tinyint(1) NOT NULL DEFAULT '0',
  `commission_percentage` double(8,4) NOT NULL DEFAULT '0.0000',
  `is_active` tinyint(1) NOT NULL DEFAULT '1',
  `created_at` timestamp NULL DEFAULT NULL,
  `updated_at` timestamp NULL DEFAULT NULL,
  `is_approved` tinyint(1) NOT NULL DEFAULT '0',
  `zone_id` char(36) COLLATE utf8mb4_unicode_ci DEFAULT NULL,
  `coordinates` longtext CHARACTER SET utf8mb4 COLLATE utf8mb4_bin,
  `is_suspended` tinyint(1) NOT NULL DEFAULT '0',
  `deleted_at` timestamp NULL DEFAULT NULL,
  `service_availability` tinyint(1) NOT NULL DEFAULT '1'
) ENGINE=InnoDB DEFAULT CHARSET=utf8mb4 COLLATE=utf8mb4_unicode_ci;

--
-- Dumping data for table `providers`
--

INSERT INTO `providers` (`id`, `user_id`, `company_name`, `company_phone`, `company_address`, `company_email`, `logo`, `contact_person_name`, `contact_person_phone`, `contact_person_email`, `order_count`, `service_man_count`, `service_capacity_per_day`, `rating_count`, `avg_rating`, `commission_status`, `commission_percentage`, `is_active`, `created_at`, `updated_at`, `is_approved`, `zone_id`, `coordinates`, `is_suspended`, `deleted_at`, `service_availability`) VALUES
('07d04814-6b43-4c28-8635-2de245f89eaf', '9a797ec3-984a-444a-a4be-b86bd6224d8b', 'Hamza', '+212225594651', 'asfasf', 'hamza@provider.com', '2025-03-09-67cd34bf7e81f.png', 'Hamza', '+2122589789', 'hamza@provider.com', 0, 0, 0, 0, 0.0000, 0, 0.0000, 1, '2025-03-09 19:27:11', '2025-03-21 06:49:09', 1, '111d0870-bb04-47b3-a5b2-42be4eaf7c9c', '{\"latitude\":\"23.811423256443756\",\"longitude\":\"90.37006391015623\"}', 0, NULL, 1),
('0ca84dcc-51e2-43b5-8a09-4096bf00da62', '6de0e1da-d440-4e34-9096-232e3af9fe9b', 'austra', '+67312121221', 'sawaw11212', 'ariefariefwijayadi@gmail.com', '2025-07-23-687f8d1a83826.png', 'arief', '+673121212121', 'ariefariefwijayadi@gmail.com', 0, 0, 0, 0, 0.0000, 0, 0.0000, 1, '2025-07-23 02:07:39', '2025-07-23 05:21:43', 1, '0815a742-5b1b-4e83-b49d-ae43074acce5', '{\"latitude\":\"23.797172463780672\",\"longitude\":\"90.36478042602539\"}', 0, NULL, 1),
('11e756d8-3172-4c1b-8215-0aeba28423b8', '2ee2adb9-8c94-4792-a685-ee78f9029745', 'abr', '+967773721066', 'Unknown Location Found', 'abrahemshjowqi6@gmail.com', '2025-07-15-68756af5144db.png', 'abr', '+967773721066', 'abrahemshjowqi6@gmail.com', 0, 0, 0, 0, 0.0000, 0, 0.0000, 1, '2025-07-15 09:39:17', '2025-07-15 10:22:45', 1, '111d0870-bb04-47b3-a5b2-42be4eaf7c9c', '{\"latitude\":\"15.351797232449941\",\"longitude\":\"44.21148519963026\"}', 0, '2025-07-15 10:22:45', 1),
('14ff3656-eba6-4d35-9c58-9cd763db9f54', 'c843fff0-ffb6-4047-ae28-d1acd00e9090', 'Test P', '+971559966332', 'test', 'a000f97ba8@emaily.pro', '2025-03-24-67e0b48d65969.png', 'Test P', '+971559966332', 'a000f97ba8@emaily.pro', 0, 0, 0, 0, 0.0000, 0, 0.0000, 1, '2025-03-24 14:25:33', '2025-03-24 14:33:43', 1, '111d0870-bb04-47b3-a5b2-42be4eaf7c9c', '{\"latitude\":\"0.0\",\"longitude\":\"0.0\"}', 0, NULL, 1),
('47cd0c6e-7b24-402a-930d-9599c33958a9', 'b7c3e9e6-23ef-487b-aed7-f3018412320b', 'Example Company', '+1122334455', '123 Example Street, City, Country', 'company@example.com', 'def.png', 'John Doe', '+123456789', 'john.doe@example.com', 0, 0, 0, 0, 0.0000, 0, 0.0000, 1, '2025-07-06 04:20:26', '2025-07-15 10:01:29', 1, 'a1614dbe-4732-11ee-9702-dee6e8d77be4', '{\"latitude\":\"12.345678\",\"longitude\":\"98.765432\"}', 0, NULL, 1),
('48bdd46b-4b52-4755-9808-e18af099be3e', '912faeb6-602f-4d0d-8c48-f99e06bc8f81', 'abr', '+967773721015', 'Unknown Location Found', 'abrahemshjowqyy@gmail.com', '2025-07-15-687575dedb4ef.png', 'abr', '+967773721015', 'abrahemshjowqyy@gmail.com', 0, 0, 0, 0, 0.0000, 0, 0.0000, 1, '2025-07-15 10:25:50', '2025-07-15 10:26:50', 1, '111d0870-bb04-47b3-a5b2-42be4eaf7c9c', '{\"latitude\":\"15.352410879551952\",\"longitude\":\"44.21095713973045\"}', 0, NULL, 1),
('4eea8a53-ca4b-481d-b07a-70f1737d592f', 'd4e920b1-a074-430c-9139-d925bf2ca005', 'abr', '+967773721055', 'Unknown Location Found', 'abrahemshowqpzi@gmail.com', '2025-07-23-687fb3776faaa.png', 'abr', '+967773721055', 'abrahemshowqpzi@gmail.com', 0, 0, 0, 0, 0.0000, 0, 0.0000, 1, '2025-07-23 04:51:19', '2025-07-23 05:05:05', 1, '111d0870-bb04-47b3-a5b2-42be4eaf7c9c', '{\"latitude\":\"15.352200080013311\",\"longitude\":\"44.20950002968311\"}', 0, NULL, 1),
('54a30d54-fc5d-4bf0-abf9-5bcc2e080d0a', '5c6c683b-3a4b-4d1f-9d94-1ca6b6636446', 'Bilal', '+971559946941', 'test', 'eng.bilal.keshta@gmail.com', '2025-03-20-67db1b0ecd4ef.png', 'Bilal', '+971559946941', 'eng.bilal.keshta@gmail.com', 0, 0, 0, 0, 0.0000, 0, 0.0000, 1, '2025-03-20 08:29:18', '2025-04-19 01:42:22', 1, '58df6658-2fbf-486f-a668-6df385891f16', '{\"latitude\":\"25.315038932925717\",\"longitude\":\"55.41346960543077\"}', 0, '2025-04-19 01:42:22', 1),
('7b671609-d23a-47bb-bbf3-3732183b9d99', 'cd1ac870-9db1-4515-bae2-51da50e5a75b', 'السهم الاحمر', '+971505012345', 'test', 'sss@s.com', '2025-03-28-67e5cebc0bcd1.png', 'السهم الاحمر', '+971505012345', 'sss@s.com', 0, 0, 0, 0, 0.0000, 0, 0.0000, 1, '2025-03-28 11:18:36', '2025-03-28 11:21:37', 1, 'a1614dbe-4732-11ee-9702-dee6e8d77be4', '{\"latitude\":\"25.34119984882894\",\"longitude\":\"25.341199971735477\"}', 0, NULL, 1),
('9b02058b-347a-43c9-a3c0-d1409f045c33', '4923f489-707c-4679-99af-5f90c6e66fd2', 'Cvjvvjh', '+971509996661', 'test', 'z@plinee.com', '2025-03-28-67e5bb7d4bbaa.png', 'Cvjvvjh', '+971509996661', 'z@plinee.com', 0, 0, 0, 0, 0.0000, 0, 0.0000, 1, '2025-03-28 09:56:29', '2025-03-28 09:58:04', 1, 'a1614dbe-4732-11ee-9702-dee6e8d77be4', '{\"latitude\":\"25.672334257152606\",\"longitude\":\"55.85010007023811\"}', 0, NULL, 1),
('b566cec2-9b57-40a7-a8c9-eea1a68c84dd', 'cf5a82c2-59d4-434f-91cc-147743ee3e9a', 'Taysouf', '+971566579975', 'dubai box', 'souf.taytay@gmail.com', '2025-02-21-67b8504e356c0.png', 'Soufian taytay', '+971566579975', 'souf.taytay@gmail.com', 0, 0, 0, 0, 0.0000, 0, 0.0000, 1, '2025-02-21 23:07:10', '2025-03-21 06:49:12', 1, '111d0870-bb04-47b3-a5b2-42be4eaf7c9c', '{\"latitude\":\"25.2048493\",\"longitude\":\"55.2707828\"}', 0, NULL, 1),
('c24f1c10-fb37-4e7d-97ae-205741ff025f', '3bfe09c9-152f-456a-9386-a7809a37ffd5', 'Bilal', '+971559949641', 'test', 'eng.bilal.keshta@gmail.com', '2025-04-19-680248c1d72ee.png', 'Bilal', '+971559949641', 'eng.bilal.keshta@gmail.com', 0, 0, 0, 0, 0.0000, 0, 0.0000, 1, '2025-04-19 01:42:42', '2025-04-19 01:43:15', 1, '58df6658-2fbf-486f-a668-6df385891f16', '{\"latitude\":\"25.318479530703403\",\"longitude\":\"55.38344968110324\"}', 0, NULL, 1),
('c70aa884-36e1-4735-a5fa-d6f97e85bb67', '5f9f07b6-3246-470f-b4ca-020daae2d59a', 'abra', '+967773755011', 'Unknown Location Found', 'abrahemshjowqyy@gmail.com', '2025-07-15-687573006d55d.png', 'abra', '+967773755011', 'abrahemshjowqyy@gmail.com', 0, 0, 0, 0, 0.0000, 0, 0.0000, 1, '2025-07-15 10:13:36', '2025-07-15 10:22:37', 1, '111d0870-bb04-47b3-a5b2-42be4eaf7c9c', '{\"latitude\":\"15.352695393929045\",\"longitude\":\"44.21060208231211\"}', 0, '2025-07-15 10:22:37', 1),
('d33b508a-5852-47da-bba7-7a0ad9582ca1', 'fe775649-8563-4364-9332-a825f006cfec', 'خط الاحتراف لتصميم', '+971507123456', 'dubai', 'a@plinee.com', '2025-03-28-67e597365e9fe.png', 'خط الاحتراف لتصميم', '+971507123456', 'a@plinee.com', 0, 0, 0, 0, 0.0000, 0, 0.0000, 1, '2025-03-28 07:21:42', '2025-03-28 07:21:42', 1, 'd921ba36-60fb-4419-afe2-7ea6b0a96bdd', '{\"latitude\":\"25.7836623106276\",\"longitude\":\"55.96555709838867\"}', 0, NULL, 1),
('e6e9bca7-d1e7-4c21-88c9-56a6b0188072', '5b137004-e9f8-4f3b-baf3-7c3d83a282c4', 'abrahem', '+967773721805', 'Unknown Location Found', 'abrahemshowqi2o2@gmail.com', '2025-07-15-687560c454285.png', 'abrahem', '+967773721805', 'abrahemshowqi2o2@gmail.com', 0, 0, 0, 0, 0.0000, 0, 0.0000, 1, '2025-07-15 08:55:48', '2025-07-15 10:22:53', 1, '111d0870-bb04-47b3-a5b2-42be4eaf7c9c', '{\"latitude\":\"15.353083044143519\",\"longitude\":\"44.210760332643986\"}', 0, '2025-07-15 10:22:53', 1),
('ef7046a9-e524-4a42-bac5-7aa4a1e579b4', '86c492da-a2ec-45d5-b3f3-efb895dacacc', 'Test LLC', '+212601020304', 'hay salam', 'fouad@gmail.com', '2025-06-26-685bfe5acadda.png', 'fouad', '+212601020304', 'fouad@gmail.com', 0, 0, 0, 0, 0.0000, 0, 0.0000, 1, '2025-06-26 02:49:14', '2025-06-28 08:52:38', 1, 'a1614dbe-4732-11ee-9702-dee6e8d77be4', '{\"latitude\":\"5.25050207828558\",\"longitude\":\"1.4816856079101548\"}', 0, NULL, 1),
('f9268c0e-0d77-4a17-a471-7809ede9d80a', '2d69016c-ca73-4481-86e6-b504d3c57cb1', 'خط الاحتراف', '+971505994530', 'testing', 'info@plinee.com', '2025-02-21-67b7ceb309efd.png', 'test', '+971505994530', 'info@plinee.com', 0, 0, 0, 0, 0.0000, 0, 0.0000, 1, '2025-02-21 13:54:11', '2025-03-21 06:49:15', 1, 'a1614dbe-4732-11ee-9702-dee6e8d77be4', '{\"latitude\":\"23.016224923490718\",\"longitude\":\"45.11042078533721\"}', 0, NULL, 1);

-- --------------------------------------------------------

--
-- Table structure for table `provider_notification_setups`
--

CREATE TABLE `provider_notification_setups` (
  `id` bigint UNSIGNED NOT NULL,
  `provider_id` char(36) COLLATE utf8mb4_unicode_ci DEFAULT NULL,
  `notification_setup_id` char(36) COLLATE utf8mb4_unicode_ci DEFAULT NULL,
  `value` text COLLATE utf8mb4_unicode_ci,
  `created_at` timestamp NULL DEFAULT NULL,
  `updated_at` timestamp NULL DEFAULT NULL
) ENGINE=InnoDB DEFAULT CHARSET=utf8mb4 COLLATE=utf8mb4_unicode_ci;

-- --------------------------------------------------------

--
-- Table structure for table `provider_settings`
--

CREATE TABLE `provider_settings` (
  `id` char(36) COLLATE utf8mb4_unicode_ci NOT NULL,
  `provider_id` char(36) COLLATE utf8mb4_unicode_ci NOT NULL,
  `key_name` varchar(191) COLLATE utf8mb4_unicode_ci DEFAULT NULL,
  `live_values` longtext COLLATE utf8mb4_unicode_ci,
  `test_values` longtext COLLATE utf8mb4_unicode_ci,
  `settings_type` varchar(255) COLLATE utf8mb4_unicode_ci DEFAULT NULL,
  `mode` varchar(20) COLLATE utf8mb4_unicode_ci NOT NULL DEFAULT 'live',
  `is_active` tinyint(1) NOT NULL DEFAULT '1',
  `created_at` timestamp NULL DEFAULT NULL,
  `updated_at` timestamp NULL DEFAULT NULL
) ENGINE=InnoDB DEFAULT CHARSET=utf8mb4 COLLATE=utf8mb4_unicode_ci;

--
-- Dumping data for table `provider_settings`
--

INSERT INTO `provider_settings` (`id`, `provider_id`, `key_name`, `live_values`, `test_values`, `settings_type`, `mode`, `is_active`, `created_at`, `updated_at`) VALUES
('162984a7-394c-4444-ade8-e01abd4bf141', 'c24f1c10-fb37-4e7d-97ae-205741ff025f', 'provider_serviceman_can_edit_booking', '1', '1', 'serviceman_config', 'live', 1, '2025-02-22 17:21:29', '2025-05-13 11:45:31'),
('3a0d5924-0943-40aa-8d5d-2d5680179ac0', 'c24f1c10-fb37-4e7d-97ae-205741ff025f', 'provider_serviceman_can_cancel_booking', '1', '1', 'serviceman_config', 'live', 1, '2025-02-22 17:21:29', '2025-05-13 11:45:31');

-- --------------------------------------------------------

--
-- Table structure for table `provider_sub_category`
--

CREATE TABLE `provider_sub_category` (
  `id` bigint UNSIGNED NOT NULL,
  `provider_id` char(36) COLLATE utf8mb4_unicode_ci NOT NULL,
  `category_id` char(36) CHARACTER SET utf8mb4 COLLATE utf8mb4_unicode_ci NOT NULL,
  `created_at` timestamp NULL DEFAULT NULL,
  `updated_at` timestamp NULL DEFAULT NULL
) ENGINE=InnoDB DEFAULT CHARSET=utf8mb4 COLLATE=utf8mb4_unicode_ci;

--
-- Dumping data for table `provider_sub_category`
--

INSERT INTO `provider_sub_category` (`id`, `provider_id`, `category_id`, `created_at`, `updated_at`) VALUES
(1, '07d04814-6b43-4c28-8635-2de245f89eaf', '10d22b8e-1977-47d1-82b1-983769f902b2', NULL, NULL),
(2, '9b02058b-347a-43c9-a3c0-d1409f045c33', '10d22b8e-1977-47d1-82b1-983769f902b2', NULL, NULL),
(3, '7b671609-d23a-47bb-bbf3-3732183b9d99', '10d22b8e-1977-47d1-82b1-983769f902b2', NULL, NULL),
(4, 'c24f1c10-fb37-4e7d-97ae-205741ff025f', '10d22b8e-1977-47d1-82b1-983769f902b2', NULL, NULL);

-- --------------------------------------------------------

--
-- Table structure for table `push_notifications`
--

CREATE TABLE `push_notifications` (
  `id` char(36) COLLATE utf8mb4_unicode_ci NOT NULL,
  `title` varchar(191) COLLATE utf8mb4_unicode_ci DEFAULT NULL,
  `description` text COLLATE utf8mb4_unicode_ci,
  `cover_image` varchar(255) COLLATE utf8mb4_unicode_ci DEFAULT NULL,
  `zone_ids` text COLLATE utf8mb4_unicode_ci NOT NULL,
  `to_users` varchar(255) COLLATE utf8mb4_unicode_ci NOT NULL DEFAULT '["customer"]',
  `is_active` tinyint(1) NOT NULL DEFAULT '1',
  `created_at` timestamp NULL DEFAULT NULL,
  `updated_at` timestamp NULL DEFAULT NULL
) ENGINE=InnoDB DEFAULT CHARSET=utf8mb4 COLLATE=utf8mb4_unicode_ci;

--
-- Dumping data for table `push_notifications`
--

INSERT INTO `push_notifications` (`id`, `title`, `description`, `cover_image`, `zone_ids`, `to_users`, `is_active`, `created_at`, `updated_at`) VALUES
('50f7a227-a7b1-4b00-88e5-8fd90270d9ce', 'tertgertg', 'tgretgret', '2025-03-20-67db311587d95.png', '[\"d921ba36-60fb-4419-afe2-7ea6b0a96bdd\",\"c0725c23-3179-461d-8161-21864a20af6d\",\"51fa86d6-e59f-416d-aea2-ceadddbe44fb\",\"0815a742-5b1b-4e83-b49d-ae43074acce5\",\"46421f8c-b324-4f2b-aca4-3bf003f9c66e\",\"2cfc9e00-ee4c-444f-a3aa-82a9c7bef16b\",\"111d0870-bb04-47b3-a5b2-42be4eaf7c9c\",\"58df6658-2fbf-486f-a668-6df385891f16\",\"a1614dbe-4732-11ee-9702-dee6e8d77be4\"]', '[\"customer\",\"provider-admin\",\"provider-serviceman\"]', 1, '2025-03-20 10:03:17', '2025-03-20 10:03:17');

-- --------------------------------------------------------

--
-- Table structure for table `push_notification_users`
--

CREATE TABLE `push_notification_users` (
  `id` char(36) COLLATE utf8mb4_unicode_ci NOT NULL,
  `push_notification_id` char(36) COLLATE utf8mb4_unicode_ci NOT NULL,
  `user_id` char(36) COLLATE utf8mb4_unicode_ci NOT NULL,
  `created_at` timestamp NULL DEFAULT NULL,
  `updated_at` timestamp NULL DEFAULT NULL
) ENGINE=InnoDB DEFAULT CHARSET=utf8mb4 COLLATE=utf8mb4_unicode_ci;

-- --------------------------------------------------------

--
-- Table structure for table `recent_searches`
--

CREATE TABLE `recent_searches` (
  `id` char(36) COLLATE utf8mb4_unicode_ci NOT NULL,
  `user_id` char(36) COLLATE utf8mb4_unicode_ci NOT NULL,
  `keyword` varchar(255) COLLATE utf8mb4_unicode_ci DEFAULT NULL,
  `deleted_at` timestamp NULL DEFAULT NULL,
  `created_at` timestamp NULL DEFAULT NULL,
  `updated_at` timestamp NULL DEFAULT NULL
) ENGINE=InnoDB DEFAULT CHARSET=utf8mb4 COLLATE=utf8mb4_unicode_ci;

--
-- Dumping data for table `recent_searches`
--

INSERT INTO `recent_searches` (`id`, `user_id`, `keyword`, `deleted_at`, `created_at`, `updated_at`) VALUES
('8d47e8c4-17ef-4dfa-8309-421745924e84', '5061a8c2-5e46-43ec-ab67-1465874c2932', 'خط الاحتراف', NULL, '2025-03-15 09:56:29', '2025-03-15 09:56:29'),
('b1223c6c-7e83-4a46-a0da-7dc7561865c7', '51f3abfc-a451-47a5-ba06-6961edb546a3', NULL, NULL, '2025-02-22 18:54:34', '2025-02-22 18:54:34'),
('ec368a16-c302-436f-9feb-7744c946bf7a', '5061a8c2-5e46-43ec-ab67-1465874c2932', 'خط الاحتراف', NULL, '2025-03-15 09:57:20', '2025-03-15 09:57:20');

-- --------------------------------------------------------

--
-- Table structure for table `recent_views`
--

CREATE TABLE `recent_views` (
  `id` char(36) COLLATE utf8mb4_unicode_ci NOT NULL,
  `user_id` char(36) COLLATE utf8mb4_unicode_ci NOT NULL,
  `service_id` char(36) COLLATE utf8mb4_unicode_ci DEFAULT NULL,
  `total_service_view` int NOT NULL DEFAULT '0',
  `category_id` char(36) COLLATE utf8mb4_unicode_ci DEFAULT NULL,
  `total_category_view` int NOT NULL DEFAULT '0',
  `sub_category_id` char(36) COLLATE utf8mb4_unicode_ci DEFAULT NULL,
  `total_sub_category_view` int NOT NULL DEFAULT '0',
  `deleted_at` timestamp NULL DEFAULT NULL,
  `created_at` timestamp NULL DEFAULT NULL,
  `updated_at` timestamp NULL DEFAULT NULL
) ENGINE=InnoDB DEFAULT CHARSET=utf8mb4 COLLATE=utf8mb4_unicode_ci;

--
-- Dumping data for table `recent_views`
--

INSERT INTO `recent_views` (`id`, `user_id`, `service_id`, `total_service_view`, `category_id`, `total_category_view`, `sub_category_id`, `total_sub_category_view`, `deleted_at`, `created_at`, `updated_at`) VALUES
('030a3045-403a-43f8-a8f6-1e663d3baa5e', '00c20be3-105d-4e1c-a100-6e0e4f2c5df7', '0955f250-b0c2-4d6f-af3a-90a8ca523aca', 1, NULL, 0, NULL, 0, NULL, '2025-06-28 09:44:38', '2025-06-28 09:44:38'),
('066428bd-baeb-40f4-bbfa-bbaf08c48988', '51f3abfc-a451-47a5-ba06-6961edb546a3', NULL, 0, 'b74bf038-01b1-4299-9418-f5c2877ffef8', 3, NULL, 0, NULL, '2025-02-22 17:25:24', '2025-02-22 17:48:21'),
('06943224-db26-49a6-9211-d6b0c2ce4e82', '03b98442-3ee8-40ee-80ba-23712b14a80f', NULL, 0, '10d22b8e-1977-47d1-82b1-983769f902b2', 8, NULL, 0, NULL, '2025-07-06 07:58:06', '2025-07-10 07:27:07'),
('09515919-0c0e-4e5f-8821-f12996abf314', '66fd43e6-4359-42d4-96b9-48442340b696', NULL, 0, '2c64827b-a049-4f97-bd62-24e4a198630f', 3, NULL, 0, NULL, '2025-03-28 09:25:20', '2025-04-11 04:56:16'),
('0b927eb7-53d2-4229-b4f6-2ee69c42491f', 'c1332b5d-d1b6-47ab-a941-f8b6d98315b6', NULL, 0, '10d22b8e-1977-47d1-82b1-983769f902b2', 36, NULL, 0, NULL, '2025-04-16 12:09:43', '2025-05-13 04:08:47'),
('141b5a65-e1f1-4d8b-8137-970ae162e976', '51f3abfc-a451-47a5-ba06-6961edb546a3', NULL, 0, '10d22b8e-1977-47d1-82b1-983769f902b2', 4, NULL, 0, NULL, '2025-02-22 18:07:30', '2025-02-22 18:31:04'),
('1b68ecc3-9261-446e-a8dc-325dce6f9029', '66fd43e6-4359-42d4-96b9-48442340b696', 'c1a30469-7b42-4ddc-ada8-d463a86f3130', 2, NULL, 0, NULL, 0, NULL, '2025-03-28 10:16:24', '2025-03-28 10:17:06'),
('278e332f-78b4-4a15-b8ba-91d26d3827b2', 'c0e6ce6e-44cb-42c4-9504-f41df862db7a', '0955f250-b0c2-4d6f-af3a-90a8ca523aca', 1, NULL, 0, NULL, 0, NULL, '2025-07-10 05:09:03', '2025-07-10 05:09:03'),
('28f55919-2702-43b6-a083-9b469ff8edbb', '51f3abfc-a451-47a5-ba06-6961edb546a3', NULL, 0, NULL, 0, 'edc83d3d-4a12-4625-816e-fe131e571ea8', 3, NULL, '2025-02-22 17:25:30', '2025-02-22 17:37:59'),
('2bcf3e04-251b-4006-b1ba-b55f0336003d', '03b98442-3ee8-40ee-80ba-23712b14a80f', NULL, 0, '2c64827b-a049-4f97-bd62-24e4a198630f', 1, NULL, 0, NULL, '2025-07-06 11:44:22', '2025-07-06 11:44:22'),
('2f319a4e-1156-47c8-9478-3c46c6193984', 'e481d139-3705-4e1f-8c28-7a27dfce1de9', '19c739d4-6ef6-454e-a899-43f2831118a6', 1, NULL, 0, NULL, 0, NULL, '2025-06-28 11:54:12', '2025-06-28 11:54:12'),
('3fa79c2f-6112-4521-a837-dda9ff838168', '51f3abfc-a451-47a5-ba06-6961edb546a3', NULL, 0, '2c64827b-a049-4f97-bd62-24e4a198630f', 2, NULL, 0, NULL, '2025-02-22 18:05:44', '2025-02-22 18:07:25'),
('4c7cc185-4c38-4f9c-a5ec-455427f23f9c', 'e481d139-3705-4e1f-8c28-7a27dfce1de9', NULL, 0, '10d22b8e-1977-47d1-82b1-983769f902b2', 4, NULL, 0, NULL, '2025-06-28 11:53:24', '2025-07-06 10:44:15'),
('52a7a25a-8a67-45fb-ae04-bb9d56e9e84c', '51f3abfc-a451-47a5-ba06-6961edb546a3', NULL, 0, NULL, 0, '19bc99d5-05ef-4c57-a668-d3845a6118ab', 2, NULL, '2025-02-22 18:26:08', '2025-02-22 18:31:07'),
('5b414da6-e302-4f36-acf6-99f5642a7698', '03b98442-3ee8-40ee-80ba-23712b14a80f', '19c739d4-6ef6-454e-a899-43f2831118a6', 1, NULL, 0, NULL, 0, NULL, '2025-07-06 08:18:49', '2025-07-06 08:18:49'),
('6014f9a6-e0cd-44da-a694-626cda73956d', 'c1332b5d-d1b6-47ab-a941-f8b6d98315b6', 'cbfdf2c8-7a0d-4f42-927f-ed376e2a013f', 4, NULL, 0, NULL, 0, NULL, '2025-05-12 07:49:21', '2025-05-12 23:05:03'),
('643747ee-3547-4bc4-b798-637dca94fed3', '03b98442-3ee8-40ee-80ba-23712b14a80f', '0955f250-b0c2-4d6f-af3a-90a8ca523aca', 1, NULL, 0, NULL, 0, NULL, '2025-07-06 08:10:22', '2025-07-06 08:10:22'),
('6f07796e-889a-4961-a113-e1ccb8e991aa', '66fd43e6-4359-42d4-96b9-48442340b696', NULL, 0, NULL, 0, '7b3a3077-cf52-4bf5-b437-a79757246e55', 1, NULL, '2025-03-28 09:25:21', '2025-03-28 09:25:21'),
('7571183f-1893-44ae-a61e-4d20f25c83d0', 'e481d139-3705-4e1f-8c28-7a27dfce1de9', '0955f250-b0c2-4d6f-af3a-90a8ca523aca', 2, NULL, 0, NULL, 0, NULL, '2025-06-28 11:54:22', '2025-07-06 10:44:31'),
('877406ca-8814-4bda-90e6-84162bea74ae', 'c1332b5d-d1b6-47ab-a941-f8b6d98315b6', '0955f250-b0c2-4d6f-af3a-90a8ca523aca', 2, NULL, 0, NULL, 0, NULL, '2025-05-11 00:05:40', '2025-05-13 04:08:55'),
('8a14a3a1-50aa-4647-8b38-eb462ec38ad5', '5061a8c2-5e46-43ec-ab67-1465874c2932', '58428e58-56ad-4f00-a46c-24f2b303d98e', 4, NULL, 0, NULL, 0, NULL, '2025-03-15 09:49:25', '2025-03-15 10:06:35'),
('972591ad-82fc-4309-a605-50e8b1da8053', '51f3abfc-a451-47a5-ba06-6961edb546a3', '090fdf33-b560-4fa2-9696-5e3324e67f6f', 1, NULL, 0, NULL, 0, NULL, '2025-02-22 18:55:02', '2025-02-22 18:55:02'),
('98e547e2-4dfe-49a4-9f78-1762e8f85d38', '66fd43e6-4359-42d4-96b9-48442340b696', NULL, 0, NULL, 0, '19bc99d5-05ef-4c57-a668-d3845a6118ab', 9, NULL, '2025-03-28 09:24:21', '2025-04-10 10:05:54'),
('9baf3ddf-267d-4262-a272-b29bad4a5e4d', 'c1332b5d-d1b6-47ab-a941-f8b6d98315b6', NULL, 0, '2c64827b-a049-4f97-bd62-24e4a198630f', 1, NULL, 0, NULL, '2025-04-16 16:54:25', '2025-04-16 16:54:25'),
('9ce8891c-465c-46a4-a00e-fafdddc71bf0', 'c1332b5d-d1b6-47ab-a941-f8b6d98315b6', '77a71d46-ea5c-4917-9ee5-e734819a567b', 2, NULL, 0, NULL, 0, NULL, '2025-05-12 04:30:23', '2025-05-13 00:37:54'),
('a6fcf4d3-d206-4658-8d9c-1df61903dc2b', '51f3abfc-a451-47a5-ba06-6961edb546a3', '58428e58-56ad-4f00-a46c-24f2b303d98e', 4, NULL, 0, NULL, 0, NULL, '2025-02-22 17:25:38', '2025-02-22 18:54:42'),
('aa78ac16-95c1-4f9e-99e5-94d3683b690b', '00c20be3-105d-4e1c-a100-6e0e4f2c5df7', NULL, 0, '10d22b8e-1977-47d1-82b1-983769f902b2', 2, NULL, 0, NULL, '2025-06-28 08:02:30', '2025-06-28 09:44:14'),
('abac8495-b5b1-410b-b310-4fa371d65f4b', '5061a8c2-5e46-43ec-ab67-1465874c2932', NULL, 0, '2c64827b-a049-4f97-bd62-24e4a198630f', 2, NULL, 0, NULL, '2025-03-15 09:58:26', '2025-03-15 10:15:35'),
('adc76332-4d2d-4abe-bc7c-91d56d8834b0', '5061a8c2-5e46-43ec-ab67-1465874c2932', '090fdf33-b560-4fa2-9696-5e3324e67f6f', 3, NULL, 0, NULL, 0, NULL, '2025-03-15 09:56:34', '2025-03-15 09:58:06'),
('c0551734-1e49-4187-a51d-e8fb0516ade8', 'c1332b5d-d1b6-47ab-a941-f8b6d98315b6', NULL, 0, NULL, 0, 'efe664c4-6742-48d8-b6b1-f50ab3e4fd85', 3, NULL, '2025-04-16 12:09:49', '2025-04-16 12:14:28'),
('c654a252-4634-42c7-993c-0335b2e7f07f', 'c0e6ce6e-44cb-42c4-9504-f41df862db7a', NULL, 0, '10d22b8e-1977-47d1-82b1-983769f902b2', 2, NULL, 0, NULL, '2025-07-05 09:02:24', '2025-07-05 09:04:26'),
('d53a2188-e3a8-4f60-af6d-966aa7d8d370', '00c20be3-105d-4e1c-a100-6e0e4f2c5df7', '19c739d4-6ef6-454e-a899-43f2831118a6', 1, NULL, 0, NULL, 0, NULL, '2025-06-28 11:46:32', '2025-06-28 11:46:32'),
('d7a3d78f-d2fe-421d-94d6-80ab267f72d8', '66fd43e6-4359-42d4-96b9-48442340b696', '8fb3ecc0-18ae-4050-864f-5a87bc9021a3', 1, NULL, 0, NULL, 0, NULL, '2025-03-28 10:00:33', '2025-03-28 10:00:33'),
('dd802a62-ddde-4c9a-b2f2-be0b73ebd0f6', '66fd43e6-4359-42d4-96b9-48442340b696', NULL, 0, '10d22b8e-1977-47d1-82b1-983769f902b2', 37, NULL, 0, NULL, '2025-03-28 09:12:45', '2025-04-12 22:49:09'),
('e2b77181-4be8-4bb8-bcb5-62aa4b67f8b8', 'e481d139-3705-4e1f-8c28-7a27dfce1de9', NULL, 0, '2c64827b-a049-4f97-bd62-24e4a198630f', 2, NULL, 0, NULL, '2025-07-06 10:44:03', '2025-09-08 01:08:55'),
('e9d741d4-8a1c-4680-993c-5ae25e637c8b', '66fd43e6-4359-42d4-96b9-48442340b696', NULL, 0, NULL, 0, 'efe664c4-6742-48d8-b6b1-f50ab3e4fd85', 17, NULL, '2025-03-28 09:12:47', '2025-04-12 22:49:15'),
('ef141ba5-613b-4968-b5ad-606fa900afcd', '5061a8c2-5e46-43ec-ab67-1465874c2932', NULL, 0, NULL, 0, '19bc99d5-05ef-4c57-a668-d3845a6118ab', 4, NULL, '2025-03-15 09:47:01', '2025-03-15 09:58:36'),
('fcf9016c-5c89-4624-9363-3a4844b47082', '5061a8c2-5e46-43ec-ab67-1465874c2932', NULL, 0, '10d22b8e-1977-47d1-82b1-983769f902b2', 4, NULL, 0, NULL, '2025-03-15 09:46:33', '2025-03-15 09:58:52'),
('fff581c0-9421-4e31-8658-edb7d16c947c', 'e481d139-3705-4e1f-8c28-7a27dfce1de9', NULL, 0, '98219dd1-a21c-46ee-80b3-ee1ad5ff9e6a', 1, NULL, 0, NULL, '2025-09-08 01:09:06', '2025-09-08 01:09:06');

-- --------------------------------------------------------

--
-- Table structure for table `reviews`
--

CREATE TABLE `reviews` (
  `id` char(36) COLLATE utf8mb4_unicode_ci NOT NULL,
  `readable_id` bigint NOT NULL,
  `booking_id` char(36) COLLATE utf8mb4_unicode_ci DEFAULT NULL,
  `service_id` char(36) COLLATE utf8mb4_unicode_ci DEFAULT NULL,
  `provider_id` char(36) COLLATE utf8mb4_unicode_ci DEFAULT NULL,
  `review_rating` int NOT NULL DEFAULT '1',
  `review_comment` text COLLATE utf8mb4_unicode_ci,
  `review_images` text COLLATE utf8mb4_unicode_ci,
  `booking_date` datetime DEFAULT NULL,
  `is_active` tinyint(1) NOT NULL DEFAULT '1',
  `created_at` timestamp NULL DEFAULT NULL,
  `updated_at` timestamp NULL DEFAULT NULL,
  `customer_id` char(36) COLLATE utf8mb4_unicode_ci DEFAULT NULL
) ENGINE=InnoDB DEFAULT CHARSET=utf8mb4 COLLATE=utf8mb4_unicode_ci;

-- --------------------------------------------------------

--
-- Table structure for table `review_replies`
--

CREATE TABLE `review_replies` (
  `id` char(36) COLLATE utf8mb4_unicode_ci NOT NULL,
  `readable_id` bigint DEFAULT NULL,
  `user_id` char(36) COLLATE utf8mb4_unicode_ci DEFAULT NULL,
  `review_id` char(36) COLLATE utf8mb4_unicode_ci DEFAULT NULL,
  `reply` text COLLATE utf8mb4_unicode_ci,
  `created_at` timestamp NULL DEFAULT NULL,
  `updated_at` timestamp NULL DEFAULT NULL
) ENGINE=InnoDB DEFAULT CHARSET=utf8mb4 COLLATE=utf8mb4_unicode_ci;

-- --------------------------------------------------------

--
-- Table structure for table `roles`
--

CREATE TABLE `roles` (
  `id` char(36) COLLATE utf8mb4_unicode_ci NOT NULL,
  `role_name` varchar(255) COLLATE utf8mb4_unicode_ci DEFAULT NULL,
  `created_at` timestamp NULL DEFAULT NULL,
  `updated_at` timestamp NULL DEFAULT NULL,
  `is_active` tinyint(1) NOT NULL DEFAULT '1'
) ENGINE=InnoDB DEFAULT CHARSET=utf8mb4 COLLATE=utf8mb4_unicode_ci;

-- --------------------------------------------------------

--
-- Table structure for table `role_accesses`
--

CREATE TABLE `role_accesses` (
  `id` bigint UNSIGNED NOT NULL,
  `role_id` char(36) COLLATE utf8mb4_unicode_ci NOT NULL,
  `section_name` varchar(255) COLLATE utf8mb4_unicode_ci NOT NULL,
  `can_view` tinyint NOT NULL DEFAULT '1',
  `can_add` tinyint NOT NULL DEFAULT '0',
  `can_update` tinyint NOT NULL DEFAULT '0',
  `can_delete` tinyint NOT NULL DEFAULT '0',
  `can_export` tinyint NOT NULL DEFAULT '0',
  `can_manage_status` tinyint NOT NULL DEFAULT '0',
  `can_approve_or_deny` tinyint NOT NULL DEFAULT '0',
  `created_at` timestamp NULL DEFAULT NULL,
  `updated_at` timestamp NULL DEFAULT NULL,
  `can_assign_serviceman` tinyint NOT NULL DEFAULT '0',
  `can_give_feedback` tinyint NOT NULL DEFAULT '0',
  `can_take_backup` tinyint NOT NULL DEFAULT '0',
  `can_change_status` tinyint NOT NULL DEFAULT '0'
) ENGINE=InnoDB DEFAULT CHARSET=utf8mb4 COLLATE=utf8mb4_unicode_ci;

-- --------------------------------------------------------

--
-- Table structure for table `searched_data`
--

CREATE TABLE `searched_data` (
  `id` char(36) COLLATE utf8mb4_unicode_ci NOT NULL,
  `user_id` char(36) COLLATE utf8mb4_unicode_ci NOT NULL,
  `zone_id` char(36) COLLATE utf8mb4_unicode_ci NOT NULL,
  `attribute` varchar(255) COLLATE utf8mb4_unicode_ci DEFAULT NULL,
  `attribute_id` char(36) COLLATE utf8mb4_unicode_ci DEFAULT NULL,
  `response_data_count` int NOT NULL DEFAULT '0',
  `volume` int NOT NULL DEFAULT '0',
  `created_at` timestamp NULL DEFAULT NULL,
  `updated_at` timestamp NULL DEFAULT NULL
) ENGINE=InnoDB DEFAULT CHARSET=utf8mb4 COLLATE=utf8mb4_unicode_ci;

--
-- Dumping data for table `searched_data`
--

INSERT INTO `searched_data` (`id`, `user_id`, `zone_id`, `attribute`, `attribute_id`, `response_data_count`, `volume`, `created_at`, `updated_at`) VALUES
('3f1aa216-1889-4aa0-b49f-d513f186a3a6', '51f3abfc-a451-47a5-ba06-6961edb546a3', 'a1614dbe-4732-11ee-9702-dee6e8d77be4', 'search', 'b1223c6c-7e83-4a46-a0da-7dc7561865c7', 3, 1, '2025-02-22 18:54:35', '2025-02-22 18:54:35'),
('4b89772b-28b5-4807-a36e-061ea1202096', '51f3abfc-a451-47a5-ba06-6961edb546a3', 'a1614dbe-4732-11ee-9702-dee6e8d77be4', 'service', '090fdf33-b560-4fa2-9696-5e3324e67f6f', 0, 1, '2025-02-22 18:55:02', '2025-02-22 18:55:02'),
('5014b06e-6d6c-4790-8146-90f17f7a9131', '51f3abfc-a451-47a5-ba06-6961edb546a3', 'a1614dbe-4732-11ee-9702-dee6e8d77be4', 'service', '58428e58-56ad-4f00-a46c-24f2b303d98e', 0, 1, '2025-02-22 18:54:42', '2025-02-22 18:54:42'),
('52f2ba2d-988a-435d-a638-bafccf201012', '5061a8c2-5e46-43ec-ab67-1465874c2932', 'd921ba36-60fb-4419-afe2-7ea6b0a96bdd', 'service', '58428e58-56ad-4f00-a46c-24f2b303d98e', 0, 1, '2025-03-15 09:57:25', '2025-03-15 09:57:25'),
('81b09845-5cd6-4cd0-8420-8f1172d2ca88', '5061a8c2-5e46-43ec-ab67-1465874c2932', 'd921ba36-60fb-4419-afe2-7ea6b0a96bdd', 'search', '8d47e8c4-17ef-4dfa-8309-421745924e84', 6, 2, '2025-03-15 09:56:29', '2025-03-15 09:57:20'),
('e40badb8-e408-4e58-82de-0637329d1200', '5061a8c2-5e46-43ec-ab67-1465874c2932', 'd921ba36-60fb-4419-afe2-7ea6b0a96bdd', 'service', '090fdf33-b560-4fa2-9696-5e3324e67f6f', 0, 2, '2025-03-15 09:56:34', '2025-03-15 09:57:33');

-- --------------------------------------------------------

--
-- Table structure for table `seo_settings`
--

CREATE TABLE `seo_settings` (
  `id` char(36) COLLATE utf8mb4_unicode_ci NOT NULL,
  `page_title` varchar(255) COLLATE utf8mb4_unicode_ci DEFAULT NULL,
  `page_name` varchar(255) COLLATE utf8mb4_unicode_ci DEFAULT NULL,
  `page_url` varchar(255) COLLATE utf8mb4_unicode_ci DEFAULT NULL,
  `meta_title` varchar(255) COLLATE utf8mb4_unicode_ci DEFAULT NULL,
  `meta_description` text COLLATE utf8mb4_unicode_ci,
  `meta_image` varchar(255) COLLATE utf8mb4_unicode_ci DEFAULT NULL,
  `canonicals_url` varchar(255) COLLATE utf8mb4_unicode_ci DEFAULT NULL,
  `index` varchar(255) COLLATE utf8mb4_unicode_ci DEFAULT NULL,
  `no_follow` varchar(255) COLLATE utf8mb4_unicode_ci DEFAULT NULL,
  `no_image_index` varchar(255) COLLATE utf8mb4_unicode_ci DEFAULT NULL,
  `no_archive` varchar(255) COLLATE utf8mb4_unicode_ci DEFAULT NULL,
  `no_snippet` varchar(255) COLLATE utf8mb4_unicode_ci DEFAULT NULL,
  `max_snippet` varchar(255) COLLATE utf8mb4_unicode_ci DEFAULT NULL,
  `max_snippet_value` varchar(255) COLLATE utf8mb4_unicode_ci DEFAULT NULL,
  `max_video_preview` varchar(255) COLLATE utf8mb4_unicode_ci DEFAULT NULL,
  `max_video_preview_value` varchar(255) COLLATE utf8mb4_unicode_ci DEFAULT NULL,
  `max_image_preview` varchar(255) COLLATE utf8mb4_unicode_ci DEFAULT NULL,
  `max_image_preview_value` varchar(255) COLLATE utf8mb4_unicode_ci DEFAULT NULL,
  `created_at` timestamp NULL DEFAULT NULL,
  `updated_at` timestamp NULL DEFAULT NULL
) ENGINE=InnoDB DEFAULT CHARSET=utf8mb4 COLLATE=utf8mb4_unicode_ci;

-- --------------------------------------------------------

--
-- Table structure for table `servicemen`
--

CREATE TABLE `servicemen` (
  `id` char(36) COLLATE utf8mb4_unicode_ci NOT NULL,
  `provider_id` char(36) COLLATE utf8mb4_unicode_ci DEFAULT NULL,
  `user_id` char(36) COLLATE utf8mb4_unicode_ci DEFAULT NULL,
  `created_at` timestamp NULL DEFAULT NULL,
  `updated_at` timestamp NULL DEFAULT NULL,
  `deleted_at` timestamp NULL DEFAULT NULL
) ENGINE=InnoDB DEFAULT CHARSET=utf8mb4 COLLATE=utf8mb4_unicode_ci;

--
-- Dumping data for table `servicemen`
--

INSERT INTO `servicemen` (`id`, `provider_id`, `user_id`, `created_at`, `updated_at`, `deleted_at`) VALUES
('2ff88caf-9e55-4b0f-99f3-78451278a05a', '4eea8a53-ca4b-481d-b07a-70f1737d592f', '7b2a2e9f-56a7-4576-aafd-5df06b3e0935', '2025-07-23 05:27:33', '2025-07-23 05:27:33', NULL),
('3e17d644-373d-4c5a-94d0-2d6c9c8fefa5', 'd33b508a-5852-47da-bba7-7a0ad9582ca1', '306e1a30-fcbc-4d4a-b64c-f85adcfcec85', '2025-03-28 09:11:27', '2025-03-28 09:11:27', NULL),
('4e1bb7f5-ef12-40cd-a2fc-9ff8e583b715', 'f9268c0e-0d77-4a17-a471-7809ede9d80a', '035cd1b7-105c-47aa-b0a7-852eb35860ea', '2025-02-22 16:05:39', '2025-02-22 16:05:39', NULL),
('65f18b25-64dc-4917-9095-87f0f0a806e1', 'f9268c0e-0d77-4a17-a471-7809ede9d80a', '9bd64b15-124a-483b-9f73-bffc3d46fe3d', '2025-03-28 09:23:50', '2025-03-28 09:23:50', NULL),
('73051552-df8e-4b36-b4ec-1c439ece5b88', 'f9268c0e-0d77-4a17-a471-7809ede9d80a', '09d6bdaf-9f91-472f-b59d-31d242e2a79f', '2025-03-28 12:06:02', '2025-03-28 12:06:02', NULL),
('83609886-f63f-4daf-bddd-edf62f60da65', 'c24f1c10-fb37-4e7d-97ae-205741ff025f', '10a1bb2c-c8f2-4bdd-9d7e-4468fe896a6e', '2025-05-01 16:36:36', '2025-05-01 16:36:36', NULL),
('bde72827-f88c-4f21-9f6a-3caf5ceff5a4', '14ff3656-eba6-4d35-9c58-9cd763db9f54', '6f34ff1c-8bc8-42c2-a047-60d3fbfbe2c4', '2025-03-27 08:30:12', '2025-03-27 08:30:12', NULL),
('d285158b-d328-45af-8ba4-febe7b696d1d', 'c24f1c10-fb37-4e7d-97ae-205741ff025f', '9c952feb-309d-4efb-8c59-05d7b18a8c6b', '2025-05-15 05:23:22', '2025-05-15 05:23:22', NULL),
('efe8194c-0a12-433c-8edb-ec65c1c7cec0', '9b02058b-347a-43c9-a3c0-d1409f045c33', 'f4fbe3c9-de15-4be6-a0c2-e33ee4cb6024', '2025-03-28 10:02:20', '2025-03-28 10:02:20', NULL);

-- --------------------------------------------------------

--
-- Table structure for table `services`
--

CREATE TABLE `services` (
  `id` char(36) COLLATE utf8mb4_unicode_ci NOT NULL,
  `name` varchar(191) COLLATE utf8mb4_unicode_ci DEFAULT NULL,
  `short_description` text COLLATE utf8mb4_unicode_ci,
  `description` text COLLATE utf8mb4_unicode_ci,
  `cover_image` varchar(191) COLLATE utf8mb4_unicode_ci DEFAULT NULL,
  `thumbnail` varchar(191) COLLATE utf8mb4_unicode_ci DEFAULT NULL,
  `category_id` char(36) COLLATE utf8mb4_unicode_ci DEFAULT NULL,
  `sub_category_id` char(36) COLLATE utf8mb4_unicode_ci DEFAULT NULL,
  `provider_id` char(40) COLLATE utf8mb4_unicode_ci DEFAULT NULL,
  `tax` decimal(24,3) NOT NULL DEFAULT '0.000',
  `order_count` int UNSIGNED NOT NULL DEFAULT '0',
  `is_active` tinyint(1) NOT NULL DEFAULT '1',
  `rating_count` int UNSIGNED NOT NULL DEFAULT '0',
  `avg_rating` double(8,4) NOT NULL DEFAULT '0.0000',
  `min_bidding_price` decimal(24,3) NOT NULL DEFAULT '0.000',
  `deleted_at` timestamp NULL DEFAULT NULL,
  `created_at` timestamp NULL DEFAULT NULL,
  `updated_at` timestamp NULL DEFAULT NULL
) ENGINE=InnoDB DEFAULT CHARSET=utf8mb4 COLLATE=utf8mb4_unicode_ci;

--
-- Dumping data for table `services`
--

INSERT INTO `services` (`id`, `name`, `short_description`, `description`, `cover_image`, `thumbnail`, `category_id`, `sub_category_id`, `provider_id`, `tax`, `order_count`, `is_active`, `rating_count`, `avg_rating`, `min_bidding_price`, `deleted_at`, `created_at`, `updated_at`) VALUES
('090fdf33-b560-4fa2-9696-5e3324e67f6f', 'Ironing Clothes', 'shot', '<p>long</p>', '2025-02-22-67b9662a6ce6d.png', '2025-02-22-67b9662a6f14b.png', '2c64827b-a049-4f97-bd62-24e4a198630f', '7b3a3077-cf52-4bf5-b437-a79757246e55', '9a797ec3-984a-444a-a4be-b86bd6224d8b', 3.000, 0, 1, 0, 0.0000, 5.000, NULL, '2025-02-22 18:52:42', '2025-02-22 18:52:42'),
('0955f250-b0c2-4d6f-af3a-90a8ca523aca', 'خدمة تجريبية للسيارات', 'الوصف القصير', '<p>الوصف الطويل</p>', '2025-04-23-6807f4bd80b0a.png', '2025-04-23-6807f4bd82bd3.png', '10d22b8e-1977-47d1-82b1-983769f902b2', 'efe664c4-6742-48d8-b6b1-f50ab3e4fd85', 'ef7046a9-e524-4a42-bac5-7aa4a1e579b4', 5.000, 0, 1, 0, 0.0000, 15.000, NULL, '2025-04-19 01:47:07', '2025-04-23 08:57:49'),
('19c739d4-6ef6-454e-a899-43f2831118a6', 'خدمة تجريبيه مباشره', 'وصف قصير للمنتج', 'وصف طويل للمنتج', 'def.png', 'def.png', '10d22b8e-1977-47d1-82b1-983769f902b2', 'efe664c4-6742-48d8-b6b1-f50ab3e4fd85', 'ef7046a9-e524-4a42-bac5-7aa4a1e579b4', 5.000, 0, 1, 0, 0.0000, 0.000, NULL, '2025-03-28 09:59:02', '2025-03-28 09:59:02'),
('2bef9a77-a2ac-4ea0-b43c-515cfb5277af', 'my first', 'ssd', '<p>sssd</p>', '2025-05-13-68227eba2c63c.png', '2025-05-13-68227eba2e4ab.png', '2c64827b-a049-4f97-bd62-24e4a198630f', '7b3a3077-cf52-4bf5-b437-a79757246e55', NULL, 5.000, 0, 1, 0, 0.0000, 10.000, NULL, '2025-05-13 12:05:30', '2025-05-13 12:05:30'),
('3d7a0f69-b31f-4683-b907-3944623fc895', 'Testing Services 2', 'Low XD', '<p>asdfasdf</p>', '2025-03-10-67ce3817559c8.png', '2025-03-10-67ce381757ba8.png', '10d22b8e-1977-47d1-82b1-983769f902b2', NULL, '9a797ec3-984a-444a-a4be-b86bd6224d8b', 10.000, 0, 1, 0, 0.0000, 1500.000, NULL, '2025-03-10 13:53:43', '2025-03-10 14:15:40'),
('58428e58-56ad-4f00-a46c-24f2b303d98e', 'Regular Water Car Wash', 'Regular Water Car Wash ( short)', '<p>Regular Water Car Wash ( long)</p>', '2025-02-22-67b95f39a4ed5.png', '2025-02-22-67b95f39a75d6.png', '10d22b8e-1977-47d1-82b1-983769f902b2', '19bc99d5-05ef-4c57-a668-d3845a6118ab', NULL, 2.000, 0, 1, 0, 0.0000, 35.000, NULL, '2025-02-21 13:45:22', '2025-02-22 18:23:05'),
('5c4cc95b-e426-47c3-b670-3a4857b87f86', 'Test Create 2', 'Short', 'Long', 'def.png', 'def.png', '10d22b8e-1977-47d1-82b1-983769f902b2', '19bc99d5-05ef-4c57-a668-d3845a6118ab', 'c843fff0-ffb6-4047-ae28-d1acd00e9090', 2.000, 0, 1, 0, 0.0000, 0.000, NULL, '2025-03-26 14:28:17', '2025-03-26 14:28:17'),
('6426e869-8125-4c22-8b0d-bb56cb84edf6', 'car wash', 'testing', 'Testing service', 'def.png', 'def.png', '10d22b8e-1977-47d1-82b1-983769f902b2', '19bc99d5-05ef-4c57-a668-d3845a6118ab', '9a797ec3-984a-444a-a4be-b86bd6224d8b', 3.000, 0, 1, 0, 0.0000, 0.000, '2025-03-21 10:55:21', '2025-03-21 10:49:09', '2025-03-21 10:55:21'),
('77a71d46-ea5c-4917-9ee5-e734819a567b', 'car wash image', 'testing', 'Testing service', '2025-05-12-6820eeada9297.png', 'def.png', '10d22b8e-1977-47d1-82b1-983769f902b2', '19bc99d5-05ef-4c57-a668-d3845a6118ab', '3bfe09c9-152f-456a-9386-a7809a37ffd5', 3.000, 0, 1, 0, 0.0000, 0.000, NULL, '2025-05-12 04:28:16', '2025-05-12 07:38:37'),
('8fb3ecc0-18ae-4050-864f-5a87bc9021a3', 'غسيل بخار كامل', 'خدمة تجربية', '<p>Bcbxbd</p>', '2025-06-28-685ef5456efa6.png', '2025-06-28-685ef5457134d.png', '10d22b8e-1977-47d1-82b1-983769f902b2', '19bc99d5-05ef-4c57-a668-d3845a6118ab', '4923f489-707c-4679-99af-5f90c6e66fd2', 5.000, 0, 1, 0, 0.0000, 140.000, NULL, '2025-03-28 10:00:15', '2025-06-28 08:47:17'),
('a397b315-e8ae-4b70-a740-5cbce8241f87', 'car wash11', 'testing', 'Testing service', 'def.png', 'def.png', '10d22b8e-1977-47d1-82b1-983769f902b2', '19bc99d5-05ef-4c57-a668-d3845a6118ab', 'c843fff0-ffb6-4047-ae28-d1acd00e9090', 3.000, 0, 1, 0, 0.0000, 0.000, NULL, '2025-03-25 10:28:08', '2025-03-25 10:28:08'),
('a9bf92f0-22ad-4ac5-a5b1-20c69bfbee2f', 'car wash', 'testing', 'Testing service', 'def.png', 'def.png', '10d22b8e-1977-47d1-82b1-983769f902b2', '19bc99d5-05ef-4c57-a668-d3845a6118ab', '9a797ec3-984a-444a-a4be-b86bd6224d8b', 3.000, 0, 1, 0, 0.0000, 0.000, '2025-03-21 10:56:34', '2025-03-21 10:48:40', '2025-03-21 10:56:34'),
('b2c85bfd-9b6e-46f4-81d8-d2add82322d8', 'Test Create 1', 'Short', 'Long', 'def.png', 'def.png', '10d22b8e-1977-47d1-82b1-983769f902b2', 'efe664c4-6742-48d8-b6b1-f50ab3e4fd85', 'c843fff0-ffb6-4047-ae28-d1acd00e9090', 5.000, 0, 1, 0, 0.0000, 0.000, '2025-07-15 12:31:59', '2025-03-26 13:24:40', '2025-07-15 12:31:59'),
('c1a30469-7b42-4ddc-ada8-d463a86f3130', 'Dghb', 'Gfhj', 'Chum', 'def.png', 'def.png', '10d22b8e-1977-47d1-82b1-983769f902b2', '19bc99d5-05ef-4c57-a668-d3845a6118ab', 'c843fff0-ffb6-4047-ae28-d1acd00e9090', 5855.000, 0, 1, 0, 0.0000, 0.000, NULL, '2025-03-26 14:32:30', '2025-03-26 14:32:30'),
('cbfdf2c8-7a0d-4f42-927f-ed376e2a013f', 'Be Tst', 'Sh', 'L', '2025-05-13-6821d61c43b75.png', '2025-05-13-6821d61c534fe.png', '10d22b8e-1977-47d1-82b1-983769f902b2', 'efe664c4-6742-48d8-b6b1-f50ab3e4fd85', '3bfe09c9-152f-456a-9386-a7809a37ffd5', 5.000, 0, 1, 0, 0.0000, 0.000, NULL, '2025-05-12 07:46:50', '2025-05-13 00:06:04'),
('cc78ba6e-c314-4b0b-ba3d-7a433971ca7e', 'car wash', 'testing', 'Testing service', 'def.png', 'def.png', '10d22b8e-1977-47d1-82b1-983769f902b2', '19bc99d5-05ef-4c57-a668-d3845a6118ab', '9a797ec3-984a-444a-a4be-b86bd6224d8b', 3.000, 0, 1, 0, 0.0000, 0.000, '2025-03-21 10:56:58', '2025-03-21 10:47:30', '2025-03-21 10:56:58'),
('ce3d0b09-569e-41e1-beeb-ca74bdbd0a81', 'تجريبية ٢٢', 'قصير', 'طويل', 'def.png', 'def.png', '10d22b8e-1977-47d1-82b1-983769f902b2', 'efe664c4-6742-48d8-b6b1-f50ab3e4fd85', '3bfe09c9-152f-456a-9386-a7809a37ffd5', 5.000, 0, 1, 0, 0.0000, 0.000, '2025-05-01 16:22:26', '2025-05-01 16:01:30', '2025-05-01 16:22:26'),
('d25ec01f-b7e2-4672-84a8-ca08b044211c', 'تجريبية 2', 'وصف قصير', 'وصف طويل', 'def.png', 'def.png', '10d22b8e-1977-47d1-82b1-983769f902b2', 'efe664c4-6742-48d8-b6b1-f50ab3e4fd85', '3bfe09c9-152f-456a-9386-a7809a37ffd5', 5.000, 0, 1, 0, 0.0000, 0.000, '2025-04-30 16:43:41', '2025-04-30 16:11:51', '2025-04-30 16:43:41'),
('d63f1198-d6e1-4294-b1b4-758dc5f9047a', 'caaaaaar', 'tttteeess', '<p>ttssssss</p>', '2025-03-20-67db31610c084.png', '2025-03-20-67db31610e0ba.png', '10d22b8e-1977-47d1-82b1-983769f902b2', 'efe664c4-6742-48d8-b6b1-f50ab3e4fd85', NULL, 5.000, 0, 1, 0, 0.0000, 10.000, NULL, '2025-03-20 10:04:33', '2025-03-25 04:16:06'),
('d7ef92c0-6ed7-40d1-acd6-b4e276130ce0', 'fad car wash', 'testing', 'Testing service', 'def.png', 'def.png', '10d22b8e-1977-47d1-82b1-983769f902b2', '19bc99d5-05ef-4c57-a668-d3845a6118ab', '66fd43e6-4359-42d4-96b9-48442340b696', 3.000, 0, 1, 0, 0.0000, 0.000, '2025-07-15 12:31:38', '2025-05-09 11:24:47', '2025-07-15 12:31:38'),
('dcb79fc3-34da-497b-b199-65fae1a1ed45', 'car wash', 'testing', 'Testing service', 'def.png', 'def.png', '10d22b8e-1977-47d1-82b1-983769f902b2', '19bc99d5-05ef-4c57-a668-d3845a6118ab', '9a797ec3-984a-444a-a4be-b86bd6224d8b', 3.000, 0, 1, 0, 0.0000, 0.000, NULL, '2025-03-21 10:47:01', '2025-03-21 10:47:01'),
('dffa1448-a4eb-45d8-9b21-6d4b24140a6c', 'fad car wash', 'testing', 'Testing service', 'def.png', 'def.png', '10d22b8e-1977-47d1-82b1-983769f902b2', '19bc99d5-05ef-4c57-a668-d3845a6118ab', '3bfe09c9-152f-456a-9386-a7809a37ffd5', 3.000, 0, 1, 0, 0.0000, 0.000, '2025-07-15 12:31:47', '2025-05-09 10:26:12', '2025-07-15 12:31:47'),
('e65215a9-57ad-46cb-b20f-db1b22078de6', 'Be Car', 'F', 'G', 'def.png', 'def.png', '10d22b8e-1977-47d1-82b1-983769f902b2', 'efe664c4-6742-48d8-b6b1-f50ab3e4fd85', '3bfe09c9-152f-456a-9386-a7809a37ffd5', 5.000, 0, 1, 0, 0.0000, 0.000, NULL, '2025-05-09 11:03:56', '2025-05-09 12:07:27'),
('f2d710aa-772c-4d51-8293-35509b3b552c', 'car wash', 'testing', 'Testing service', 'def.png', 'def.png', '10d22b8e-1977-47d1-82b1-983769f902b2', '19bc99d5-05ef-4c57-a668-d3845a6118ab', '3bfe09c9-152f-456a-9386-a7809a37ffd5', 3.000, 0, 1, 0, 0.0000, 0.000, NULL, '2025-05-09 10:21:49', '2025-05-09 10:21:49'),
('f4d44b69-9b28-4c3c-8956-1c223367dd3a', 'car wash', 'testing', 'Testing service', 'def.png', 'def.png', '10d22b8e-1977-47d1-82b1-983769f902b2', '19bc99d5-05ef-4c57-a668-d3845a6118ab', NULL, 3.000, 0, 1, 0, 0.0000, 97.000, NULL, '2023-08-30 19:46:54', '2025-05-09 11:35:58');

-- --------------------------------------------------------

--
-- Table structure for table `service_requests`
--

CREATE TABLE `service_requests` (
  `id` char(36) COLLATE utf8mb4_unicode_ci NOT NULL,
  `category_id` char(36) COLLATE utf8mb4_unicode_ci DEFAULT NULL COMMENT '(DC2Type:guid)',
  `service_name` varchar(255) COLLATE utf8mb4_unicode_ci NOT NULL,
  `service_description` text COLLATE utf8mb4_unicode_ci NOT NULL,
  `status` varchar(20) COLLATE utf8mb4_unicode_ci NOT NULL COMMENT 'pending,accepted,denied',
  `admin_feedback` text COLLATE utf8mb4_unicode_ci,
  `user_id` char(36) COLLATE utf8mb4_unicode_ci NOT NULL,
  `created_at` timestamp NULL DEFAULT NULL,
  `updated_at` timestamp NULL DEFAULT NULL
) ENGINE=InnoDB DEFAULT CHARSET=utf8mb4 COLLATE=utf8mb4_unicode_ci;

--
-- Dumping data for table `service_requests`
--

INSERT INTO `service_requests` (`id`, `category_id`, `service_name`, `service_description`, `status`, `admin_feedback`, `user_id`, `created_at`, `updated_at`) VALUES
('167a23da-e381-4012-9e01-a40ac82ec029', '2c64827b-a049-4f97-bd62-24e4a198630f', 'test', 'test results', 'pending', NULL, 'c843fff0-ffb6-4047-ae28-d1acd00e9090', '2025-03-25 13:28:33', '2025-03-25 13:28:33'),
('3ffbf5d2-9a41-4ffe-a5cc-0ab89bb43a67', 'b74bf038-01b1-4299-9418-f5c2877ffef8', 'اسم الخدمة الي ابيها', 'تجريبي وصف', 'approved', NULL, '2d69016c-ca73-4481-86e6-b504d3c57cb1', '2025-02-22 16:11:19', '2025-02-22 16:15:11');

-- --------------------------------------------------------

--
-- Table structure for table `service_tag`
--

CREATE TABLE `service_tag` (
  `id` bigint UNSIGNED NOT NULL,
  `service_id` char(36) COLLATE utf8mb4_unicode_ci NOT NULL,
  `tag_id` char(36) COLLATE utf8mb4_unicode_ci NOT NULL,
  `created_at` timestamp NULL DEFAULT NULL,
  `updated_at` timestamp NULL DEFAULT NULL
) ENGINE=InnoDB DEFAULT CHARSET=utf8mb4 COLLATE=utf8mb4_unicode_ci;

--
-- Dumping data for table `service_tag`
--

INSERT INTO `service_tag` (`id`, `service_id`, `tag_id`, `created_at`, `updated_at`) VALUES
(1, '58428e58-56ad-4f00-a46c-24f2b303d98e', '1', NULL, NULL),
(2, '090fdf33-b560-4fa2-9696-5e3324e67f6f', '2', NULL, NULL),
(3, '3d7a0f69-b31f-4683-b907-3944623fc895', '3', NULL, NULL),
(4, 'd63f1198-d6e1-4294-b1b4-758dc5f9047a', '4', NULL, NULL),
(5, '2bef9a77-a2ac-4ea0-b43c-515cfb5277af', '5', NULL, NULL);

-- --------------------------------------------------------

--
-- Table structure for table `storages`
--

CREATE TABLE `storages` (
  `id` char(36) COLLATE utf8mb4_unicode_ci NOT NULL,
  `model` varchar(255) COLLATE utf8mb4_unicode_ci NOT NULL,
  `model_id` char(36) COLLATE utf8mb4_unicode_ci NOT NULL,
  `model_column` varchar(255) COLLATE utf8mb4_unicode_ci NOT NULL,
  `storage_type` varchar(255) COLLATE utf8mb4_unicode_ci NOT NULL,
  `created_at` timestamp NULL DEFAULT NULL,
  `updated_at` timestamp NULL DEFAULT NULL
) ENGINE=InnoDB DEFAULT CHARSET=utf8mb4 COLLATE=utf8mb4_unicode_ci;

-- --------------------------------------------------------

--
-- Table structure for table `subscribed_services`
--

CREATE TABLE `subscribed_services` (
  `id` char(36) COLLATE utf8mb4_unicode_ci NOT NULL,
  `provider_id` char(36) COLLATE utf8mb4_unicode_ci NOT NULL,
  `category_id` char(36) COLLATE utf8mb4_unicode_ci NOT NULL,
  `sub_category_id` char(36) COLLATE utf8mb4_unicode_ci NOT NULL,
  `is_subscribed` tinyint(1) NOT NULL DEFAULT '0',
  `created_at` timestamp NULL DEFAULT NULL,
  `updated_at` timestamp NULL DEFAULT NULL
) ENGINE=InnoDB DEFAULT CHARSET=utf8mb4 COLLATE=utf8mb4_unicode_ci;

--
-- Dumping data for table `subscribed_services`
--

INSERT INTO `subscribed_services` (`id`, `provider_id`, `category_id`, `sub_category_id`, `is_subscribed`, `created_at`, `updated_at`) VALUES
('05c8ce8d-256c-4833-9ba8-e8bfcf11cb77', 'f9268c0e-0d77-4a17-a471-7809ede9d80a', '10d22b8e-1977-47d1-82b1-983769f902b2', 'efe664c4-6742-48d8-b6b1-f50ab3e4fd85', 1, '2025-03-15 09:58:44', '2025-03-15 09:58:44'),
('292fced5-6a74-4f59-8c11-cdc8fbf848f7', 'f9268c0e-0d77-4a17-a471-7809ede9d80a', '10d22b8e-1977-47d1-82b1-983769f902b2', '19bc99d5-05ef-4c57-a668-d3845a6118ab', 1, '2025-02-22 18:25:34', '2025-02-22 18:25:34'),
('33051a87-c41c-4dfa-a1ed-edd5c502044a', 'f9268c0e-0d77-4a17-a471-7809ede9d80a', '2c64827b-a049-4f97-bd62-24e4a198630f', 'd5c23757-8e1e-4cfb-989b-e2d1e35ff8a0', 1, '2026-01-12 22:30:11', '2026-01-12 22:30:11'),
('3463ee69-123a-4ee7-a6a0-be593afeadbf', 'f9268c0e-0d77-4a17-a471-7809ede9d80a', '98219dd1-a21c-46ee-80b3-ee1ad5ff9e6a', '7b3a3077-cf52-4bf5-b437-a79757246e55', 0, '2025-02-22 18:53:33', '2026-01-12 22:30:30'),
('36d0f469-b599-4fe8-9581-7c5896442760', 'ef7046a9-e524-4a42-bac5-7aa4a1e579b4', '98219dd1-a21c-46ee-80b3-ee1ad5ff9e6a', '7b3a3077-cf52-4bf5-b437-a79757246e55', 1, '2025-07-23 06:45:24', '2025-07-23 06:45:24'),
('38e03eb5-35db-43f1-a63d-5db207475150', '54a30d54-fc5d-4bf0-abf9-5bcc2e080d0a', '10d22b8e-1977-47d1-82b1-983769f902b2', '19bc99d5-05ef-4c57-a668-d3845a6118ab', 1, '2025-03-20 09:50:21', '2025-03-20 09:50:21'),
('6120658f-10ab-412b-8ac0-5074f5c0385c', 'f9268c0e-0d77-4a17-a471-7809ede9d80a', 'b74bf038-01b1-4299-9418-f5c2877ffef8', 'f263efd2-8b84-4244-8a69-e690e92d54fd', 1, '2025-02-22 17:19:48', '2025-02-22 17:21:12'),
('64372297-5371-458d-a291-fa9dea55e590', 'c24f1c10-fb37-4e7d-97ae-205741ff025f', '10d22b8e-1977-47d1-82b1-983769f902b2', 'd5c23757-8e1e-4cfb-989b-e2d1e35ff8a0', 1, '2025-05-13 11:50:15', '2025-05-13 11:50:15'),
('6dcd2a6e-c78f-44d2-9ec3-5b9c34e838ee', '4eea8a53-ca4b-481d-b07a-70f1737d592f', '2c64827b-a049-4f97-bd62-24e4a198630f', 'd5c23757-8e1e-4cfb-989b-e2d1e35ff8a0', 1, '2025-07-23 04:51:19', '2025-07-23 04:51:19'),
('79b13a86-e233-4f46-9ced-1e450407636a', 'c24f1c10-fb37-4e7d-97ae-205741ff025f', '10d22b8e-1977-47d1-82b1-983769f902b2', '19bc99d5-05ef-4c57-a668-d3845a6118ab', 1, '2025-05-13 11:52:17', '2025-05-13 11:52:17'),
('865941ba-3aa8-4dfe-b7fe-5623f90123f3', 'c24f1c10-fb37-4e7d-97ae-205741ff025f', '10d22b8e-1977-47d1-82b1-983769f902b2', 'efe664c4-6742-48d8-b6b1-f50ab3e4fd85', 1, '2025-05-13 11:52:07', '2025-05-13 11:52:07'),
('89c1f77b-9706-466b-a66c-75580aaf88ec', '48bdd46b-4b52-4755-9808-e18af099be3e', '2c64827b-a049-4f97-bd62-24e4a198630f', '7b3a3077-cf52-4bf5-b437-a79757246e55', 1, '2025-07-15 10:25:51', '2025-07-15 10:25:51'),
('a447c180-d7c5-4591-8d15-97654db7da47', 'c24f1c10-fb37-4e7d-97ae-205741ff025f', '2c64827b-a049-4f97-bd62-24e4a198630f', '7b3a3077-cf52-4bf5-b437-a79757246e55', 1, '2025-05-13 11:52:25', '2025-05-13 11:52:25'),
('d117d2df-1ec1-4ad2-8d00-bf4557d3fd45', 'ef7046a9-e524-4a42-bac5-7aa4a1e579b4', '2c64827b-a049-4f97-bd62-24e4a198630f', 'd5c23757-8e1e-4cfb-989b-e2d1e35ff8a0', 1, '2025-07-23 06:45:15', '2025-07-23 06:45:15'),
('e81e3733-7922-4fcd-9170-947f449c9205', '54a30d54-fc5d-4bf0-abf9-5bcc2e080d0a', '10d22b8e-1977-47d1-82b1-983769f902b2', 'efe664c4-6742-48d8-b6b1-f50ab3e4fd85', 1, '2025-03-20 10:05:08', '2025-03-20 10:05:08'),
('e81e3733-7922-4fcd-9170-947f449c9215', 'ef7046a9-e524-4a42-bac5-7aa4a1e579b4', '10d22b8e-1977-47d1-82b1-983769f902b2', 'efe664c4-6742-48d8-b6b1-f50ab3e4fd85', 1, '2025-03-20 10:05:08', '2025-03-20 10:05:08');

-- --------------------------------------------------------

--
-- Table structure for table `subscription_booking_types`
--

CREATE TABLE `subscription_booking_types` (
  `id` bigint UNSIGNED NOT NULL,
  `booking_id` char(36) COLLATE utf8mb4_unicode_ci DEFAULT NULL,
  `type` varchar(255) COLLATE utf8mb4_unicode_ci DEFAULT NULL,
  `created_at` timestamp NULL DEFAULT NULL,
  `updated_at` timestamp NULL DEFAULT NULL
) ENGINE=InnoDB DEFAULT CHARSET=utf8mb4 COLLATE=utf8mb4_unicode_ci;

--
-- Dumping data for table `subscription_booking_types`
--

INSERT INTO `subscription_booking_types` (`id`, `booking_id`, `type`, `created_at`, `updated_at`) VALUES
(1, '85e31932-26a1-411d-b40a-3bb7e988ff69', 'subscription', '2025-02-22 17:27:29', '2025-02-22 17:27:29'),
(2, '85e31932-26a1-411d-b40a-3bb7e988ff69', 'subscription', '2025-02-22 17:27:57', '2025-02-22 17:27:57'),
(3, '1cd87478-ff7d-421a-aeca-1406212fc78d', 'subscription', '2025-02-22 18:32:19', '2025-02-22 18:32:19'),
(4, '1cd87478-ff7d-421a-aeca-1406212fc78d', 'subscription', '2025-02-22 18:32:25', '2025-02-22 18:32:25'),
(5, '1cd87478-ff7d-421a-aeca-1406212fc78d', 'subscription', '2025-02-22 18:33:14', '2025-02-22 18:33:14');

-- --------------------------------------------------------

--
-- Table structure for table `subscription_packages`
--

CREATE TABLE `subscription_packages` (
  `id` char(36) COLLATE utf8mb4_unicode_ci NOT NULL,
  `name` varchar(255) COLLATE utf8mb4_unicode_ci DEFAULT NULL,
  `price` decimal(24,2) NOT NULL DEFAULT '0.00',
  `duration` int NOT NULL DEFAULT '0',
  `is_active` tinyint(1) NOT NULL DEFAULT '1',
  `description` text COLLATE utf8mb4_unicode_ci,
  `created_at` timestamp NULL DEFAULT NULL,
  `updated_at` timestamp NULL DEFAULT NULL
) ENGINE=InnoDB DEFAULT CHARSET=utf8mb4 COLLATE=utf8mb4_unicode_ci;

--
-- Dumping data for table `subscription_packages`
--

INSERT INTO `subscription_packages` (`id`, `name`, `price`, `duration`, `is_active`, `description`, `created_at`, `updated_at`) VALUES
('75f567c8-919d-4ffe-abb7-9558d3d649d5', 'باقة مجانية', 1.00, 100, 1, 'مجانية 1 \r\nمجانية 2 \r\nمجانية 3', '2025-02-21 13:06:47', '2025-02-21 13:06:47'),
('a3784afa-677d-4347-aa2e-60481a88e738', 'باقة محددة', 10.00, 5, 1, 'تست', '2025-02-22 17:34:39', '2025-02-22 17:34:39'),
('b5d32923-af9e-4a06-b139-b4f3d4e9437f', 'باقية تجريبية', 100.00, 90, 1, 'باقة تجريبة  واحد \r\nمميزات اثنين \r\nمميزات ثلاثه', '2025-02-21 13:05:53', '2025-02-21 13:05:53');

-- --------------------------------------------------------

--
-- Table structure for table `subscription_package_features`
--

CREATE TABLE `subscription_package_features` (
  `id` char(36) COLLATE utf8mb4_unicode_ci NOT NULL,
  `subscription_package_id` char(36) COLLATE utf8mb4_unicode_ci DEFAULT NULL,
  `feature` varchar(255) COLLATE utf8mb4_unicode_ci DEFAULT NULL,
  `created_at` timestamp NULL DEFAULT NULL,
  `updated_at` timestamp NULL DEFAULT NULL
) ENGINE=InnoDB DEFAULT CHARSET=utf8mb4 COLLATE=utf8mb4_unicode_ci;

--
-- Dumping data for table `subscription_package_features`
--

INSERT INTO `subscription_package_features` (`id`, `subscription_package_id`, `feature`, `created_at`, `updated_at`) VALUES
('025aed06-9231-4d83-8e58-c668168abb7f', '75f567c8-919d-4ffe-abb7-9558d3d649d5', 'reports_&_analytics', '2025-02-22 17:19:29', '2025-02-22 17:19:29'),
('26019ea4-ad9d-4961-a10a-cb18e6267ab7', 'b5d32923-af9e-4a06-b139-b4f3d4e9437f', 'mobile_app', '2025-02-22 17:20:53', '2025-02-22 17:20:53'),
('27c59ba6-ab13-4ad6-9dc4-f4b5f3feebf9', 'a3784afa-677d-4347-aa2e-60481a88e738', 'bidding', '2025-02-22 17:34:39', '2025-02-22 17:34:39'),
('3103c8cd-9054-4d43-8e3a-ddf69465a680', '75f567c8-919d-4ffe-abb7-9558d3d649d5', 'bidding', '2025-02-22 17:19:29', '2025-02-22 17:19:29'),
('3eda5673-55ec-4f6a-86a6-2886cdd9ff96', 'b5d32923-af9e-4a06-b139-b4f3d4e9437f', 'review', '2025-02-22 17:20:53', '2025-02-22 17:20:53'),
('4dda0bc9-e182-448f-9bf0-a8263b96fbac', '75f567c8-919d-4ffe-abb7-9558d3d649d5', 'review', '2025-02-22 17:19:29', '2025-02-22 17:19:29'),
('59330a72-30d3-421c-8354-ec3f7b627a29', '75f567c8-919d-4ffe-abb7-9558d3d649d5', 'service_request', '2025-02-22 17:19:29', '2025-02-22 17:19:29'),
('5f9b055c-d3db-4aca-b09f-2a4aee0b9066', 'b5d32923-af9e-4a06-b139-b4f3d4e9437f', 'schedule_service', '2025-02-22 17:20:53', '2025-02-22 17:20:53'),
('67130e21-dcf3-4f9b-bf7e-f53fc702aa2c', '75f567c8-919d-4ffe-abb7-9558d3d649d5', 'mobile_app', '2025-02-22 17:19:29', '2025-02-22 17:19:29'),
('673434d6-0750-4006-8b92-5784422581ce', 'a3784afa-677d-4347-aa2e-60481a88e738', 'chat', '2025-02-22 17:34:39', '2025-02-22 17:34:39'),
('752c2d60-3509-4c4c-acb3-c4f619853864', 'b5d32923-af9e-4a06-b139-b4f3d4e9437f', 'chat', '2025-02-22 17:20:53', '2025-02-22 17:20:53'),
('76b6c4ea-2e27-4159-aae7-f7135f72c7a7', '75f567c8-919d-4ffe-abb7-9558d3d649d5', 'schedule_service', '2025-02-22 17:19:29', '2025-02-22 17:19:29'),
('787e342e-eb0d-4fa3-a412-fe2140bbd3c3', 'b5d32923-af9e-4a06-b139-b4f3d4e9437f', 'reports_&_analytics', '2025-02-22 17:20:53', '2025-02-22 17:20:53'),
('7e46f5cc-a509-4707-8b76-bde06d8f19ab', 'a3784afa-677d-4347-aa2e-60481a88e738', 'advertisement', '2025-02-22 17:34:39', '2025-02-22 17:34:39'),
('7e7192ab-dbab-42d0-b94b-e5f734444c46', 'b5d32923-af9e-4a06-b139-b4f3d4e9437f', 'service_request', '2025-02-22 17:20:53', '2025-02-22 17:20:53'),
('9c92f24e-5eb0-4299-804e-a4f5104c20e8', 'b5d32923-af9e-4a06-b139-b4f3d4e9437f', 'advertisement', '2025-02-22 17:20:53', '2025-02-22 17:20:53'),
('9f7a8709-6595-4dc4-9db5-d6927e7a1ccc', '75f567c8-919d-4ffe-abb7-9558d3d649d5', 'advertisement', '2025-02-22 17:19:29', '2025-02-22 17:19:29'),
('a1a57662-6add-497c-93de-f4532ff6827c', 'b5d32923-af9e-4a06-b139-b4f3d4e9437f', 'bidding', '2025-02-22 17:20:53', '2025-02-22 17:20:53'),
('b897f37b-d0fd-409e-ad8b-57a0b0014ad9', 'a3784afa-677d-4347-aa2e-60481a88e738', 'mobile_app', '2025-02-22 17:34:39', '2025-02-22 17:34:39'),
('faf76fa9-9597-4f1b-9c34-41e59d0dc503', '75f567c8-919d-4ffe-abb7-9558d3d649d5', 'chat', '2025-02-22 17:19:29', '2025-02-22 17:19:29');

-- --------------------------------------------------------

--
-- Table structure for table `subscription_subscriber_bookings`
--

CREATE TABLE `subscription_subscriber_bookings` (
  `id` bigint UNSIGNED NOT NULL,
  `provider_id` char(36) COLLATE utf8mb4_unicode_ci DEFAULT NULL,
  `booking_id` char(36) COLLATE utf8mb4_unicode_ci DEFAULT NULL,
  `package_subscriber_log_id` char(36) COLLATE utf8mb4_unicode_ci DEFAULT NULL,
  `created_at` timestamp NULL DEFAULT NULL,
  `updated_at` timestamp NULL DEFAULT NULL
) ENGINE=InnoDB DEFAULT CHARSET=utf8mb4 COLLATE=utf8mb4_unicode_ci;

--
-- Dumping data for table `subscription_subscriber_bookings`
--

INSERT INTO `subscription_subscriber_bookings` (`id`, `provider_id`, `booking_id`, `package_subscriber_log_id`, `created_at`, `updated_at`) VALUES
(1, 'f9268c0e-0d77-4a17-a471-7809ede9d80a', '85e31932-26a1-411d-b40a-3bb7e988ff69', 'e67dfb64-68f7-486a-9152-b7707a5bed1a', '2025-02-22 17:27:29', '2025-02-22 17:27:29'),
(2, 'f9268c0e-0d77-4a17-a471-7809ede9d80a', '85e31932-26a1-411d-b40a-3bb7e988ff69', 'e67dfb64-68f7-486a-9152-b7707a5bed1a', '2025-02-22 17:27:57', '2025-02-22 17:27:57'),
(3, 'f9268c0e-0d77-4a17-a471-7809ede9d80a', '1cd87478-ff7d-421a-aeca-1406212fc78d', 'e67dfb64-68f7-486a-9152-b7707a5bed1a', '2025-02-22 18:32:19', '2025-02-22 18:32:19'),
(4, 'f9268c0e-0d77-4a17-a471-7809ede9d80a', '1cd87478-ff7d-421a-aeca-1406212fc78d', 'e67dfb64-68f7-486a-9152-b7707a5bed1a', '2025-02-22 18:32:25', '2025-02-22 18:32:25'),
(5, 'f9268c0e-0d77-4a17-a471-7809ede9d80a', '1cd87478-ff7d-421a-aeca-1406212fc78d', 'e67dfb64-68f7-486a-9152-b7707a5bed1a', '2025-02-22 18:33:14', '2025-02-22 18:33:14'),
(6, 'f9268c0e-0d77-4a17-a471-7809ede9d80a', '84e7f389-6554-4621-be7f-deb8ea1f5216', NULL, '2025-03-15 10:41:51', '2025-03-15 10:41:51'),
(7, 'c24f1c10-fb37-4e7d-97ae-205741ff025f', '3f455af4-fd78-4949-acb7-e89b2aecf5a5', NULL, '2025-05-13 11:54:28', '2025-05-13 11:54:28'),
(8, 'c24f1c10-fb37-4e7d-97ae-205741ff025f', '52100c37-3440-4036-8fe4-941ca1f0a1b8', NULL, '2025-05-15 04:17:46', '2025-05-15 04:17:46'),
(9, 'c24f1c10-fb37-4e7d-97ae-205741ff025f', '626558e8-25f3-4211-a109-5fb3aec32110', NULL, '2025-05-15 04:20:28', '2025-05-15 04:20:28');

-- --------------------------------------------------------

--
-- Table structure for table `tags`
--

CREATE TABLE `tags` (
  `id` bigint UNSIGNED NOT NULL,
  `tag` text COLLATE utf8mb4_unicode_ci NOT NULL,
  `created_at` timestamp NULL DEFAULT NULL,
  `updated_at` timestamp NULL DEFAULT NULL
) ENGINE=InnoDB DEFAULT CHARSET=utf8mb4 COLLATE=utf8mb4_unicode_ci;

--
-- Dumping data for table `tags`
--

INSERT INTO `tags` (`id`, `tag`, `created_at`, `updated_at`) VALUES
(1, '244', '2025-02-22 18:23:05', '2025-02-22 18:23:05'),
(2, '2', '2025-02-22 18:52:42', '2025-02-22 18:52:42'),
(3, 'Wash', '2025-03-10 13:51:36', '2025-03-10 13:51:36'),
(4, '100', '2025-03-20 10:04:33', '2025-03-20 10:04:33'),
(5, 'sss', '2025-05-13 12:05:30', '2025-05-13 12:05:30');

-- --------------------------------------------------------

--
-- Table structure for table `transactions`
--

CREATE TABLE `transactions` (
  `id` char(36) COLLATE utf8mb4_unicode_ci NOT NULL,
  `ref_trx_id` char(36) COLLATE utf8mb4_unicode_ci DEFAULT NULL,
  `booking_id` char(36) COLLATE utf8mb4_unicode_ci DEFAULT NULL,
  `trx_type` varchar(255) COLLATE utf8mb4_unicode_ci DEFAULT NULL,
  `debit` decimal(24,2) NOT NULL DEFAULT '0.00',
  `credit` decimal(24,2) NOT NULL DEFAULT '0.00',
  `balance` decimal(24,2) NOT NULL DEFAULT '0.00',
  `from_user_id` char(36) COLLATE utf8mb4_unicode_ci DEFAULT NULL,
  `to_user_id` char(36) COLLATE utf8mb4_unicode_ci DEFAULT NULL,
  `created_at` timestamp NULL DEFAULT NULL,
  `updated_at` timestamp NULL DEFAULT NULL,
  `from_user_account` varchar(255) COLLATE utf8mb4_unicode_ci DEFAULT NULL,
  `to_user_account` varchar(255) COLLATE utf8mb4_unicode_ci DEFAULT NULL,
  `reference_note` varchar(100) COLLATE utf8mb4_unicode_ci DEFAULT NULL,
  `is_guest` tinyint(1) NOT NULL DEFAULT '0',
  `booking_repeat_id` char(36) COLLATE utf8mb4_unicode_ci DEFAULT NULL
) ENGINE=InnoDB DEFAULT CHARSET=utf8mb4 COLLATE=utf8mb4_unicode_ci;

--
-- Dumping data for table `transactions`
--

INSERT INTO `transactions` (`id`, `ref_trx_id`, `booking_id`, `trx_type`, `debit`, `credit`, `balance`, `from_user_id`, `to_user_id`, `created_at`, `updated_at`, `from_user_account`, `to_user_account`, `reference_note`, `is_guest`, `booking_repeat_id`) VALUES
('40edc613-ecc4-4236-b076-2c4ca7708837', NULL, NULL, 'subscription_purchase', 0.00, 100.00, 200.00, '3bfe09c9-152f-456a-9386-a7809a37ffd5', '3efa7baa-a5fb-4a4f-be5b-bc535c7ccdd8', '2025-05-13 10:48:13', '2025-05-13 10:48:13', NULL, 'received_balance', NULL, 0, NULL),
('6ea6afdb-fac3-4be2-8bc5-71fa8f58bd26', '920591b2-227b-4c0b-9752-d75aca5c7fc3', '3f455af4-fd78-4949-acb7-e89b2aecf5a5', 'receivable_commission', 0.00, 10.00, 10.00, '3efa7baa-a5fb-4a4f-be5b-bc535c7ccdd8', '3bfe09c9-152f-456a-9386-a7809a37ffd5', '2025-05-17 22:15:17', '2025-05-17 22:15:17', 'account_receivable', NULL, NULL, 0, NULL),
('7d7f8a55-5329-4728-b30c-207cb577b7d9', NULL, '1cd87478-ff7d-421a-aeca-1406212fc78d', 'received_amount', 0.00, 218.28, 218.28, '2d69016c-ca73-4481-86e6-b504d3c57cb1', '2d69016c-ca73-4481-86e6-b504d3c57cb1', '2025-02-22 18:33:26', '2025-02-22 18:33:26', NULL, 'received_balance', NULL, 0, NULL),
('920591b2-227b-4c0b-9752-d75aca5c7fc3', NULL, '3f455af4-fd78-4949-acb7-e89b2aecf5a5', 'received_amount', 0.00, 42.50, 42.50, '3bfe09c9-152f-456a-9386-a7809a37ffd5', '3bfe09c9-152f-456a-9386-a7809a37ffd5', '2025-05-17 22:15:16', '2025-05-17 22:15:16', NULL, 'received_balance', NULL, 0, NULL),
('93c053d6-b2d9-4b1d-bbf1-a77591ab0cad', NULL, '4cba1db9-c48a-454f-bb8d-ed975d7e6869', 'booking_amount', 0.00, 105.00, 210.00, 'e481d139-3705-4e1f-8c28-7a27dfce1de9', '3efa7baa-a5fb-4a4f-be5b-bc535c7ccdd8', '2025-07-23 07:06:17', '2025-07-23 07:06:17', NULL, 'balance_pending', NULL, 0, NULL),
('a9fd1263-50ea-45fa-b36b-53e339def39e', NULL, NULL, 'subscription_purchase', 0.00, 100.00, 100.00, '3bfe09c9-152f-456a-9386-a7809a37ffd5', '3efa7baa-a5fb-4a4f-be5b-bc535c7ccdd8', '2025-05-13 04:12:34', '2025-05-13 04:12:34', NULL, 'received_balance', NULL, 0, NULL),
('d5d884f3-3427-44ac-a608-d0ded8b62a26', NULL, 'f76a6ec4-edfe-4678-9c90-b20acca3cfbb', 'booking_amount', 0.00, 105.00, 105.00, 'e481d139-3705-4e1f-8c28-7a27dfce1de9', '3efa7baa-a5fb-4a4f-be5b-bc535c7ccdd8', '2025-06-28 11:55:19', '2025-06-28 11:55:19', NULL, 'balance_pending', NULL, 0, NULL),
('ebc4a89b-7b69-4f78-ba3a-dc9885cf991d', '920591b2-227b-4c0b-9752-d75aca5c7fc3', '3f455af4-fd78-4949-acb7-e89b2aecf5a5', 'payable_commission', 0.00, 10.00, 10.00, '3bfe09c9-152f-456a-9386-a7809a37ffd5', '3bfe09c9-152f-456a-9386-a7809a37ffd5', '2025-05-17 22:15:17', '2025-05-17 22:15:17', 'account_payable', NULL, NULL, 0, NULL);

-- --------------------------------------------------------

--
-- Table structure for table `user_addresses`
--

CREATE TABLE `user_addresses` (
  `id` bigint UNSIGNED NOT NULL,
  `user_id` char(36) COLLATE utf8mb4_unicode_ci DEFAULT NULL,
  `lat` varchar(191) COLLATE utf8mb4_unicode_ci DEFAULT NULL,
  `lon` varchar(191) COLLATE utf8mb4_unicode_ci DEFAULT NULL,
  `city` varchar(191) COLLATE utf8mb4_unicode_ci DEFAULT NULL,
  `street` varchar(191) COLLATE utf8mb4_unicode_ci DEFAULT NULL,
  `zip_code` varchar(255) COLLATE utf8mb4_unicode_ci DEFAULT NULL,
  `country` varchar(255) COLLATE utf8mb4_unicode_ci DEFAULT NULL,
  `address` text COLLATE utf8mb4_unicode_ci,
  `created_at` timestamp NULL DEFAULT NULL,
  `updated_at` timestamp NULL DEFAULT NULL,
  `address_type` varchar(255) COLLATE utf8mb4_unicode_ci DEFAULT NULL,
  `contact_person_name` varchar(255) COLLATE utf8mb4_unicode_ci DEFAULT NULL,
  `contact_person_number` varchar(255) COLLATE utf8mb4_unicode_ci DEFAULT NULL,
  `address_label` varchar(255) COLLATE utf8mb4_unicode_ci DEFAULT NULL,
  `zone_id` char(36) COLLATE utf8mb4_unicode_ci DEFAULT NULL,
  `is_guest` tinyint(1) NOT NULL DEFAULT '0',
  `house` varchar(255) COLLATE utf8mb4_unicode_ci DEFAULT NULL,
  `floor` varchar(255) COLLATE utf8mb4_unicode_ci DEFAULT NULL
) ENGINE=InnoDB DEFAULT CHARSET=utf8mb4 COLLATE=utf8mb4_unicode_ci;

--
-- Dumping data for table `user_addresses`
--

INSERT INTO `user_addresses` (`id`, `user_id`, `lat`, `lon`, `city`, `street`, `zip_code`, `country`, `address`, `created_at`, `updated_at`, `address_type`, `contact_person_name`, `contact_person_number`, `address_label`, `zone_id`, `is_guest`, `house`, `floor`) VALUES
(1, NULL, '8.205083792947226', '-23.301643542945385', '', '', '', '', 'Unknown Location Found', '2025-02-22 17:26:19', '2025-02-22 17:26:19', 'others', 'بيلبل ليليبل', '+971501234560', 'home', 'a1614dbe-4732-11ee-9702-dee6e8d77be4', 0, '', NULL),
(2, NULL, '41.83948439257351', '0.8942458033561707', '', '', '', '', 'Unknown Location Found', '2025-02-22 18:27:03', '2025-02-22 18:27:03', 'others', 'بيلبل ليليبل', '+971501234560', 'home', 'a1614dbe-4732-11ee-9702-dee6e8d77be4', 0, '', NULL),
(3, NULL, '41.83948439257351', '0.8942458033561707', '', '', '', '', 'Unknown Location Found', '2025-02-22 18:31:42', '2025-02-22 18:31:42', 'others', 'بيلبل ليليبل', '+971501234560', 'home', 'a1614dbe-4732-11ee-9702-dee6e8d77be4', 0, '', NULL),
(4, NULL, '25.6718499', '55.8546688', '', '', '', '', 'Unknown Location Found', '2025-03-15 09:51:52', '2025-03-15 09:51:52', 'others', 'Rjrb F Hffbfbbf', '+971501231234', 'home', 'd921ba36-60fb-4419-afe2-7ea6b0a96bdd', 0, '', NULL),
(5, NULL, '25.6718499', '55.8546688', '', '', '', '', 'Unknown Location Found', '2025-03-15 09:56:50', '2025-03-15 09:56:50', 'others', 'Rjrb F Hffbfbbf', '+971501231234', 'home', 'd921ba36-60fb-4419-afe2-7ea6b0a96bdd', 0, '', NULL),
(6, NULL, '25.6718499', '55.8546688', '', '', '', '', 'Unknown Location Found', '2025-03-15 09:58:20', '2025-03-15 09:58:20', 'others', 'Rjrb F Hffbfbbf', '+971501231234', 'home', 'd921ba36-60fb-4419-afe2-7ea6b0a96bdd', 0, '', NULL),
(7, NULL, '25.6718499', '55.8546688', '', '', '', '', 'Unknown Location Found', '2025-03-15 09:59:57', '2025-03-15 09:59:57', 'others', 'Rjrb F Hffbfbbf', '+971501231234', 'home', 'd921ba36-60fb-4419-afe2-7ea6b0a96bdd', 0, '', NULL),
(8, 'f0d3c490-f54a-11ef-90da-9f842e684f4c', '25.671849861974735', '55.854668878018856', NULL, '', NULL, NULL, 'Unknown Location Found', '2025-03-20 09:57:58', '2025-03-20 09:57:58', 'service', 'Tyggtg', '+971501231230', 'home', 'd921ba36-60fb-4419-afe2-7ea6b0a96bdd', 1, 'Ccc', NULL),
(9, NULL, '25.66656641208268', '55.794501144861655', 'kkk', 'jjj', '555', 'jhjhh', 'vjh', '2025-03-20 09:58:06', '2025-03-20 10:01:36', 'service', 'Tyggtg', '+971501231230', 'home', '46421f8c-b324-4f2b-aca4-3bf003f9c66e', 1, 'Ccc', ''),
(10, NULL, '25.671849861974735', '55.854668878018856', '', '', '', '', 'Unknown Location Found', '2025-03-20 10:05:31', '2025-03-20 10:05:31', 'service', 'Tyggtg', '+971501231230', 'home', 'd921ba36-60fb-4419-afe2-7ea6b0a96bdd', 1, 'Ccc', ''),
(11, NULL, '25.671849861974735', '55.854668878018856', '', '', '', '', 'Unknown Location Found', '2025-03-21 06:46:34', '2025-03-21 06:46:34', 'service', 'Ffffffff', '+971581234567', 'office', 'd921ba36-60fb-4419-afe2-7ea6b0a96bdd', 1, '', ''),
(12, NULL, '25.679316939072887', '55.90369414620116', 'rak', 'rak', '00971', 'rak', '36 64D شارع - Sheikh Khalifa City - Ras Al Khaimah - United Arab Emirates', '2025-03-28 09:13:03', '2025-03-28 09:15:32', 'others', 'soud ahmed', '+971500123456', 'home', 'd921ba36-60fb-4419-afe2-7ea6b0a96bdd', 0, '', NULL),
(13, NULL, '25.67226981999999', '55.85305403999998', '', '', '', '', 'Unknown Location Found', '2025-03-28 09:24:47', '2025-03-28 09:24:47', 'others', 'soud ahmed', '+971500123456', 'home', 'd921ba36-60fb-4419-afe2-7ea6b0a96bdd', 0, '', NULL),
(14, NULL, '25.67226981999999', '55.85305403999998', '', '', '', '', 'Unknown Location Found', '2025-03-28 09:25:35', '2025-03-28 09:25:35', 'others', 'soud ahmed', '+971500123456', 'home', 'd921ba36-60fb-4419-afe2-7ea6b0a96bdd', 0, '', NULL),
(15, NULL, '25.67226981999999', '55.85305403999998', '', '', '', '', 'Unknown Location Found', '2025-03-28 09:48:26', '2025-03-28 09:48:26', 'others', 'soud ahmed', '+971500123456', 'home', 'd921ba36-60fb-4419-afe2-7ea6b0a96bdd', 0, '', NULL),
(16, NULL, '25.67226981999999', '55.85305403999998', '', '', '', '', 'Unknown Location Found', '2025-03-28 10:01:11', '2025-03-28 10:01:11', 'others', 'soud ahmed', '+971500123456', 'home', 'd921ba36-60fb-4419-afe2-7ea6b0a96bdd', 0, '', NULL),
(17, NULL, '25.326537316139067', '55.44218804687262', '', '', '', '', 'Unknown Location Found', '2025-05-12 23:06:01', '2025-05-12 23:06:01', 'others', 'Bilal yk', '+971559966344', 'home', '58df6658-2fbf-486f-a668-6df385891f16', 0, '', NULL),
(18, NULL, '25.326537316139067', '55.44218804687262', '', '', '', '', 'Unknown Location Found', '2025-05-13 00:38:16', '2025-05-13 00:38:16', 'others', 'Bilal yk', '+971559966344', 'home', '58df6658-2fbf-486f-a668-6df385891f16', 0, '', NULL),
(19, NULL, '25.326537316139067', '55.44218804687262', '', '', '', '', 'Unknown Location Found', '2025-05-13 04:09:15', '2025-05-13 04:09:15', 'others', 'Bilal yk', '+971559966344', 'home', '58df6658-2fbf-486f-a668-6df385891f16', 0, '', NULL),
(20, NULL, '33.6400475', '-5.5969814', '', '', '', '', 'Unknown Location Found', '2025-06-28 11:55:19', '2025-06-28 11:55:19', 'others', 'fouad user', '0601020305', 'home', 'a1614dbe-4732-11ee-9702-dee6e8d77be4', 0, '', NULL),
(21, NULL, '24.550696507271557', '54.300089702010155', '', '', '', '', 'Unknown Location Found', '2025-06-28 12:28:09', '2025-06-28 12:28:09', 'others', 'fouad user', '0601020306', 'home', 'a1614dbe-4732-11ee-9702-dee6e8d77be4', 0, '', NULL),
(22, NULL, '15.352200080013311', '44.20950002968311', '', '', '', '', 'Unknown Location Found', '2025-07-06 09:15:44', '2025-07-06 09:15:44', 'others', 'abr show', '+967773721011', 'home', 'a1614dbe-4732-11ee-9702-dee6e8d77be4', 0, '', NULL),
(23, NULL, '15.352200080013311', '44.20950002968311', '', '', '', '', 'Unknown Location Found', '2025-07-06 11:03:37', '2025-07-06 11:03:37', 'others', 'abr show', '+967773721011', 'home', 'a1614dbe-4732-11ee-9702-dee6e8d77be4', 0, '', NULL),
(24, NULL, '15.352200080013311', '44.20950002968311', '', '', '', '', 'Unknown Location Found', '2025-07-06 11:42:40', '2025-07-06 11:42:40', 'others', 'abr show', '+967773721011', 'home', 'a1614dbe-4732-11ee-9702-dee6e8d77be4', 0, '', NULL),
(25, NULL, '15.3522', '44.2095', '', '', '', '', 'Unknown Location Found', '2025-07-06 11:53:11', '2025-07-06 11:53:11', 'others', 'abr show', '+967773721011', 'home', 'a1614dbe-4732-11ee-9702-dee6e8d77be4', 0, '', NULL),
(26, NULL, '15.3522', '44.2095', '', '', '', '', 'Unknown Location Found', '2025-07-06 12:28:43', '2025-07-06 12:28:43', 'others', 'abr show', '+967773721011', 'home', 'a1614dbe-4732-11ee-9702-dee6e8d77be4', 0, '', NULL),
(27, '03b98442-3ee8-40ee-80ba-23712b14a80f', '15.352200080013311', '44.20950002968311', NULL, '', NULL, NULL, 'Unknown Location Found', '2025-07-10 07:26:36', '2025-07-10 07:26:36', 'service', 'ااا', '+967773721011', 'others', 'a1614dbe-4732-11ee-9702-dee6e8d77be4', 0, NULL, NULL),
(28, NULL, '33.6400475', '-5.5969814', '', '', '', '', 'Unknown Location Found', '2025-07-23 07:06:16', '2025-07-23 07:06:16', 'others', 'fouad user', '0601020305', 'home', 'a1614dbe-4732-11ee-9702-dee6e8d77be4', 0, '', NULL);

-- --------------------------------------------------------

--
-- Table structure for table `user_zones`
--

CREATE TABLE `user_zones` (
  `id` bigint UNSIGNED NOT NULL,
  `user_id` char(36) COLLATE utf8mb4_unicode_ci DEFAULT NULL,
  `zone_id` char(36) COLLATE utf8mb4_unicode_ci DEFAULT NULL,
  `created_at` timestamp NULL DEFAULT NULL,
  `updated_at` timestamp NULL DEFAULT NULL
) ENGINE=InnoDB DEFAULT CHARSET=utf8mb4 COLLATE=utf8mb4_unicode_ci;

--
-- Dumping data for table `user_zones`
--

INSERT INTO `user_zones` (`id`, `user_id`, `zone_id`, `created_at`, `updated_at`) VALUES
(2, 'cf5a82c2-59d4-434f-91cc-147743ee3e9a', '111d0870-bb04-47b3-a5b2-42be4eaf7c9c', NULL, NULL),
(3, '2d69016c-ca73-4481-86e6-b504d3c57cb1', 'a1614dbe-4732-11ee-9702-dee6e8d77be4', NULL, NULL),
(4, '9a797ec3-984a-444a-a4be-b86bd6224d8b', '111d0870-bb04-47b3-a5b2-42be4eaf7c9c', NULL, NULL),
(5, '5c6c683b-3a4b-4d1f-9d94-1ca6b6636446', '58df6658-2fbf-486f-a668-6df385891f16', NULL, NULL),
(6, 'fe775649-8563-4364-9332-a825f006cfec', 'd921ba36-60fb-4419-afe2-7ea6b0a96bdd', NULL, NULL),
(7, '3bfe09c9-152f-456a-9386-a7809a37ffd5', '58df6658-2fbf-486f-a668-6df385891f16', NULL, NULL),
(8, '86c492da-a2ec-45d5-b3f3-efb895dacacc', 'a1614dbe-4732-11ee-9702-dee6e8d77be4', NULL, NULL),
(9, '5f9f07b6-3246-470f-b4ca-020daae2d59a', '111d0870-bb04-47b3-a5b2-42be4eaf7c9c', NULL, NULL);

-- --------------------------------------------------------

--
-- Table structure for table `variations`
--

CREATE TABLE `variations` (
  `id` bigint UNSIGNED NOT NULL,
  `variant` varchar(191) COLLATE utf8mb4_unicode_ci DEFAULT NULL,
  `variant_key` varchar(191) COLLATE utf8mb4_unicode_ci NOT NULL,
  `service_id` char(36) COLLATE utf8mb4_unicode_ci NOT NULL,
  `zone_id` char(36) COLLATE utf8mb4_unicode_ci NOT NULL,
  `price` decimal(24,3) NOT NULL DEFAULT '0.000',
  `created_at` timestamp NULL DEFAULT NULL,
  `updated_at` timestamp NULL DEFAULT NULL
) ENGINE=InnoDB DEFAULT CHARSET=utf8mb4 COLLATE=utf8mb4_unicode_ci;

--
-- Dumping data for table `variations`
--

INSERT INTO `variations` (`id`, `variant`, `variant_key`, `service_id`, `zone_id`, `price`, `created_at`, `updated_at`) VALUES
(47, 'غسيل-بالبخار', 'غسيل-بالبخار', '58428e58-56ad-4f00-a46c-24f2b303d98e', 'd921ba36-60fb-4419-afe2-7ea6b0a96bdd', 150.000, '2025-02-22 18:25:16', '2025-02-22 18:25:16'),
(48, 'غسيل-بالبخار', 'غسيل-بالبخار', '58428e58-56ad-4f00-a46c-24f2b303d98e', 'c0725c23-3179-461d-8161-21864a20af6d', 150.000, '2025-02-22 18:25:16', '2025-02-22 18:25:16'),
(49, 'غسيل-بالبخار', 'غسيل-بالبخار', '58428e58-56ad-4f00-a46c-24f2b303d98e', '51fa86d6-e59f-416d-aea2-ceadddbe44fb', 150.000, '2025-02-22 18:25:16', '2025-02-22 18:25:16'),
(50, 'غسيل-بالبخار', 'غسيل-بالبخار', '58428e58-56ad-4f00-a46c-24f2b303d98e', '0815a742-5b1b-4e83-b49d-ae43074acce5', 150.000, '2025-02-22 18:25:16', '2025-02-22 18:25:16'),
(51, 'غسيل-بالبخار', 'غسيل-بالبخار', '58428e58-56ad-4f00-a46c-24f2b303d98e', '46421f8c-b324-4f2b-aca4-3bf003f9c66e', 150.000, '2025-02-22 18:25:16', '2025-02-22 18:25:16'),
(52, 'غسيل-بالبخار', 'غسيل-بالبخار', '58428e58-56ad-4f00-a46c-24f2b303d98e', '2cfc9e00-ee4c-444f-a3aa-82a9c7bef16b', 150.000, '2025-02-22 18:25:16', '2025-02-22 18:25:16'),
(53, 'غسيل-بالبخار', 'غسيل-بالبخار', '58428e58-56ad-4f00-a46c-24f2b303d98e', '111d0870-bb04-47b3-a5b2-42be4eaf7c9c', 150.000, '2025-02-22 18:25:16', '2025-02-22 18:25:16'),
(54, 'غسيل-بالبخار', 'غسيل-بالبخار', '58428e58-56ad-4f00-a46c-24f2b303d98e', '58df6658-2fbf-486f-a668-6df385891f16', 150.000, '2025-02-22 18:25:16', '2025-02-22 18:25:16'),
(55, 'غسيل-بالبخار', 'غسيل-بالبخار', '58428e58-56ad-4f00-a46c-24f2b303d98e', 'a1614dbe-4732-11ee-9702-dee6e8d77be4', 150.000, '2025-02-22 18:25:16', '2025-02-22 18:25:16'),
(56, 'غسيل-داخلي', 'غسيل-داخلي', '58428e58-56ad-4f00-a46c-24f2b303d98e', 'd921ba36-60fb-4419-afe2-7ea6b0a96bdd', 45.000, '2025-02-22 18:25:16', '2025-02-22 18:25:16'),
(57, 'غسيل-داخلي', 'غسيل-داخلي', '58428e58-56ad-4f00-a46c-24f2b303d98e', 'c0725c23-3179-461d-8161-21864a20af6d', 45.000, '2025-02-22 18:25:16', '2025-02-22 18:25:16'),
(58, 'غسيل-داخلي', 'غسيل-داخلي', '58428e58-56ad-4f00-a46c-24f2b303d98e', '51fa86d6-e59f-416d-aea2-ceadddbe44fb', 45.000, '2025-02-22 18:25:16', '2025-02-22 18:25:16'),
(59, 'غسيل-داخلي', 'غسيل-داخلي', '58428e58-56ad-4f00-a46c-24f2b303d98e', '0815a742-5b1b-4e83-b49d-ae43074acce5', 45.000, '2025-02-22 18:25:16', '2025-02-22 18:25:16'),
(60, 'غسيل-داخلي', 'غسيل-داخلي', '58428e58-56ad-4f00-a46c-24f2b303d98e', '46421f8c-b324-4f2b-aca4-3bf003f9c66e', 45.000, '2025-02-22 18:25:16', '2025-02-22 18:25:16'),
(61, 'غسيل-داخلي', 'غسيل-داخلي', '58428e58-56ad-4f00-a46c-24f2b303d98e', '2cfc9e00-ee4c-444f-a3aa-82a9c7bef16b', 45.000, '2025-02-22 18:25:16', '2025-02-22 18:25:16'),
(62, 'غسيل-داخلي', 'غسيل-داخلي', '58428e58-56ad-4f00-a46c-24f2b303d98e', '111d0870-bb04-47b3-a5b2-42be4eaf7c9c', 45.000, '2025-02-22 18:25:16', '2025-02-22 18:25:16'),
(63, 'غسيل-داخلي', 'غسيل-داخلي', '58428e58-56ad-4f00-a46c-24f2b303d98e', '58df6658-2fbf-486f-a668-6df385891f16', 45.000, '2025-02-22 18:25:16', '2025-02-22 18:25:16'),
(64, 'غسيل-داخلي', 'غسيل-داخلي', '58428e58-56ad-4f00-a46c-24f2b303d98e', 'a1614dbe-4732-11ee-9702-dee6e8d77be4', 45.000, '2025-02-22 18:25:16', '2025-02-22 18:25:16'),
(65, 'غسيل-خارجي', 'غسيل-خارجي', '58428e58-56ad-4f00-a46c-24f2b303d98e', 'd921ba36-60fb-4419-afe2-7ea6b0a96bdd', 64.000, '2025-02-22 18:25:16', '2025-02-22 18:25:16'),
(66, 'غسيل-خارجي', 'غسيل-خارجي', '58428e58-56ad-4f00-a46c-24f2b303d98e', 'c0725c23-3179-461d-8161-21864a20af6d', 64.000, '2025-02-22 18:25:16', '2025-02-22 18:25:16'),
(67, 'غسيل-خارجي', 'غسيل-خارجي', '58428e58-56ad-4f00-a46c-24f2b303d98e', '51fa86d6-e59f-416d-aea2-ceadddbe44fb', 64.000, '2025-02-22 18:25:16', '2025-02-22 18:25:16'),
(68, 'غسيل-خارجي', 'غسيل-خارجي', '58428e58-56ad-4f00-a46c-24f2b303d98e', '0815a742-5b1b-4e83-b49d-ae43074acce5', 64.000, '2025-02-22 18:25:16', '2025-02-22 18:25:16'),
(69, 'غسيل-خارجي', 'غسيل-خارجي', '58428e58-56ad-4f00-a46c-24f2b303d98e', '46421f8c-b324-4f2b-aca4-3bf003f9c66e', 64.000, '2025-02-22 18:25:16', '2025-02-22 18:25:16'),
(70, 'غسيل-خارجي', 'غسيل-خارجي', '58428e58-56ad-4f00-a46c-24f2b303d98e', '2cfc9e00-ee4c-444f-a3aa-82a9c7bef16b', 64.000, '2025-02-22 18:25:16', '2025-02-22 18:25:16'),
(71, 'غسيل-خارجي', 'غسيل-خارجي', '58428e58-56ad-4f00-a46c-24f2b303d98e', '111d0870-bb04-47b3-a5b2-42be4eaf7c9c', 64.000, '2025-02-22 18:25:16', '2025-02-22 18:25:16'),
(72, 'غسيل-خارجي', 'غسيل-خارجي', '58428e58-56ad-4f00-a46c-24f2b303d98e', '58df6658-2fbf-486f-a668-6df385891f16', 64.000, '2025-02-22 18:25:16', '2025-02-22 18:25:16'),
(73, 'غسيل-خارجي', 'غسيل-خارجي', '58428e58-56ad-4f00-a46c-24f2b303d98e', 'a1614dbe-4732-11ee-9702-dee6e8d77be4', 64.000, '2025-02-22 18:25:16', '2025-02-22 18:25:16'),
(74, 'كوي بخار', 'كوي-بخار', '090fdf33-b560-4fa2-9696-5e3324e67f6f', 'd921ba36-60fb-4419-afe2-7ea6b0a96bdd', 3.000, '2025-02-22 18:52:42', '2025-02-22 18:52:42'),
(75, 'كوي بخار', 'كوي-بخار', '090fdf33-b560-4fa2-9696-5e3324e67f6f', 'c0725c23-3179-461d-8161-21864a20af6d', 3.000, '2025-02-22 18:52:42', '2025-02-22 18:52:42'),
(76, 'كوي بخار', 'كوي-بخار', '090fdf33-b560-4fa2-9696-5e3324e67f6f', '51fa86d6-e59f-416d-aea2-ceadddbe44fb', 3.000, '2025-02-22 18:52:42', '2025-02-22 18:52:42'),
(77, 'كوي بخار', 'كوي-بخار', '090fdf33-b560-4fa2-9696-5e3324e67f6f', '0815a742-5b1b-4e83-b49d-ae43074acce5', 3.000, '2025-02-22 18:52:42', '2025-02-22 18:52:42'),
(78, 'كوي بخار', 'كوي-بخار', '090fdf33-b560-4fa2-9696-5e3324e67f6f', '46421f8c-b324-4f2b-aca4-3bf003f9c66e', 3.000, '2025-02-22 18:52:42', '2025-02-22 18:52:42'),
(79, 'كوي بخار', 'كوي-بخار', '090fdf33-b560-4fa2-9696-5e3324e67f6f', '2cfc9e00-ee4c-444f-a3aa-82a9c7bef16b', 3.000, '2025-02-22 18:52:42', '2025-02-22 18:52:42'),
(80, 'كوي بخار', 'كوي-بخار', '090fdf33-b560-4fa2-9696-5e3324e67f6f', '111d0870-bb04-47b3-a5b2-42be4eaf7c9c', 3.000, '2025-02-22 18:52:42', '2025-02-22 18:52:42'),
(81, 'كوي بخار', 'كوي-بخار', '090fdf33-b560-4fa2-9696-5e3324e67f6f', '58df6658-2fbf-486f-a668-6df385891f16', 3.000, '2025-02-22 18:52:42', '2025-02-22 18:52:42'),
(82, 'كوي بخار', 'كوي-بخار', '090fdf33-b560-4fa2-9696-5e3324e67f6f', 'a1614dbe-4732-11ee-9702-dee6e8d77be4', 3.000, '2025-02-22 18:52:42', '2025-02-22 18:52:42'),
(83, 'كوي مستعجل', 'كوي-مستعجل', '090fdf33-b560-4fa2-9696-5e3324e67f6f', 'd921ba36-60fb-4419-afe2-7ea6b0a96bdd', 5.000, '2025-02-22 18:52:42', '2025-02-22 18:52:42'),
(84, 'كوي مستعجل', 'كوي-مستعجل', '090fdf33-b560-4fa2-9696-5e3324e67f6f', 'c0725c23-3179-461d-8161-21864a20af6d', 5.000, '2025-02-22 18:52:42', '2025-02-22 18:52:42'),
(85, 'كوي مستعجل', 'كوي-مستعجل', '090fdf33-b560-4fa2-9696-5e3324e67f6f', '51fa86d6-e59f-416d-aea2-ceadddbe44fb', 5.000, '2025-02-22 18:52:42', '2025-02-22 18:52:42'),
(86, 'كوي مستعجل', 'كوي-مستعجل', '090fdf33-b560-4fa2-9696-5e3324e67f6f', '0815a742-5b1b-4e83-b49d-ae43074acce5', 5.000, '2025-02-22 18:52:42', '2025-02-22 18:52:42'),
(87, 'كوي مستعجل', 'كوي-مستعجل', '090fdf33-b560-4fa2-9696-5e3324e67f6f', '46421f8c-b324-4f2b-aca4-3bf003f9c66e', 5.000, '2025-02-22 18:52:42', '2025-02-22 18:52:42'),
(88, 'كوي مستعجل', 'كوي-مستعجل', '090fdf33-b560-4fa2-9696-5e3324e67f6f', '2cfc9e00-ee4c-444f-a3aa-82a9c7bef16b', 5.000, '2025-02-22 18:52:42', '2025-02-22 18:52:42'),
(89, 'كوي مستعجل', 'كوي-مستعجل', '090fdf33-b560-4fa2-9696-5e3324e67f6f', '111d0870-bb04-47b3-a5b2-42be4eaf7c9c', 5.000, '2025-02-22 18:52:42', '2025-02-22 18:52:42'),
(90, 'كوي مستعجل', 'كوي-مستعجل', '090fdf33-b560-4fa2-9696-5e3324e67f6f', '58df6658-2fbf-486f-a668-6df385891f16', 5.000, '2025-02-22 18:52:42', '2025-02-22 18:52:42'),
(91, 'كوي مستعجل', 'كوي-مستعجل', '090fdf33-b560-4fa2-9696-5e3324e67f6f', 'a1614dbe-4732-11ee-9702-dee6e8d77be4', 5.000, '2025-02-22 18:52:42', '2025-02-22 18:52:42'),
(128, 'lll', 'lll', '3d7a0f69-b31f-4683-b907-3944623fc895', 'd921ba36-60fb-4419-afe2-7ea6b0a96bdd', 50.000, '2025-03-10 14:15:40', '2025-03-10 14:15:40'),
(129, 'lll', 'lll', '3d7a0f69-b31f-4683-b907-3944623fc895', 'c0725c23-3179-461d-8161-21864a20af6d', 50.000, '2025-03-10 14:15:40', '2025-03-10 14:15:40'),
(130, 'lll', 'lll', '3d7a0f69-b31f-4683-b907-3944623fc895', '51fa86d6-e59f-416d-aea2-ceadddbe44fb', 50.000, '2025-03-10 14:15:40', '2025-03-10 14:15:40'),
(131, 'lll', 'lll', '3d7a0f69-b31f-4683-b907-3944623fc895', '0815a742-5b1b-4e83-b49d-ae43074acce5', 50.000, '2025-03-10 14:15:40', '2025-03-10 14:15:40'),
(132, 'lll', 'lll', '3d7a0f69-b31f-4683-b907-3944623fc895', '46421f8c-b324-4f2b-aca4-3bf003f9c66e', 50.000, '2025-03-10 14:15:40', '2025-03-10 14:15:40'),
(133, 'lll', 'lll', '3d7a0f69-b31f-4683-b907-3944623fc895', '2cfc9e00-ee4c-444f-a3aa-82a9c7bef16b', 50.000, '2025-03-10 14:15:40', '2025-03-10 14:15:40'),
(134, 'lll', 'lll', '3d7a0f69-b31f-4683-b907-3944623fc895', '111d0870-bb04-47b3-a5b2-42be4eaf7c9c', 50.000, '2025-03-10 14:15:40', '2025-03-10 14:15:40'),
(135, 'lll', 'lll', '3d7a0f69-b31f-4683-b907-3944623fc895', '58df6658-2fbf-486f-a668-6df385891f16', 50.000, '2025-03-10 14:15:40', '2025-03-10 14:15:40'),
(136, 'lll', 'lll', '3d7a0f69-b31f-4683-b907-3944623fc895', 'a1614dbe-4732-11ee-9702-dee6e8d77be4', 50.000, '2025-03-10 14:15:40', '2025-03-10 14:15:40'),
(137, '1', '1', 'd63f1198-d6e1-4294-b1b4-758dc5f9047a', 'd921ba36-60fb-4419-afe2-7ea6b0a96bdd', 10.000, '2025-03-20 10:04:33', '2025-03-20 10:04:33'),
(138, '1', '1', 'd63f1198-d6e1-4294-b1b4-758dc5f9047a', 'c0725c23-3179-461d-8161-21864a20af6d', 10.000, '2025-03-20 10:04:33', '2025-03-20 10:04:33'),
(139, '1', '1', 'd63f1198-d6e1-4294-b1b4-758dc5f9047a', '51fa86d6-e59f-416d-aea2-ceadddbe44fb', 10.000, '2025-03-20 10:04:33', '2025-03-20 10:04:33'),
(140, '1', '1', 'd63f1198-d6e1-4294-b1b4-758dc5f9047a', '0815a742-5b1b-4e83-b49d-ae43074acce5', 10.000, '2025-03-20 10:04:33', '2025-03-20 10:04:33'),
(141, '1', '1', 'd63f1198-d6e1-4294-b1b4-758dc5f9047a', '46421f8c-b324-4f2b-aca4-3bf003f9c66e', 10.000, '2025-03-20 10:04:33', '2025-03-20 10:04:33'),
(142, '1', '1', 'd63f1198-d6e1-4294-b1b4-758dc5f9047a', '2cfc9e00-ee4c-444f-a3aa-82a9c7bef16b', 10.000, '2025-03-20 10:04:33', '2025-03-20 10:04:33'),
(143, '1', '1', 'd63f1198-d6e1-4294-b1b4-758dc5f9047a', '111d0870-bb04-47b3-a5b2-42be4eaf7c9c', 10.000, '2025-03-20 10:04:33', '2025-03-20 10:04:33'),
(144, '1', '1', 'd63f1198-d6e1-4294-b1b4-758dc5f9047a', '58df6658-2fbf-486f-a668-6df385891f16', 10.000, '2025-03-20 10:04:33', '2025-03-20 10:04:33'),
(145, '1', '1', 'd63f1198-d6e1-4294-b1b4-758dc5f9047a', 'a1614dbe-4732-11ee-9702-dee6e8d77be4', 10.000, '2025-03-20 10:04:33', '2025-03-20 10:04:33'),
(146, 'variation', 'variation', '6426e869-8125-4c22-8b0d-bb56cb84edf6', '0815a742-5b1b-4e83-b49d-ae43074acce5', 155.000, '2025-03-21 10:49:09', '2025-03-21 10:49:09'),
(147, 'variation', 'variation', 'a397b315-e8ae-4b70-a740-5cbce8241f87', '0815a742-5b1b-4e83-b49d-ae43074acce5', 155.000, '2025-03-25 10:28:08', '2025-03-25 10:28:08'),
(149, 'variation', 'variation', '5c4cc95b-e426-47c3-b670-3a4857b87f86', '0815a742-5b1b-4e83-b49d-ae43074acce5', 155.000, '2025-03-26 14:28:17', '2025-03-26 14:28:17'),
(150, 'variation', 'variation', 'c1a30469-7b42-4ddc-ada8-d463a86f3130', '0815a742-5b1b-4e83-b49d-ae43074acce5', 155.000, '2025-03-26 14:32:30', '2025-03-26 14:32:30'),
(151, 'variation', 'variation', '19c739d4-6ef6-454e-a899-43f2831118a6', '0815a742-5b1b-4e83-b49d-ae43074acce5', 155.000, '2025-03-28 09:59:02', '2025-03-28 09:59:02'),
(163, 'variation1', 'variation1', '0955f250-b0c2-4d6f-af3a-90a8ca523aca', 'd921ba36-60fb-4419-afe2-7ea6b0a96bdd', 50.000, '2025-04-25 22:24:18', '2025-04-25 22:24:18'),
(164, 'variation1', 'variation1', '0955f250-b0c2-4d6f-af3a-90a8ca523aca', 'c0725c23-3179-461d-8161-21864a20af6d', 50.000, '2025-04-25 22:24:18', '2025-04-25 22:24:18'),
(165, 'variation1', 'variation1', '0955f250-b0c2-4d6f-af3a-90a8ca523aca', '51fa86d6-e59f-416d-aea2-ceadddbe44fb', 50.000, '2025-04-25 22:24:18', '2025-04-25 22:24:18'),
(166, 'variation1', 'variation1', '0955f250-b0c2-4d6f-af3a-90a8ca523aca', '0815a742-5b1b-4e83-b49d-ae43074acce5', 50.000, '2025-04-25 22:24:18', '2025-04-25 22:24:18'),
(167, 'variation1', 'variation1', '0955f250-b0c2-4d6f-af3a-90a8ca523aca', '46421f8c-b324-4f2b-aca4-3bf003f9c66e', 50.000, '2025-04-25 22:24:18', '2025-04-25 22:24:18'),
(168, 'variation1', 'variation1', '0955f250-b0c2-4d6f-af3a-90a8ca523aca', '2cfc9e00-ee4c-444f-a3aa-82a9c7bef16b', 50.000, '2025-04-25 22:24:18', '2025-04-25 22:24:18'),
(169, 'variation1', 'variation1', '0955f250-b0c2-4d6f-af3a-90a8ca523aca', '111d0870-bb04-47b3-a5b2-42be4eaf7c9c', 50.000, '2025-04-25 22:24:18', '2025-04-25 22:24:18'),
(170, 'variation1', 'variation1', '0955f250-b0c2-4d6f-af3a-90a8ca523aca', '58df6658-2fbf-486f-a668-6df385891f16', 50.000, '2025-04-25 22:24:18', '2025-04-25 22:24:18'),
(171, 'variation1', 'variation1', '0955f250-b0c2-4d6f-af3a-90a8ca523aca', 'a1614dbe-4732-11ee-9702-dee6e8d77be4', 100.000, '2025-04-25 22:24:18', '2025-04-25 22:24:18'),
(181, 'variation', 'variation', 'ce3d0b09-569e-41e1-beeb-ca74bdbd0a81', '0815a742-5b1b-4e83-b49d-ae43074acce5', 50.000, '2025-05-01 16:01:30', '2025-05-01 16:01:30'),
(182, 'variation', 'variation', 'ce3d0b09-569e-41e1-beeb-ca74bdbd0a81', '111d0870-bb04-47b3-a5b2-42be4eaf7c9c', 50.000, '2025-05-01 16:01:30', '2025-05-01 16:01:30'),
(183, 'variation', 'variation', 'ce3d0b09-569e-41e1-beeb-ca74bdbd0a81', '2cfc9e00-ee4c-444f-a3aa-82a9c7bef16b', 50.000, '2025-05-01 16:01:30', '2025-05-01 16:01:30'),
(184, 'variation', 'variation', 'ce3d0b09-569e-41e1-beeb-ca74bdbd0a81', '46421f8c-b324-4f2b-aca4-3bf003f9c66e', 50.000, '2025-05-01 16:01:30', '2025-05-01 16:01:30'),
(185, 'variation', 'variation', 'ce3d0b09-569e-41e1-beeb-ca74bdbd0a81', '51fa86d6-e59f-416d-aea2-ceadddbe44fb', 50.000, '2025-05-01 16:01:30', '2025-05-01 16:01:30'),
(187, 'variation', 'variation', 'ce3d0b09-569e-41e1-beeb-ca74bdbd0a81', 'a1614dbe-4732-11ee-9702-dee6e8d77be4', 50.000, '2025-05-01 16:01:30', '2025-05-01 16:01:30'),
(188, 'variation', 'variation', 'ce3d0b09-569e-41e1-beeb-ca74bdbd0a81', 'c0725c23-3179-461d-8161-21864a20af6d', 50.000, '2025-05-01 16:01:30', '2025-05-01 16:01:30'),
(189, 'variation', 'variation', 'ce3d0b09-569e-41e1-beeb-ca74bdbd0a81', 'd921ba36-60fb-4419-afe2-7ea6b0a96bdd', 50.000, '2025-05-01 16:01:30', '2025-05-01 16:01:30'),
(190, 'variation', 'variation', 'f2d710aa-772c-4d51-8293-35509b3b552c', '0815a742-5b1b-4e83-b49d-ae43074acce5', 155.000, '2025-05-09 10:21:49', '2025-05-09 10:21:49'),
(192, 'variation', 'variation', 'e65215a9-57ad-46cb-b20f-db1b22078de6', '0815a742-5b1b-4e83-b49d-ae43074acce5', 55.000, '2025-05-09 11:03:56', '2025-05-09 11:03:56'),
(193, 'variation', 'variation', 'e65215a9-57ad-46cb-b20f-db1b22078de6', '111d0870-bb04-47b3-a5b2-42be4eaf7c9c', 55.000, '2025-05-09 11:03:56', '2025-05-09 11:03:56'),
(194, 'variation', 'variation', 'e65215a9-57ad-46cb-b20f-db1b22078de6', '2cfc9e00-ee4c-444f-a3aa-82a9c7bef16b', 55.000, '2025-05-09 11:03:56', '2025-05-09 11:03:56'),
(195, 'variation', 'variation', 'e65215a9-57ad-46cb-b20f-db1b22078de6', '46421f8c-b324-4f2b-aca4-3bf003f9c66e', 55.000, '2025-05-09 11:03:56', '2025-05-09 11:03:56'),
(196, 'variation', 'variation', 'e65215a9-57ad-46cb-b20f-db1b22078de6', '51fa86d6-e59f-416d-aea2-ceadddbe44fb', 55.000, '2025-05-09 11:03:56', '2025-05-09 11:03:56'),
(197, 'variation', 'variation', 'e65215a9-57ad-46cb-b20f-db1b22078de6', '58df6658-2fbf-486f-a668-6df385891f16', 55.000, '2025-05-09 11:03:56', '2025-05-09 11:03:56'),
(198, 'variation', 'variation', 'e65215a9-57ad-46cb-b20f-db1b22078de6', 'a1614dbe-4732-11ee-9702-dee6e8d77be4', 55.000, '2025-05-09 11:03:56', '2025-05-09 11:03:56'),
(199, 'variation', 'variation', 'e65215a9-57ad-46cb-b20f-db1b22078de6', 'c0725c23-3179-461d-8161-21864a20af6d', 55.000, '2025-05-09 11:03:56', '2025-05-09 11:03:56'),
(200, 'variation', 'variation', 'e65215a9-57ad-46cb-b20f-db1b22078de6', 'd921ba36-60fb-4419-afe2-7ea6b0a96bdd', 55.000, '2025-05-09 11:03:56', '2025-05-09 11:03:56'),
(202, 'variation', 'variation', '77a71d46-ea5c-4917-9ee5-e734819a567b', '0815a742-5b1b-4e83-b49d-ae43074acce5', 85.000, '2025-05-12 04:28:16', '2025-05-12 04:28:16'),
(203, 'variation', 'variation', '77a71d46-ea5c-4917-9ee5-e734819a567b', '111d0870-bb04-47b3-a5b2-42be4eaf7c9c', 85.000, '2025-05-12 04:28:16', '2025-05-12 04:28:16'),
(204, 'variation', 'variation', '77a71d46-ea5c-4917-9ee5-e734819a567b', '2cfc9e00-ee4c-444f-a3aa-82a9c7bef16b', 85.000, '2025-05-12 04:28:16', '2025-05-12 04:28:16'),
(205, 'variation', 'variation', '77a71d46-ea5c-4917-9ee5-e734819a567b', '46421f8c-b324-4f2b-aca4-3bf003f9c66e', 85.000, '2025-05-12 04:28:16', '2025-05-12 04:28:16'),
(206, 'variation', 'variation', '77a71d46-ea5c-4917-9ee5-e734819a567b', '51fa86d6-e59f-416d-aea2-ceadddbe44fb', 85.000, '2025-05-12 04:28:16', '2025-05-12 04:28:16'),
(207, 'variation', 'variation', '77a71d46-ea5c-4917-9ee5-e734819a567b', '58df6658-2fbf-486f-a668-6df385891f16', 85.000, '2025-05-12 04:28:16', '2025-05-12 04:28:16'),
(208, 'variation', 'variation', '77a71d46-ea5c-4917-9ee5-e734819a567b', 'a1614dbe-4732-11ee-9702-dee6e8d77be4', 85.000, '2025-05-12 04:28:16', '2025-05-12 04:28:16'),
(209, 'variation', 'variation', '77a71d46-ea5c-4917-9ee5-e734819a567b', 'c0725c23-3179-461d-8161-21864a20af6d', 85.000, '2025-05-12 04:28:16', '2025-05-12 04:28:16'),
(210, 'variation', 'variation', '77a71d46-ea5c-4917-9ee5-e734819a567b', 'd921ba36-60fb-4419-afe2-7ea6b0a96bdd', 85.000, '2025-05-12 04:28:16', '2025-05-12 04:28:16'),
(211, 'variation', 'variation', 'cbfdf2c8-7a0d-4f42-927f-ed376e2a013f', '0815a742-5b1b-4e83-b49d-ae43074acce5', 80.000, '2025-05-12 07:46:50', '2025-05-12 07:46:50'),
(212, 'variation', 'variation', 'cbfdf2c8-7a0d-4f42-927f-ed376e2a013f', '111d0870-bb04-47b3-a5b2-42be4eaf7c9c', 80.000, '2025-05-12 07:46:50', '2025-05-12 07:46:50'),
(213, 'variation', 'variation', 'cbfdf2c8-7a0d-4f42-927f-ed376e2a013f', '2cfc9e00-ee4c-444f-a3aa-82a9c7bef16b', 80.000, '2025-05-12 07:46:50', '2025-05-12 07:46:50'),
(214, 'variation', 'variation', 'cbfdf2c8-7a0d-4f42-927f-ed376e2a013f', '46421f8c-b324-4f2b-aca4-3bf003f9c66e', 80.000, '2025-05-12 07:46:50', '2025-05-12 07:46:50'),
(215, 'variation', 'variation', 'cbfdf2c8-7a0d-4f42-927f-ed376e2a013f', '51fa86d6-e59f-416d-aea2-ceadddbe44fb', 80.000, '2025-05-12 07:46:50', '2025-05-12 07:46:50'),
(216, 'variation', 'variation', 'cbfdf2c8-7a0d-4f42-927f-ed376e2a013f', '58df6658-2fbf-486f-a668-6df385891f16', 80.000, '2025-05-12 07:46:50', '2025-05-12 07:46:50'),
(217, 'variation', 'variation', 'cbfdf2c8-7a0d-4f42-927f-ed376e2a013f', 'a1614dbe-4732-11ee-9702-dee6e8d77be4', 80.000, '2025-05-12 07:46:50', '2025-05-12 07:46:50'),
(218, 'variation', 'variation', 'cbfdf2c8-7a0d-4f42-927f-ed376e2a013f', 'c0725c23-3179-461d-8161-21864a20af6d', 80.000, '2025-05-12 07:46:50', '2025-05-12 07:46:50'),
(219, 'variation', 'variation', 'cbfdf2c8-7a0d-4f42-927f-ed376e2a013f', 'd921ba36-60fb-4419-afe2-7ea6b0a96bdd', 80.000, '2025-05-12 07:46:50', '2025-05-12 07:46:50'),
(220, 'type1', 'type1', '2bef9a77-a2ac-4ea0-b43c-515cfb5277af', 'd921ba36-60fb-4419-afe2-7ea6b0a96bdd', 100.000, '2025-05-13 12:05:30', '2025-05-13 12:05:30'),
(221, 'type1', 'type1', '2bef9a77-a2ac-4ea0-b43c-515cfb5277af', 'c0725c23-3179-461d-8161-21864a20af6d', 100.000, '2025-05-13 12:05:30', '2025-05-13 12:05:30'),
(222, 'type1', 'type1', '2bef9a77-a2ac-4ea0-b43c-515cfb5277af', '51fa86d6-e59f-416d-aea2-ceadddbe44fb', 100.000, '2025-05-13 12:05:30', '2025-05-13 12:05:30'),
(223, 'type1', 'type1', '2bef9a77-a2ac-4ea0-b43c-515cfb5277af', '0815a742-5b1b-4e83-b49d-ae43074acce5', 100.000, '2025-05-13 12:05:30', '2025-05-13 12:05:30'),
(224, 'type1', 'type1', '2bef9a77-a2ac-4ea0-b43c-515cfb5277af', '46421f8c-b324-4f2b-aca4-3bf003f9c66e', 100.000, '2025-05-13 12:05:30', '2025-05-13 12:05:30'),
(225, 'type1', 'type1', '2bef9a77-a2ac-4ea0-b43c-515cfb5277af', '2cfc9e00-ee4c-444f-a3aa-82a9c7bef16b', 100.000, '2025-05-13 12:05:30', '2025-05-13 12:05:30'),
(226, 'type1', 'type1', '2bef9a77-a2ac-4ea0-b43c-515cfb5277af', '111d0870-bb04-47b3-a5b2-42be4eaf7c9c', 100.000, '2025-05-13 12:05:30', '2025-05-13 12:05:30'),
(227, 'type1', 'type1', '2bef9a77-a2ac-4ea0-b43c-515cfb5277af', '58df6658-2fbf-486f-a668-6df385891f16', 100.000, '2025-05-13 12:05:30', '2025-05-13 12:05:30'),
(228, 'type1', 'type1', '2bef9a77-a2ac-4ea0-b43c-515cfb5277af', 'a1614dbe-4732-11ee-9702-dee6e8d77be4', 100.000, '2025-05-13 12:05:30', '2025-05-13 12:05:30'),
(229, 'الخدمة-الأولى', 'الخدمة-الأولى', '8fb3ecc0-18ae-4050-864f-5a87bc9021a3', 'd921ba36-60fb-4419-afe2-7ea6b0a96bdd', 140.000, '2025-06-28 08:47:17', '2025-06-28 08:47:17'),
(230, 'الخدمة-الأولى', 'الخدمة-الأولى', '8fb3ecc0-18ae-4050-864f-5a87bc9021a3', 'c0725c23-3179-461d-8161-21864a20af6d', 140.000, '2025-06-28 08:47:17', '2025-06-28 08:47:17'),
(231, 'الخدمة-الأولى', 'الخدمة-الأولى', '8fb3ecc0-18ae-4050-864f-5a87bc9021a3', '51fa86d6-e59f-416d-aea2-ceadddbe44fb', 140.000, '2025-06-28 08:47:17', '2025-06-28 08:47:17'),
(232, 'الخدمة-الأولى', 'الخدمة-الأولى', '8fb3ecc0-18ae-4050-864f-5a87bc9021a3', '0815a742-5b1b-4e83-b49d-ae43074acce5', 140.000, '2025-06-28 08:47:17', '2025-06-28 08:47:17'),
(233, 'الخدمة-الأولى', 'الخدمة-الأولى', '8fb3ecc0-18ae-4050-864f-5a87bc9021a3', '46421f8c-b324-4f2b-aca4-3bf003f9c66e', 140.000, '2025-06-28 08:47:17', '2025-06-28 08:47:17'),
(234, 'الخدمة-الأولى', 'الخدمة-الأولى', '8fb3ecc0-18ae-4050-864f-5a87bc9021a3', '2cfc9e00-ee4c-444f-a3aa-82a9c7bef16b', 140.000, '2025-06-28 08:47:17', '2025-06-28 08:47:17'),
(235, 'الخدمة-الأولى', 'الخدمة-الأولى', '8fb3ecc0-18ae-4050-864f-5a87bc9021a3', '111d0870-bb04-47b3-a5b2-42be4eaf7c9c', 140.000, '2025-06-28 08:47:17', '2025-06-28 08:47:17'),
(236, 'الخدمة-الأولى', 'الخدمة-الأولى', '8fb3ecc0-18ae-4050-864f-5a87bc9021a3', '58df6658-2fbf-486f-a668-6df385891f16', 140.000, '2025-06-28 08:47:17', '2025-06-28 08:47:17'),
(237, 'الخدمة-الأولى', 'الخدمة-الأولى', '8fb3ecc0-18ae-4050-864f-5a87bc9021a3', 'a1614dbe-4732-11ee-9702-dee6e8d77be4', 140.000, '2025-06-28 08:47:17', '2025-06-28 08:47:17'),
(238, 'الخدمة-2', 'الخدمة-2', '8fb3ecc0-18ae-4050-864f-5a87bc9021a3', 'd921ba36-60fb-4419-afe2-7ea6b0a96bdd', 150.000, '2025-06-28 08:47:17', '2025-06-28 08:47:17'),
(239, 'الخدمة-2', 'الخدمة-2', '8fb3ecc0-18ae-4050-864f-5a87bc9021a3', 'c0725c23-3179-461d-8161-21864a20af6d', 150.000, '2025-06-28 08:47:17', '2025-06-28 08:47:17'),
(240, 'الخدمة-2', 'الخدمة-2', '8fb3ecc0-18ae-4050-864f-5a87bc9021a3', '51fa86d6-e59f-416d-aea2-ceadddbe44fb', 150.000, '2025-06-28 08:47:17', '2025-06-28 08:47:17'),
(241, 'الخدمة-2', 'الخدمة-2', '8fb3ecc0-18ae-4050-864f-5a87bc9021a3', '0815a742-5b1b-4e83-b49d-ae43074acce5', 150.000, '2025-06-28 08:47:17', '2025-06-28 08:47:17'),
(242, 'الخدمة-2', 'الخدمة-2', '8fb3ecc0-18ae-4050-864f-5a87bc9021a3', '46421f8c-b324-4f2b-aca4-3bf003f9c66e', 150.000, '2025-06-28 08:47:17', '2025-06-28 08:47:17'),
(243, 'الخدمة-2', 'الخدمة-2', '8fb3ecc0-18ae-4050-864f-5a87bc9021a3', '2cfc9e00-ee4c-444f-a3aa-82a9c7bef16b', 150.000, '2025-06-28 08:47:17', '2025-06-28 08:47:17'),
(244, 'الخدمة-2', 'الخدمة-2', '8fb3ecc0-18ae-4050-864f-5a87bc9021a3', '111d0870-bb04-47b3-a5b2-42be4eaf7c9c', 150.000, '2025-06-28 08:47:17', '2025-06-28 08:47:17'),
(245, 'الخدمة-2', 'الخدمة-2', '8fb3ecc0-18ae-4050-864f-5a87bc9021a3', '58df6658-2fbf-486f-a668-6df385891f16', 150.000, '2025-06-28 08:47:17', '2025-06-28 08:47:17'),
(246, 'الخدمة-2', 'الخدمة-2', '8fb3ecc0-18ae-4050-864f-5a87bc9021a3', 'a1614dbe-4732-11ee-9702-dee6e8d77be4', 150.000, '2025-06-28 08:47:17', '2025-06-28 08:47:17'),
(247, 'الإختيار-3', 'الإختيار-3', '8fb3ecc0-18ae-4050-864f-5a87bc9021a3', 'd921ba36-60fb-4419-afe2-7ea6b0a96bdd', 160.000, '2025-06-28 08:47:17', '2025-06-28 08:47:17'),
(248, 'الإختيار-3', 'الإختيار-3', '8fb3ecc0-18ae-4050-864f-5a87bc9021a3', 'c0725c23-3179-461d-8161-21864a20af6d', 160.000, '2025-06-28 08:47:17', '2025-06-28 08:47:17'),
(249, 'الإختيار-3', 'الإختيار-3', '8fb3ecc0-18ae-4050-864f-5a87bc9021a3', '51fa86d6-e59f-416d-aea2-ceadddbe44fb', 160.000, '2025-06-28 08:47:17', '2025-06-28 08:47:17'),
(250, 'الإختيار-3', 'الإختيار-3', '8fb3ecc0-18ae-4050-864f-5a87bc9021a3', '0815a742-5b1b-4e83-b49d-ae43074acce5', 160.000, '2025-06-28 08:47:17', '2025-06-28 08:47:17'),
(251, 'الإختيار-3', 'الإختيار-3', '8fb3ecc0-18ae-4050-864f-5a87bc9021a3', '46421f8c-b324-4f2b-aca4-3bf003f9c66e', 160.000, '2025-06-28 08:47:17', '2025-06-28 08:47:17'),
(252, 'الإختيار-3', 'الإختيار-3', '8fb3ecc0-18ae-4050-864f-5a87bc9021a3', '2cfc9e00-ee4c-444f-a3aa-82a9c7bef16b', 160.000, '2025-06-28 08:47:17', '2025-06-28 08:47:17'),
(253, 'الإختيار-3', 'الإختيار-3', '8fb3ecc0-18ae-4050-864f-5a87bc9021a3', '111d0870-bb04-47b3-a5b2-42be4eaf7c9c', 160.000, '2025-06-28 08:47:17', '2025-06-28 08:47:17'),
(254, 'الإختيار-3', 'الإختيار-3', '8fb3ecc0-18ae-4050-864f-5a87bc9021a3', '58df6658-2fbf-486f-a668-6df385891f16', 160.000, '2025-06-28 08:47:17', '2025-06-28 08:47:17'),
(255, 'الإختيار-3', 'الإختيار-3', '8fb3ecc0-18ae-4050-864f-5a87bc9021a3', 'a1614dbe-4732-11ee-9702-dee6e8d77be4', 160.000, '2025-06-28 08:47:17', '2025-06-28 08:47:17');

-- --------------------------------------------------------

--
-- Table structure for table `visited_services`
--

CREATE TABLE `visited_services` (
  `id` bigint UNSIGNED NOT NULL,
  `user_id` char(36) COLLATE utf8mb4_unicode_ci NOT NULL,
  `service_id` char(36) COLLATE utf8mb4_unicode_ci NOT NULL,
  `count` int NOT NULL DEFAULT '0',
  `created_at` timestamp NULL DEFAULT NULL,
  `updated_at` timestamp NULL DEFAULT NULL
) ENGINE=InnoDB DEFAULT CHARSET=utf8mb4 COLLATE=utf8mb4_unicode_ci;

--
-- Dumping data for table `visited_services`
--

INSERT INTO `visited_services` (`id`, `user_id`, `service_id`, `count`, `created_at`, `updated_at`) VALUES
(1, '51f3abfc-a451-47a5-ba06-6961edb546a3', '58428e58-56ad-4f00-a46c-24f2b303d98e', 4, '2025-02-22 17:25:38', '2025-02-22 18:54:42'),
(2, '51f3abfc-a451-47a5-ba06-6961edb546a3', '090fdf33-b560-4fa2-9696-5e3324e67f6f', 1, '2025-02-22 18:55:02', '2025-02-22 18:55:02'),
(3, '5061a8c2-5e46-43ec-ab67-1465874c2932', '58428e58-56ad-4f00-a46c-24f2b303d98e', 4, '2025-03-15 09:49:25', '2025-03-15 10:06:35'),
(4, '5061a8c2-5e46-43ec-ab67-1465874c2932', '090fdf33-b560-4fa2-9696-5e3324e67f6f', 3, '2025-03-15 09:56:34', '2025-03-15 09:58:06'),
(5, '66fd43e6-4359-42d4-96b9-48442340b696', '8fb3ecc0-18ae-4050-864f-5a87bc9021a3', 1, '2025-03-28 10:00:33', '2025-03-28 10:00:33'),
(6, '66fd43e6-4359-42d4-96b9-48442340b696', 'c1a30469-7b42-4ddc-ada8-d463a86f3130', 2, '2025-03-28 10:16:24', '2025-03-28 10:17:06'),
(7, 'c1332b5d-d1b6-47ab-a941-f8b6d98315b6', '0955f250-b0c2-4d6f-af3a-90a8ca523aca', 2, '2025-05-11 00:05:40', '2025-05-13 04:08:55'),
(8, 'c1332b5d-d1b6-47ab-a941-f8b6d98315b6', '77a71d46-ea5c-4917-9ee5-e734819a567b', 2, '2025-05-12 04:30:23', '2025-05-13 00:37:54'),
(9, 'c1332b5d-d1b6-47ab-a941-f8b6d98315b6', 'cbfdf2c8-7a0d-4f42-927f-ed376e2a013f', 4, '2025-05-12 07:49:21', '2025-05-12 23:05:03'),
(10, '00c20be3-105d-4e1c-a100-6e0e4f2c5df7', '0955f250-b0c2-4d6f-af3a-90a8ca523aca', 1, '2025-06-28 09:44:38', '2025-06-28 09:44:38'),
(11, '00c20be3-105d-4e1c-a100-6e0e4f2c5df7', '19c739d4-6ef6-454e-a899-43f2831118a6', 1, '2025-06-28 11:46:32', '2025-06-28 11:46:32'),
(12, 'e481d139-3705-4e1f-8c28-7a27dfce1de9', '19c739d4-6ef6-454e-a899-43f2831118a6', 1, '2025-06-28 11:54:12', '2025-06-28 11:54:12'),
(13, 'e481d139-3705-4e1f-8c28-7a27dfce1de9', '0955f250-b0c2-4d6f-af3a-90a8ca523aca', 2, '2025-06-28 11:54:22', '2025-07-06 10:44:31'),
(14, '03b98442-3ee8-40ee-80ba-23712b14a80f', '0955f250-b0c2-4d6f-af3a-90a8ca523aca', 1, '2025-07-06 08:10:22', '2025-07-06 08:10:22'),
(15, '03b98442-3ee8-40ee-80ba-23712b14a80f', '19c739d4-6ef6-454e-a899-43f2831118a6', 1, '2025-07-06 08:18:49', '2025-07-06 08:18:49'),
(16, 'c0e6ce6e-44cb-42c4-9504-f41df862db7a', '0955f250-b0c2-4d6f-af3a-90a8ca523aca', 1, '2025-07-10 05:09:03', '2025-07-10 05:09:03');

-- --------------------------------------------------------

--
-- Table structure for table `withdrawal_methods`
--

CREATE TABLE `withdrawal_methods` (
  `id` char(36) COLLATE utf8mb4_unicode_ci NOT NULL,
  `method_name` varchar(255) COLLATE utf8mb4_unicode_ci NOT NULL,
  `method_fields` text COLLATE utf8mb4_unicode_ci NOT NULL,
  `is_default` tinyint(1) NOT NULL DEFAULT '0',
  `is_active` tinyint(1) NOT NULL DEFAULT '1',
  `created_at` timestamp NULL DEFAULT NULL,
  `updated_at` timestamp NULL DEFAULT NULL
) ENGINE=InnoDB DEFAULT CHARSET=utf8mb4 COLLATE=utf8mb4_unicode_ci;

-- --------------------------------------------------------

--
-- Table structure for table `withdraw_requests`
--

CREATE TABLE `withdraw_requests` (
  `id` char(36) COLLATE utf8mb4_unicode_ci NOT NULL,
  `user_id` char(36) COLLATE utf8mb4_unicode_ci DEFAULT NULL,
  `request_updated_by` char(36) COLLATE utf8mb4_unicode_ci DEFAULT NULL,
  `amount` decimal(24,2) NOT NULL DEFAULT '0.00',
  `request_status` varchar(255) COLLATE utf8mb4_unicode_ci NOT NULL DEFAULT 'pending',
  `created_at` timestamp NULL DEFAULT NULL,
  `updated_at` timestamp NULL DEFAULT NULL,
  `is_paid` tinyint(1) NOT NULL DEFAULT '0',
  `note` varchar(255) COLLATE utf8mb4_unicode_ci DEFAULT NULL,
  `admin_note` varchar(255) COLLATE utf8mb4_unicode_ci DEFAULT NULL,
  `withdrawal_method_id` char(36) COLLATE utf8mb4_unicode_ci DEFAULT NULL,
  `withdrawal_method_fields` text COLLATE utf8mb4_unicode_ci
) ENGINE=InnoDB DEFAULT CHARSET=utf8mb4 COLLATE=utf8mb4_unicode_ci;

-- --------------------------------------------------------

--
-- Table structure for table `zones`
--

CREATE TABLE `zones` (
  `id` char(36) COLLATE utf8mb4_unicode_ci NOT NULL,
  `name` varchar(255) COLLATE utf8mb4_unicode_ci NOT NULL,
  `coordinates` polygon DEFAULT NULL,
  `is_active` tinyint(1) NOT NULL DEFAULT '1',
  `created_at` timestamp NULL DEFAULT NULL,
  `updated_at` timestamp NULL DEFAULT NULL
) ENGINE=InnoDB DEFAULT CHARSET=utf8mb4 COLLATE=utf8mb4_unicode_ci;

--
-- Dumping data for table `zones`
--

INSERT INTO `zones` (`id`, `name`, `coordinates`, `is_active`, `created_at`, `updated_at`) VALUES
('0815a742-5b1b-4e83-b49d-ae43074acce5', 'Ajman', 0x[BLOB], 1, '2025-02-21 13:31:12', '2025-02-21 13:31:12'),
('111d0870-bb04-47b3-a5b2-42be4eaf7c9c', 'Dubai', 0x[BLOB], 1, '2025-02-21 13:26:43', '2025-02-21 13:26:43'),
('2cfc9e00-ee4c-444f-a3aa-82a9c7bef16b', 'Abu Dhabi', 0x[BLOB], 1, '2025-02-21 13:28:19', '2025-02-21 13:28:19'),
('46421f8c-b324-4f2b-aca4-3bf003f9c66e', 'Al Ain', 0x[BLOB], 1, '2025-02-21 13:29:44', '2025-02-21 13:29:44'),
('51fa86d6-e59f-416d-aea2-ceadddbe44fb', 'Umm Al Quwain', 0x000000000103000000010000000600000023896b5075ce4b40bfa256e60475394000896b50efbd4b4058bc85efe284394000896b5007d34b406c1e59837fa6394000896b5047de4b40e51153e2b1a2394023896b509df14b40b5f193265982394023896b5075ce4b40bfa256e604753940, 1, '2025-02-21 13:32:58', '2025-02-21 13:32:58'),
('58df6658-2fbf-486f-a668-6df385891f16', 'Sharjah', 0x[BLOB], 1, '2025-02-21 13:25:07', '2025-02-21 13:25:07'),
('a1614dbe-4732-11ee-9702-dee6e8d77be4', 'All over the World', 0x[BLOB], 1, '2023-08-30 12:41:41', '2023-08-30 12:41:41'),
('c0725c23-3179-461d-8161-21864a20af6d', 'Fujairah', 0x[BLOB], 1, '2025-02-21 13:34:01', '2025-02-21 13:34:01'),
('d921ba36-60fb-4419-afe2-7ea6b0a96bdd', 'Ras Al Khaimah', 0x[BLOB], 1, '2025-02-21 13:34:52', '2025-02-21 13:34:52');

--
-- Indexes for dumped tables
--

--
-- Indexes for table `accounts`
--
ALTER TABLE `accounts`
  ADD PRIMARY KEY (`id`);

--
-- Indexes for table `added_to_carts`
--
ALTER TABLE `added_to_carts`
  ADD PRIMARY KEY (`id`);

--
-- Indexes for table `addon_settings`
--
ALTER TABLE `addon_settings`
  ADD PRIMARY KEY (`id`),
  ADD KEY `payment_settings_id_index` (`id`);

--
-- Indexes for table `advertisements`
--
ALTER TABLE `advertisements`
  ADD PRIMARY KEY (`id`);

--
-- Indexes for table `advertisement_attachments`
--
ALTER TABLE `advertisement_attachments`
  ADD PRIMARY KEY (`id`);

--
-- Indexes for table `advertisement_notes`
--
ALTER TABLE `advertisement_notes`
  ADD PRIMARY KEY (`id`);

--
-- Indexes for table `bank_details`
--
ALTER TABLE `bank_details`
  ADD PRIMARY KEY (`id`);

--
-- Indexes for table `banners`
--
ALTER TABLE `banners`
  ADD PRIMARY KEY (`id`);

--
-- Indexes for table `bonuses`
--
ALTER TABLE `bonuses`
  ADD PRIMARY KEY (`id`);

--
-- Indexes for table `booking_details`
--
ALTER TABLE `booking_details`
  ADD PRIMARY KEY (`id`);

--
-- Indexes for table `booking_details_amounts`
--
ALTER TABLE `booking_details_amounts`
  ADD PRIMARY KEY (`id`);

--
-- Indexes for table `booking_ignores`
--
ALTER TABLE `booking_ignores`
  ADD PRIMARY KEY (`id`);

--
-- Indexes for table `booking_offline_payments`
--
ALTER TABLE `booking_offline_payments`
  ADD PRIMARY KEY (`id`);

--
-- Indexes for table `booking_partial_payments`
--
ALTER TABLE `booking_partial_payments`
  ADD PRIMARY KEY (`id`);

--
-- Indexes for table `booking_repeat_details`
--
ALTER TABLE `booking_repeat_details`
  ADD PRIMARY KEY (`id`);

--
-- Indexes for table `booking_repeat_histories`
--
ALTER TABLE `booking_repeat_histories`
  ADD PRIMARY KEY (`id`);

--
-- Indexes for table `booking_schedule_histories`
--
ALTER TABLE `booking_schedule_histories`
  ADD PRIMARY KEY (`id`);

--
-- Indexes for table `booking_status_histories`
--
ALTER TABLE `booking_status_histories`
  ADD PRIMARY KEY (`id`);

--
-- Indexes for table `business_settings`
--
ALTER TABLE `business_settings`
  ADD PRIMARY KEY (`id`);

--
-- Indexes for table `campaigns`
--
ALTER TABLE `campaigns`
  ADD PRIMARY KEY (`id`);

--
-- Indexes for table `cars`
--
ALTER TABLE `cars`
  ADD PRIMARY KEY (`id`);

--
-- Indexes for table `carts`
--
ALTER TABLE `carts`
  ADD PRIMARY KEY (`id`);

--
-- Indexes for table `categories`
--
ALTER TABLE `categories`
  ADD PRIMARY KEY (`id`);

--
-- Indexes for table `category_zone`
--
ALTER TABLE `category_zone`
  ADD PRIMARY KEY (`id`);

--
-- Indexes for table `channel_conversations`
--
ALTER TABLE `channel_conversations`
  ADD PRIMARY KEY (`id`);

--
-- Indexes for table `channel_lists`
--
ALTER TABLE `channel_lists`
  ADD PRIMARY KEY (`id`);

--
-- Indexes for table `channel_users`
--
ALTER TABLE `channel_users`
  ADD PRIMARY KEY (`id`);

--
-- Indexes for table `conversation_files`
--
ALTER TABLE `conversation_files`
  ADD PRIMARY KEY (`id`);

--
-- Indexes for table `coupons`
--
ALTER TABLE `coupons`
  ADD PRIMARY KEY (`id`);

--
-- Indexes for table `coupon_customers`
--
ALTER TABLE `coupon_customers`
  ADD PRIMARY KEY (`id`);

--
-- Indexes for table `cron_jobs`
--
ALTER TABLE `cron_jobs`
  ADD PRIMARY KEY (`id`);

--
-- Indexes for table `discounts`
--
ALTER TABLE `discounts`
  ADD PRIMARY KEY (`id`);

--
-- Indexes for table `discount_types`
--
ALTER TABLE `discount_types`
  ADD PRIMARY KEY (`id`);

--
-- Indexes for table `employee_role_accesses`
--
ALTER TABLE `employee_role_accesses`
  ADD PRIMARY KEY (`id`);

--
-- Indexes for table `employee_role_sections`
--
ALTER TABLE `employee_role_sections`
  ADD PRIMARY KEY (`id`);

--
-- Indexes for table `error_logs`
--
ALTER TABLE `error_logs`
  ADD PRIMARY KEY (`id`);

--
-- Indexes for table `faqs`
--
ALTER TABLE `faqs`
  ADD PRIMARY KEY (`id`);

--
-- Indexes for table `favorite_providers`
--
ALTER TABLE `favorite_providers`
  ADD PRIMARY KEY (`id`);

--
-- Indexes for table `favorite_services`
--
ALTER TABLE `favorite_services`
  ADD PRIMARY KEY (`id`);

--
-- Indexes for table `guests`
--
ALTER TABLE `guests`
  ADD PRIMARY KEY (`id`);

--
-- Indexes for table `ignored_posts`
--
ALTER TABLE `ignored_posts`
  ADD PRIMARY KEY (`id`);

--
-- Indexes for table `landing_page_features`
--
ALTER TABLE `landing_page_features`
  ADD PRIMARY KEY (`id`);

--
-- Indexes for table `landing_page_specialities`
--
ALTER TABLE `landing_page_specialities`
  ADD PRIMARY KEY (`id`);

--
-- Indexes for table `landing_page_testimonials`
--
ALTER TABLE `landing_page_testimonials`
  ADD PRIMARY KEY (`id`);

--
-- Indexes for table `loyalty_point_transactions`
--
ALTER TABLE `loyalty_point_transactions`
  ADD PRIMARY KEY (`id`);

--
-- Indexes for table `migrations`
--
ALTER TABLE `migrations`
  ADD PRIMARY KEY (`id`);

--
-- Indexes for table `modules`
--
ALTER TABLE `modules`
  ADD PRIMARY KEY (`id`);

--
-- Indexes for table `oauth_auth_codes`
--
ALTER TABLE `oauth_auth_codes`
  ADD PRIMARY KEY (`id`),
  ADD KEY `oauth_auth_codes_user_id_index` (`user_id`);

--
-- Indexes for table `oauth_personal_access_clients`
--
ALTER TABLE `oauth_personal_access_clients`
  ADD PRIMARY KEY (`id`);

--
-- Indexes for table `offline_payments`
--
ALTER TABLE `offline_payments`
  ADD PRIMARY KEY (`id`);

--
-- Indexes for table `package_subscribers`
--
ALTER TABLE `package_subscribers`
  ADD PRIMARY KEY (`id`);

--
-- Indexes for table `package_subscriber_features`
--
ALTER TABLE `package_subscriber_features`
  ADD PRIMARY KEY (`id`);

--
-- Indexes for table `package_subscriber_logs`
--
ALTER TABLE `package_subscriber_logs`
  ADD PRIMARY KEY (`id`);

--
-- Indexes for table `posts`
--
ALTER TABLE `posts`
  ADD PRIMARY KEY (`id`);

--
-- Indexes for table `post_additional_instructions`
--
ALTER TABLE `post_additional_instructions`
  ADD PRIMARY KEY (`id`);

--
-- Indexes for table `post_bids`
--
ALTER TABLE `post_bids`
  ADD PRIMARY KEY (`id`);

--
-- Indexes for table `providers`
--
ALTER TABLE `providers`
  ADD PRIMARY KEY (`id`);

--
-- Indexes for table `provider_notification_setups`
--
ALTER TABLE `provider_notification_setups`
  ADD PRIMARY KEY (`id`);

--
-- Indexes for table `provider_settings`
--
ALTER TABLE `provider_settings`
  ADD PRIMARY KEY (`id`);

--
-- Indexes for table `provider_sub_category`
--
ALTER TABLE `provider_sub_category`
  ADD PRIMARY KEY (`id`);

--
-- Indexes for table `push_notifications`
--
ALTER TABLE `push_notifications`
  ADD PRIMARY KEY (`id`);

--
-- Indexes for table `push_notification_users`
--
ALTER TABLE `push_notification_users`
  ADD PRIMARY KEY (`id`);

--
-- Indexes for table `recent_searches`
--
ALTER TABLE `recent_searches`
  ADD PRIMARY KEY (`id`);

--
-- Indexes for table `recent_views`
--
ALTER TABLE `recent_views`
  ADD PRIMARY KEY (`id`);

--
-- Indexes for table `reviews`
--
ALTER TABLE `reviews`
  ADD PRIMARY KEY (`id`);

--
-- Indexes for table `review_replies`
--
ALTER TABLE `review_replies`
  ADD PRIMARY KEY (`id`);

--
-- Indexes for table `roles`
--
ALTER TABLE `roles`
  ADD PRIMARY KEY (`id`);

--
-- Indexes for table `role_accesses`
--
ALTER TABLE `role_accesses`
  ADD PRIMARY KEY (`id`);

--
-- Indexes for table `searched_data`
--
ALTER TABLE `searched_data`
  ADD PRIMARY KEY (`id`);

--
-- Indexes for table `seo_settings`
--
ALTER TABLE `seo_settings`
  ADD PRIMARY KEY (`id`);

--
-- Indexes for table `servicemen`
--
ALTER TABLE `servicemen`
  ADD PRIMARY KEY (`id`);

--
-- Indexes for table `services`
--
ALTER TABLE `services`
  ADD PRIMARY KEY (`id`);

--
-- Indexes for table `service_requests`
--
ALTER TABLE `service_requests`
  ADD PRIMARY KEY (`id`);

--
-- Indexes for table `service_tag`
--
ALTER TABLE `service_tag`
  ADD PRIMARY KEY (`id`);

--
-- Indexes for table `storages`
--
ALTER TABLE `storages`
  ADD PRIMARY KEY (`id`),
  ADD KEY `storages_model_id_index` (`model_id`),
  ADD KEY `storages_model_column_index` (`model_column`);

--
-- Indexes for table `subscribed_services`
--
ALTER TABLE `subscribed_services`
  ADD PRIMARY KEY (`id`);

--
-- Indexes for table `subscription_booking_types`
--
ALTER TABLE `subscription_booking_types`
  ADD PRIMARY KEY (`id`);

--
-- Indexes for table `subscription_packages`
--
ALTER TABLE `subscription_packages`
  ADD PRIMARY KEY (`id`);

--
-- Indexes for table `subscription_package_features`
--
ALTER TABLE `subscription_package_features`
  ADD PRIMARY KEY (`id`);

--
-- Indexes for table `subscription_subscriber_bookings`
--
ALTER TABLE `subscription_subscriber_bookings`
  ADD PRIMARY KEY (`id`);

--
-- Indexes for table `tags`
--
ALTER TABLE `tags`
  ADD PRIMARY KEY (`id`);

--
-- Indexes for table `transactions`
--
ALTER TABLE `transactions`
  ADD PRIMARY KEY (`id`);

--
-- Indexes for table `user_addresses`
--
ALTER TABLE `user_addresses`
  ADD PRIMARY KEY (`id`);

--
-- Indexes for table `user_zones`
--
ALTER TABLE `user_zones`
  ADD PRIMARY KEY (`id`);

--
-- Indexes for table `variations`
--
ALTER TABLE `variations`
  ADD PRIMARY KEY (`id`);

--
-- Indexes for table `visited_services`
--
ALTER TABLE `visited_services`
  ADD PRIMARY KEY (`id`);

--
-- Indexes for table `withdrawal_methods`
--
ALTER TABLE `withdrawal_methods`
  ADD PRIMARY KEY (`id`);

--
-- Indexes for table `withdraw_requests`
--
ALTER TABLE `withdraw_requests`
  ADD PRIMARY KEY (`id`);

--
-- Indexes for table `zones`
--
ALTER TABLE `zones`
  ADD PRIMARY KEY (`id`),
  ADD UNIQUE KEY `zones_name_unique` (`name`);

--
-- AUTO_INCREMENT for dumped tables
--

--
-- AUTO_INCREMENT for table `added_to_carts`
--
ALTER TABLE `added_to_carts`
  MODIFY `id` bigint UNSIGNED NOT NULL AUTO_INCREMENT, AUTO_INCREMENT=22;

--
-- AUTO_INCREMENT for table `booking_details`
--
ALTER TABLE `booking_details`
  MODIFY `id` bigint UNSIGNED NOT NULL AUTO_INCREMENT, AUTO_INCREMENT=32;

--
-- AUTO_INCREMENT for table `booking_ignores`
--
ALTER TABLE `booking_ignores`
  MODIFY `id` bigint UNSIGNED NOT NULL AUTO_INCREMENT;

--
-- AUTO_INCREMENT for table `booking_repeat_histories`
--
ALTER TABLE `booking_repeat_histories`
  MODIFY `id` bigint UNSIGNED NOT NULL AUTO_INCREMENT;

--
-- AUTO_INCREMENT for table `booking_schedule_histories`
--
ALTER TABLE `booking_schedule_histories`
  MODIFY `id` bigint UNSIGNED NOT NULL AUTO_INCREMENT, AUTO_INCREMENT=27;

--
-- AUTO_INCREMENT for table `booking_status_histories`
--
ALTER TABLE `booking_status_histories`
  MODIFY `id` bigint UNSIGNED NOT NULL AUTO_INCREMENT, AUTO_INCREMENT=37;

--
-- AUTO_INCREMENT for table `category_zone`
--
ALTER TABLE `category_zone`
  MODIFY `id` bigint UNSIGNED NOT NULL AUTO_INCREMENT, AUTO_INCREMENT=75;

--
-- AUTO_INCREMENT for table `cron_jobs`
--
ALTER TABLE `cron_jobs`
  MODIFY `id` bigint UNSIGNED NOT NULL AUTO_INCREMENT, AUTO_INCREMENT=4;

--
-- AUTO_INCREMENT for table `discount_types`
--
ALTER TABLE `discount_types`
  MODIFY `id` bigint UNSIGNED NOT NULL AUTO_INCREMENT, AUTO_INCREMENT=71;

--
-- AUTO_INCREMENT for table `employee_role_accesses`
--
ALTER TABLE `employee_role_accesses`
  MODIFY `id` bigint UNSIGNED NOT NULL AUTO_INCREMENT;

--
-- AUTO_INCREMENT for table `employee_role_sections`
--
ALTER TABLE `employee_role_sections`
  MODIFY `id` bigint UNSIGNED NOT NULL AUTO_INCREMENT;

--
-- AUTO_INCREMENT for table `favorite_providers`
--
ALTER TABLE `favorite_providers`
  MODIFY `id` bigint UNSIGNED NOT NULL AUTO_INCREMENT;

--
-- AUTO_INCREMENT for table `favorite_services`
--
ALTER TABLE `favorite_services`
  MODIFY `id` bigint UNSIGNED NOT NULL AUTO_INCREMENT, AUTO_INCREMENT=2;

--
-- AUTO_INCREMENT for table `migrations`
--
ALTER TABLE `migrations`
  MODIFY `id` int UNSIGNED NOT NULL AUTO_INCREMENT, AUTO_INCREMENT=210;

--
-- AUTO_INCREMENT for table `oauth_personal_access_clients`
--
ALTER TABLE `oauth_personal_access_clients`
  MODIFY `id` bigint UNSIGNED NOT NULL AUTO_INCREMENT, AUTO_INCREMENT=2;

--
-- AUTO_INCREMENT for table `provider_notification_setups`
--
ALTER TABLE `provider_notification_setups`
  MODIFY `id` bigint UNSIGNED NOT NULL AUTO_INCREMENT;

--
-- AUTO_INCREMENT for table `provider_sub_category`
--
ALTER TABLE `provider_sub_category`
  MODIFY `id` bigint UNSIGNED NOT NULL AUTO_INCREMENT, AUTO_INCREMENT=5;

--
-- AUTO_INCREMENT for table `role_accesses`
--
ALTER TABLE `role_accesses`
  MODIFY `id` bigint UNSIGNED NOT NULL AUTO_INCREMENT;

--
-- AUTO_INCREMENT for table `service_tag`
--
ALTER TABLE `service_tag`
  MODIFY `id` bigint UNSIGNED NOT NULL AUTO_INCREMENT, AUTO_INCREMENT=6;

--
-- AUTO_INCREMENT for table `subscription_booking_types`
--
ALTER TABLE `subscription_booking_types`
  MODIFY `id` bigint UNSIGNED NOT NULL AUTO_INCREMENT, AUTO_INCREMENT=6;

--
-- AUTO_INCREMENT for table `subscription_subscriber_bookings`
--
ALTER TABLE `subscription_subscriber_bookings`
  MODIFY `id` bigint UNSIGNED NOT NULL AUTO_INCREMENT, AUTO_INCREMENT=10;

--
-- AUTO_INCREMENT for table `tags`
--
ALTER TABLE `tags`
  MODIFY `id` bigint UNSIGNED NOT NULL AUTO_INCREMENT, AUTO_INCREMENT=6;

--
-- AUTO_INCREMENT for table `user_addresses`
--
ALTER TABLE `user_addresses`
  MODIFY `id` bigint UNSIGNED NOT NULL AUTO_INCREMENT, AUTO_INCREMENT=29;

--
-- AUTO_INCREMENT for table `user_zones`
--
ALTER TABLE `user_zones`
  MODIFY `id` bigint UNSIGNED NOT NULL AUTO_INCREMENT, AUTO_INCREMENT=10;

--
-- AUTO_INCREMENT for table `variations`
--
ALTER TABLE `variations`
  MODIFY `id` bigint UNSIGNED NOT NULL AUTO_INCREMENT, AUTO_INCREMENT=256;

--
-- AUTO_INCREMENT for table `visited_services`
--
ALTER TABLE `visited_services`
  MODIFY `id` bigint UNSIGNED NOT NULL AUTO_INCREMENT, AUTO_INCREMENT=17;
COMMIT;

